{"id":2846,"date":"2018-09-30T04:13:06","date_gmt":"2018-09-30T07:13:06","guid":{"rendered":"https:\/\/www.guiagratis.com.br\/?page_id=2846"},"modified":"2018-09-30T04:13:06","modified_gmt":"2018-09-30T07:13:06","slug":"wallpapers-gratis","status":"publish","type":"page","link":"https:\/\/www.guiagratis.com.br\/index.php\/wallpapers-gratis\/","title":{"rendered":"Wallpapers Gr\u00e1tis"},"content":{"rendered":"<p style=\"text-align: justify;\"><img loading=\"lazy\" decoding=\"async\" class=\"size-medium wp-image-4340 alignleft\" src=\"http:\/\/guiagratis.com.br\/wp-content\/uploads\/2018\/10\/wallpapers-gratis-1-300x158.jpg\" alt=\"wallpapers gratis\" width=\"300\" height=\"158\" \/>Voc\u00ea quer deixar seu desktop ou seu smartphone de cara nova ? Abaixo listamos alguns sites que oferecem fotos e imagens para voc\u00ea utilizar como wallpaper. Estamos pesquisando novos sites e em breve teremos muitas novidades nesta se\u00e7\u00e3o, aguarde e confira sempre os novos sites que listamos.<\/p>\n<h2 style=\"text-align: justify;\">HeBus<\/h2>\n<p style=\"text-align: justify;\">Sem d\u00favida um dos maiores sites de wallpapers gr\u00e1tis na Internet. S\u00e3o milhares de imagens dispon\u00edveis para quem quer personalizar sua \u00e1rea de trabalho ou seu smartphone. O site \u00e9 em franc\u00eas, mas n\u00e3o se preocupe se voc\u00ea n\u00e3o domina o idioma, no canto superior h\u00e1 um link para\u00a0selecionar ingl\u00eas.<\/p>\n<p style=\"text-align: justify;\"><a href=\"https:\/\/www.hebus.com\/\" target=\"_blank\" rel=\"noopener noreferrer\">https:\/\/www.hebus.com\/<\/a><\/p>\n<h2 style=\"text-align: justify;\">Wallpaper Awesome<\/h2>\n<p style=\"text-align: justify;\">Grande site de wallpapers gr\u00e1tis para computadores, tablets e smartphones. Milhares de imagens nas mais diversas resolu\u00e7\u00f5es. Para smartphones tem se\u00e7\u00f5es dedicadas a iPhone, Galaxy, Lumia, BlackBerry e v\u00e1rios outros. Inclui ainda imagens full HD.<\/p>\n<p style=\"text-align: justify;\"><a href=\"http:\/\/www.wallpaperawesome.com\/\" target=\"_blank\" rel=\"noopener noreferrer\">http:\/\/www.wallpaperawesome.com<\/a><\/p>\n<h2 style=\"text-align: justify;\">Desktop Pictures<\/h2>\n<p style=\"text-align: justify;\">Wallpapers gr\u00e1tis classificados por temas. Entre as categorias encontramos natureza, paisagens e abstratos. As imagens s\u00e3o oferecidas em m\u00faltiplas resolu\u00e7\u00f5es de v\u00eddeo. Cole\u00e7\u00e3o n\u00e3o muito grande e o site tamb\u00e9m n\u00e3o \u00e9 atualizado com muita frequente, mas s\u00e3o belas imagens.<\/p>\n<p style=\"text-align: justify;\"><a title=\"Desktop Pictures\" href=\"http:\/\/www.desktoppictures.com\" target=\"_blank\" rel=\"noopener noreferrer\">http:\/\/www.desktoppictures.com<\/a><\/p>\n<h2 style=\"text-align: justify;\">uwphoto.net<\/h2>\n<p style=\"text-align: justify;\">Site de wallpapers gr\u00e1tis mantido por Jim Christensen, fot\u00f3grafo premiado, especializado em captar a beleza da vida submarina e a natureza em geral.<\/p>\n<p><a title=\"uwphoto.net\" href=\"http:\/\/www.uwphoto.net\" target=\"_blank\" rel=\"noopener noreferrer\">http:\/\/www.uwphoto.net<\/a><\/p>\n<h2 style=\"text-align: justify;\">S\u00f3 Papel de Parede Gr\u00e1tis<\/h2>\n<p style=\"text-align: justify;\">Site especializado em wallpapers para smartphones. Dividido em categorias que incluem animais, datas comemorativas, games, paisagens e muitas outras mais. O conte\u00fado do site \u00e9 constru\u00eddo de forma colaborativa, se voc\u00ea desejar poder\u00e1 divulgar os wallpapers de sua pr\u00f3pria cria\u00e7\u00e3o l\u00e1.<\/p>\n<p style=\"text-align: justify;\"><a href=\"https:\/\/www.sopapeldeparede.com.br\/\">https:\/\/www.sopapeldeparede.com.br\/<\/a><\/p>\n","protected":false},"excerpt":{"rendered":"<p>Voc\u00ea quer deixar seu desktop ou seu smartphone de cara nova ? Abaixo listamos alguns sites que oferecem fotos e imagens para voc\u00ea utilizar como wallpaper. Estamos pesquisando novos sites e em breve teremos muitas novidades nesta se\u00e7\u00e3o, aguarde e confira sempre os novos sites que listamos. HeBus Sem d\u00favida um dos maiores sites de &hellip; <\/p>\n","protected":false},"author":2,"featured_media":0,"parent":0,"menu_order":0,"comment_status":"closed","ping_status":"closed","template":"","meta":{"footnotes":""},"class_list":["post-2846","page","type-page","status-publish","hentry","entry"],"yoast_head":"<!-- This site is optimized with the Yoast SEO plugin v27.5 - https:\/\/yoast.com\/product\/yoast-seo-wordpress\/ -->\n<title>Wallpapers Gr\u00e1tis - Guia Gr\u00e1tis - guia de servi\u00e7os gr\u00e1tis<\/title>\n<meta name=\"description\" content=\"Quer mudar o visual de seu desktop ou smartphone? Aqui n\u00f3s listamos alguns sites que oferecem fotos e imagens para voc\u00ea utilizar como wallpapers gr\u00e1tis.\" \/>\n<meta name=\"robots\" content=\"index, follow, max-snippet:-1, max-image-preview:large, max-video-preview:-1\" \/>\n<link rel=\"canonical\" href=\"https:\/\/www.guiagratis.com.br\/index.php\/wallpapers-gratis\/\" \/>\n<meta property=\"og:locale\" content=\"pt_BR\" \/>\n<meta property=\"og:type\" content=\"article\" \/>\n<meta property=\"og:title\" content=\"Wallpapers Gr\u00e1tis - Guia Gr\u00e1tis - guia de servi\u00e7os gr\u00e1tis\" \/>\n<meta property=\"og:description\" content=\"Quer mudar o visual de seu desktop ou smartphone? Aqui n\u00f3s listamos alguns sites que oferecem fotos e imagens para voc\u00ea utilizar como wallpapers gr\u00e1tis.\" \/>\n<meta property=\"og:url\" content=\"https:\/\/www.guiagratis.com.br\/index.php\/wallpapers-gratis\/\" \/>\n<meta property=\"og:site_name\" content=\"Guia Gr\u00e1tis - guia de servi\u00e7os gr\u00e1tis\" \/>\n<meta property=\"article:publisher\" content=\"https:\/\/www.facebook.com\/guiagratis\" \/>\n<meta property=\"og:image\" content=\"http:\/\/guiagratis.com.br\/wp-content\/uploads\/2018\/10\/wallpapers-gratis-1-300x158.jpg\" \/>\n<meta name=\"twitter:card\" content=\"summary_large_image\" \/>\n<meta name=\"twitter:site\" content=\"@siteguiagratis\" \/>\n<meta name=\"twitter:label1\" content=\"Est. tempo de leitura\" \/>\n\t<meta name=\"twitter:data1\" content=\"1 minuto\" \/>\n<script type=\"application\/ld+json\" class=\"yoast-schema-graph\">{\"@context\":\"https:\\\/\\\/schema.org\",\"@graph\":[{\"@type\":\"WebPage\",\"@id\":\"https:\\\/\\\/www.guiagratis.com.br\\\/index.php\\\/wallpapers-gratis\\\/\",\"url\":\"https:\\\/\\\/www.guiagratis.com.br\\\/index.php\\\/wallpapers-gratis\\\/\",\"name\":\"Wallpapers Gr\u00e1tis - Guia Gr\u00e1tis - guia de servi\u00e7os gr\u00e1tis\",\"isPartOf\":{\"@id\":\"https:\\\/\\\/www.guiagratis.com.br\\\/#website\"},\"primaryImageOfPage\":{\"@id\":\"https:\\\/\\\/www.guiagratis.com.br\\\/index.php\\\/wallpapers-gratis\\\/#primaryimage\"},\"image\":{\"@id\":\"https:\\\/\\\/www.guiagratis.com.br\\\/index.php\\\/wallpapers-gratis\\\/#primaryimage\"},\"thumbnailUrl\":\"http:\\\/\\\/guiagratis.com.br\\\/wp-content\\\/uploads\\\/2018\\\/10\\\/wallpapers-gratis-1-300x158.jpg\",\"datePublished\":\"2018-09-30T07:13:06+00:00\",\"description\":\"Quer mudar o visual de seu desktop ou smartphone? Aqui n\u00f3s listamos alguns sites que oferecem fotos e imagens para voc\u00ea utilizar como wallpapers gr\u00e1tis.\",\"breadcrumb\":{\"@id\":\"https:\\\/\\\/www.guiagratis.com.br\\\/index.php\\\/wallpapers-gratis\\\/#breadcrumb\"},\"inLanguage\":\"pt-BR\",\"potentialAction\":[{\"@type\":\"ReadAction\",\"target\":[\"https:\\\/\\\/www.guiagratis.com.br\\\/index.php\\\/wallpapers-gratis\\\/\"]}]},{\"@type\":\"ImageObject\",\"inLanguage\":\"pt-BR\",\"@id\":\"https:\\\/\\\/www.guiagratis.com.br\\\/index.php\\\/wallpapers-gratis\\\/#primaryimage\",\"url\":\"http:\\\/\\\/guiagratis.com.br\\\/wp-content\\\/uploads\\\/2018\\\/10\\\/wallpapers-gratis-1-300x158.jpg\",\"contentUrl\":\"http:\\\/\\\/guiagratis.com.br\\\/wp-content\\\/uploads\\\/2018\\\/10\\\/wallpapers-gratis-1-300x158.jpg\"},{\"@type\":\"BreadcrumbList\",\"@id\":\"https:\\\/\\\/www.guiagratis.com.br\\\/index.php\\\/wallpapers-gratis\\\/#breadcrumb\",\"itemListElement\":[{\"@type\":\"ListItem\",\"position\":1,\"name\":\"In\u00edcio\",\"item\":\"https:\\\/\\\/www.guiagratis.com.br\\\/\"},{\"@type\":\"ListItem\",\"position\":2,\"name\":\"Wallpapers Gr\u00e1tis\"}]},{\"@type\":\"WebSite\",\"@id\":\"https:\\\/\\\/www.guiagratis.com.br\\\/#website\",\"url\":\"https:\\\/\\\/www.guiagratis.com.br\\\/\",\"name\":\"Guia Gr\u00e1tis - guia de servi\u00e7os gr\u00e1tis\",\"description\":\"\",\"publisher\":{\"@id\":\"https:\\\/\\\/www.guiagratis.com.br\\\/#organization\"},\"potentialAction\":[{\"@type\":\"SearchAction\",\"target\":{\"@type\":\"EntryPoint\",\"urlTemplate\":\"https:\\\/\\\/www.guiagratis.com.br\\\/?s={search_term_string}\"},\"query-input\":{\"@type\":\"PropertyValueSpecification\",\"valueRequired\":true,\"valueName\":\"search_term_string\"}}],\"inLanguage\":\"pt-BR\"},{\"@type\":\"Organization\",\"@id\":\"https:\\\/\\\/www.guiagratis.com.br\\\/#organization\",\"name\":\"Guia Gr\u00e1tis - guia de servi\u00e7os gr\u00e1tis\",\"url\":\"https:\\\/\\\/www.guiagratis.com.br\\\/\",\"logo\":{\"@type\":\"ImageObject\",\"inLanguage\":\"pt-BR\",\"@id\":\"https:\\\/\\\/www.guiagratis.com.br\\\/#\\\/schema\\\/logo\\\/image\\\/\",\"url\":\"https:\\\/\\\/www.guiagratis.com.br\\\/wp-content\\\/uploads\\\/2025\\\/05\\\/cropped-logo.gif\",\"contentUrl\":\"https:\\\/\\\/www.guiagratis.com.br\\\/wp-content\\\/uploads\\\/2025\\\/05\\\/cropped-logo.gif\",\"width\":175,\"height\":88,\"caption\":\"Guia Gr\u00e1tis - guia de servi\u00e7os gr\u00e1tis\"},\"image\":{\"@id\":\"https:\\\/\\\/www.guiagratis.com.br\\\/#\\\/schema\\\/logo\\\/image\\\/\"},\"sameAs\":[\"https:\\\/\\\/www.facebook.com\\\/guiagratis\",\"https:\\\/\\\/x.com\\\/siteguiagratis\"]}]}<\/script>\n<!-- \/ Yoast SEO plugin. -->","yoast_head_json":{"title":"Wallpapers Gr\u00e1tis - Guia Gr\u00e1tis - guia de servi\u00e7os gr\u00e1tis","description":"Quer mudar o visual de seu desktop ou smartphone? Aqui n\u00f3s listamos alguns sites que oferecem fotos e imagens para voc\u00ea utilizar como wallpapers gr\u00e1tis.","robots":{"index":"index","follow":"follow","max-snippet":"max-snippet:-1","max-image-preview":"max-image-preview:large","max-video-preview":"max-video-preview:-1"},"canonical":"https:\/\/www.guiagratis.com.br\/index.php\/wallpapers-gratis\/","og_locale":"pt_BR","og_type":"article","og_title":"Wallpapers Gr\u00e1tis - Guia Gr\u00e1tis - guia de servi\u00e7os gr\u00e1tis","og_description":"Quer mudar o visual de seu desktop ou smartphone? Aqui n\u00f3s listamos alguns sites que oferecem fotos e imagens para voc\u00ea utilizar como wallpapers gr\u00e1tis.","og_url":"https:\/\/www.guiagratis.com.br\/index.php\/wallpapers-gratis\/","og_site_name":"Guia Gr\u00e1tis - guia de servi\u00e7os gr\u00e1tis","article_publisher":"https:\/\/www.facebook.com\/guiagratis","og_image":[{"url":"http:\/\/guiagratis.com.br\/wp-content\/uploads\/2018\/10\/wallpapers-gratis-1-300x158.jpg","type":"","width":"","height":""}],"twitter_card":"summary_large_image","twitter_site":"@siteguiagratis","twitter_misc":{"Est. tempo de leitura":"1 minuto"},"schema":{"@context":"https:\/\/schema.org","@graph":[{"@type":"WebPage","@id":"https:\/\/www.guiagratis.com.br\/index.php\/wallpapers-gratis\/","url":"https:\/\/www.guiagratis.com.br\/index.php\/wallpapers-gratis\/","name":"Wallpapers Gr\u00e1tis - Guia Gr\u00e1tis - guia de servi\u00e7os gr\u00e1tis","isPartOf":{"@id":"https:\/\/www.guiagratis.com.br\/#website"},"primaryImageOfPage":{"@id":"https:\/\/www.guiagratis.com.br\/index.php\/wallpapers-gratis\/#primaryimage"},"image":{"@id":"https:\/\/www.guiagratis.com.br\/index.php\/wallpapers-gratis\/#primaryimage"},"thumbnailUrl":"http:\/\/guiagratis.com.br\/wp-content\/uploads\/2018\/10\/wallpapers-gratis-1-300x158.jpg","datePublished":"2018-09-30T07:13:06+00:00","description":"Quer mudar o visual de seu desktop ou smartphone? Aqui n\u00f3s listamos alguns sites que oferecem fotos e imagens para voc\u00ea utilizar como wallpapers gr\u00e1tis.","breadcrumb":{"@id":"https:\/\/www.guiagratis.com.br\/index.php\/wallpapers-gratis\/#breadcrumb"},"inLanguage":"pt-BR","potentialAction":[{"@type":"ReadAction","target":["https:\/\/www.guiagratis.com.br\/index.php\/wallpapers-gratis\/"]}]},{"@type":"ImageObject","inLanguage":"pt-BR","@id":"https:\/\/www.guiagratis.com.br\/index.php\/wallpapers-gratis\/#primaryimage","url":"http:\/\/guiagratis.com.br\/wp-content\/uploads\/2018\/10\/wallpapers-gratis-1-300x158.jpg","contentUrl":"http:\/\/guiagratis.com.br\/wp-content\/uploads\/2018\/10\/wallpapers-gratis-1-300x158.jpg"},{"@type":"BreadcrumbList","@id":"https:\/\/www.guiagratis.com.br\/index.php\/wallpapers-gratis\/#breadcrumb","itemListElement":[{"@type":"ListItem","position":1,"name":"In\u00edcio","item":"https:\/\/www.guiagratis.com.br\/"},{"@type":"ListItem","position":2,"name":"Wallpapers Gr\u00e1tis"}]},{"@type":"WebSite","@id":"https:\/\/www.guiagratis.com.br\/#website","url":"https:\/\/www.guiagratis.com.br\/","name":"Guia Gr\u00e1tis - guia de servi\u00e7os gr\u00e1tis","description":"","publisher":{"@id":"https:\/\/www.guiagratis.com.br\/#organization"},"potentialAction":[{"@type":"SearchAction","target":{"@type":"EntryPoint","urlTemplate":"https:\/\/www.guiagratis.com.br\/?s={search_term_string}"},"query-input":{"@type":"PropertyValueSpecification","valueRequired":true,"valueName":"search_term_string"}}],"inLanguage":"pt-BR"},{"@type":"Organization","@id":"https:\/\/www.guiagratis.com.br\/#organization","name":"Guia Gr\u00e1tis - guia de servi\u00e7os gr\u00e1tis","url":"https:\/\/www.guiagratis.com.br\/","logo":{"@type":"ImageObject","inLanguage":"pt-BR","@id":"https:\/\/www.guiagratis.com.br\/#\/schema\/logo\/image\/","url":"https:\/\/www.guiagratis.com.br\/wp-content\/uploads\/2025\/05\/cropped-logo.gif","contentUrl":"https:\/\/www.guiagratis.com.br\/wp-content\/uploads\/2025\/05\/cropped-logo.gif","width":175,"height":88,"caption":"Guia Gr\u00e1tis - guia de servi\u00e7os gr\u00e1tis"},"image":{"@id":"https:\/\/www.guiagratis.com.br\/#\/schema\/logo\/image\/"},"sameAs":["https:\/\/www.facebook.com\/guiagratis","https:\/\/x.com\/siteguiagratis"]}]}},"_links":{"self":[{"href":"https:\/\/www.guiagratis.com.br\/index.php\/wp-json\/wp\/v2\/pages\/2846","targetHints":{"allow":["GET"]}}],"collection":[{"href":"https:\/\/www.guiagratis.com.br\/index.php\/wp-json\/wp\/v2\/pages"}],"about":[{"href":"https:\/\/www.guiagratis.com.br\/index.php\/wp-json\/wp\/v2\/types\/page"}],"author":[{"embeddable":true,"href":"https:\/\/www.guiagratis.com.br\/index.php\/wp-json\/wp\/v2\/users\/2"}],"replies":[{"embeddable":true,"href":"https:\/\/www.guiagratis.com.br\/index.php\/wp-json\/wp\/v2\/comments?post=2846"}],"version-history":[{"count":0,"href":"https:\/\/www.guiagratis.com.br\/index.php\/wp-json\/wp\/v2\/pages\/2846\/revisions"}],"wp:attachment":[{"href":"https:\/\/www.guiagratis.com.br\/index.php\/wp-json\/wp\/v2\/media?parent=2846"}],"curies":[{"name":"wp","href":"https:\/\/api.w.org\/{rel}","templated":true}]}}