{"id":2870,"date":"2025-07-11T01:00:22","date_gmt":"2025-07-11T04:00:22","guid":{"rendered":"https:\/\/www.guiagratis.com.br\/?page_id=2870"},"modified":"2025-07-12T17:20:04","modified_gmt":"2025-07-12T20:20:04","slug":"clipart-e-gifs-gratis","status":"publish","type":"page","link":"https:\/\/www.guiagratis.com.br\/index.php\/clipart-e-gifs-gratis\/","title":{"rendered":"Clipart e Gifs Gr\u00e1tis"},"content":{"rendered":"<p style=\"text-align: justify;\"><img loading=\"lazy\" decoding=\"async\" class=\"size-medium wp-image-3994 alignleft\" src=\"http:\/\/guiagratis.com.br\/wp-content\/uploads\/2018\/07\/cliparts-e-gifs-1-300x158.jpg\" alt=\"cliparts e gifs gr\u00e1tis\" width=\"300\" height=\"158\" \/>Se voc\u00ea precisa ilustrar um trabalho os cliparts e gifs s\u00e3o \u00fateis. Nesta se\u00e7\u00e3o voc\u00ea vai encontrar os melhores sites que selecionamos para download de cliparts e gifs gr\u00e1tis para seus trabalhos, sejam eles blogs, sites ou pesquisas escolares. Estamos sempre pesquisando novos sites, se n\u00e3o encontrar o que deseja volte em alguns dias.<\/p>\n<h2 style=\"text-align: center;\"><span style=\"color: #cc3300;\">Os Preferidos de Nossa Equipe<\/span><\/h2>\n<h4 style=\"text-align: justify;\">Freepik<\/h4>\n<p style=\"text-align: justify;\">Mas de 1 milh\u00e3o de imagens vetoriais, PSD, fotos e \u00edcones gratuitos. Praticamente todo tipo de gr\u00e1fico que voc\u00ea pode precisar para seus projetos.&#8221;<\/p>\n<p style=\"text-align: justify;\"><a title=\"Freepik\" href=\"https:\/\/www.freepik.com\/\" target=\"_blank\" rel=\"noopener noreferrer\">https:\/\/www.freepik.com\/<\/a><\/p>\n<h4 style=\"text-align: justify;\">Webweaver&#8217;s Free Clipart, Vectors and Animations<\/h4>\n<p style=\"text-align: justify;\">Milhares de imagens gratuitas para voc\u00ea escolher. Al\u00e9m do menu por categoria tamb\u00e9m \u00e9 poss\u00edvel encontrar o que voc\u00ea procura usando a caixa de pesquisa.<\/p>\n<p style=\"text-align: justify;\"><a title=\"Webweaver's Free Clipart, Vectors and Animations\" href=\"https:\/\/www.webweaver.nu\/\" target=\"_blank\" rel=\"noopener noreferrer\">https:\/\/www.webweaver.nu\/<\/a><\/p>\n<h2 style=\"text-align: center;\"><span style=\"color: #cc3300;\">Outras Boas Op\u00e7\u00f5es<\/span><\/h2>\n<h4 style=\"text-align: justify;\">Animation Central<\/h4>\n<p style=\"text-align: justify;\">Clipart e gifs gr\u00e1tis categorizados, a maior parte de pequeno tamanho. O site \u00e9 cheio de pop-ups, exit windows e outros, mas mesmo assim vale a visita.<\/p>\n<p style=\"text-align: justify;\"><a title=\"Animation Central\" href=\"https:\/\/www.animation-central.com\/\" target=\"_blank\" rel=\"noopener noreferrer\">https:\/\/www.animation-central.com\/<\/a><\/p>\n<h4 style=\"text-align: justify;\">Bannerz-R-Us<\/h4>\n<p style=\"text-align: justify;\">Cole\u00e7\u00e3o de gr\u00e1ficos gr\u00e1tis e ferramentas online para customiz\u00e1-los. Banners, background sets, gifs, lines, buttons, image maps e outros.<\/p>\n<p style=\"text-align: justify;\"><a title=\"Clipart e Gifs Gr\u00e1tis - Bannerz-R-Us\" href=\"https:\/\/www.bannerzrusgraphics.com\/\" target=\"_blank\" rel=\"noopener noreferrer\">https:\/\/www.bannerzrusgraphics.com\/<\/a><\/p>\n<h4 style=\"text-align: justify;\">Cool Archive<\/h4>\n<p style=\"text-align: justify;\">Clipart e gifs gr\u00e1tis aos milhares e \u00a0nas mais diversas categorias. Oferece ainda fontes e cria\u00e7\u00e3o de logos e bot\u00f5es para seu site.<\/p>\n<p style=\"text-align: justify;\"><a title=\"Cool Archive\" href=\"http:\/\/www.coolarchive.com\/\" target=\"_blank\" rel=\"noopener noreferrer\">http:\/\/www.coolarchive.com\/<\/a><\/p>\n<h4 style=\"text-align: justify;\">Free ClipArt Now<\/h4>\n<p style=\"text-align: justify;\">Grande cole\u00e7\u00e3o de gr\u00e1ficos gratuitos de alta qualidade para uso em apresenta\u00e7\u00f5es, sites, documentos ou e-mails. Site organizado em categorias para facilitar a pesquisa.<\/p>\n<p style=\"text-align: justify;\"><a title=\"Open Clipart\" href=\"https:\/\/www.freeclipartnow.com\/\" target=\"_blank\" rel=\"noopener noreferrer\">https:\/\/www.freeclipartnow.com\/<\/a><\/p>\n<h4 style=\"text-align: justify;\">Open Clipart<\/h4>\n<p style=\"text-align: justify;\">Clipart gr\u00e1tis para uso comercial ou n\u00e3o comercial. Todos com transpar\u00eancia e com dimens\u00f5es ajust\u00e1veis para o tamanho que melhor lhe servir. O site \u00e9 colaborativo.<\/p>\n<p style=\"text-align: justify;\"><a title=\"Open Clipart\" href=\"https:\/\/openclipart.org\/\" target=\"_blank\" rel=\"noopener noreferrer\">https:\/\/openclipart.org\/<\/a><\/p>\n<h4 style=\"text-align: justify;\">T C Design<\/h4>\n<p style=\"text-align: justify;\">Boa cole\u00e7\u00e3o de clipart e gifs gr\u00e1tis ou linkware para download. Entre as categorias encontramos clipart, bot\u00f5es, texturas, avatares e wallpapers.<\/p>\n<p style=\"text-align: justify;\"><a title=\"T C Design\" href=\"https:\/\/www.tcdesign.net\/free_graphics.htm\" target=\"_blank\" rel=\"noopener noreferrer\">https:\/\/www.tcdesign.net\/free_graphics.htm<\/a><\/p>\n<h4 style=\"text-align: justify;\">Wizard of Draws<\/h4>\n<p style=\"text-align: justify;\">Especializado em clipart e gifs gr\u00e1tis no estilo cartoon, todos originais. S\u00e3o todos gratuitos para utiliza\u00e7\u00e3o n\u00e3o comercial e com excelente qualidade.<\/p>\n<p style=\"text-align: justify;\"><a title=\"Wizard of Draws\" href=\"https:\/\/www.wizardofdraws.com\/\" target=\"_blank\" rel=\"noopener noreferrer\">https:\/\/www.wizardofdraws.com\/<\/a><\/p>\n","protected":false},"excerpt":{"rendered":"<p>Se voc\u00ea precisa ilustrar um trabalho os cliparts e gifs s\u00e3o \u00fateis. Nesta se\u00e7\u00e3o voc\u00ea vai encontrar os melhores sites que selecionamos para download de cliparts e gifs gr\u00e1tis para seus trabalhos, sejam eles blogs, sites ou pesquisas escolares. Estamos sempre pesquisando novos sites, se n\u00e3o encontrar o que deseja volte em alguns dias. Os &hellip; <\/p>\n","protected":false},"author":2,"featured_media":3848,"parent":0,"menu_order":0,"comment_status":"closed","ping_status":"closed","template":"","meta":{"footnotes":""},"class_list":["post-2870","page","type-page","status-publish","has-post-thumbnail","hentry","entry"],"yoast_head":"<!-- This site is optimized with the Yoast SEO plugin v27.5 - https:\/\/yoast.com\/product\/yoast-seo-wordpress\/ -->\n<title>Clipart e Gifs Gr\u00e1tis - Guia Gr\u00e1tis - guia de servi\u00e7os gr\u00e1tis<\/title>\n<meta name=\"description\" content=\"Aqui voc\u00ea encontra os melhores sites de clipart e gifs gr\u00e1tis para seus trabalhos, sejam eles blogs, sites ou para ilustrar pesquisas escolares.\" \/>\n<meta name=\"robots\" content=\"index, follow, max-snippet:-1, max-image-preview:large, max-video-preview:-1\" \/>\n<link rel=\"canonical\" href=\"https:\/\/www.guiagratis.com.br\/index.php\/clipart-e-gifs-gratis\/\" \/>\n<meta property=\"og:locale\" content=\"pt_BR\" \/>\n<meta property=\"og:type\" content=\"article\" \/>\n<meta property=\"og:title\" content=\"Clipart e Gifs Gr\u00e1tis - Guia Gr\u00e1tis - guia de servi\u00e7os gr\u00e1tis\" \/>\n<meta property=\"og:description\" content=\"Aqui voc\u00ea encontra os melhores sites de clipart e gifs gr\u00e1tis para seus trabalhos, sejam eles blogs, sites ou para ilustrar pesquisas escolares.\" \/>\n<meta property=\"og:url\" content=\"https:\/\/www.guiagratis.com.br\/index.php\/clipart-e-gifs-gratis\/\" \/>\n<meta property=\"og:site_name\" content=\"Guia Gr\u00e1tis - guia de servi\u00e7os gr\u00e1tis\" \/>\n<meta property=\"article:publisher\" content=\"https:\/\/www.facebook.com\/guiagratis\" \/>\n<meta property=\"article:modified_time\" content=\"2025-07-12T20:20:04+00:00\" \/>\n<meta name=\"twitter:card\" content=\"summary_large_image\" \/>\n<meta name=\"twitter:site\" content=\"@siteguiagratis\" \/>\n<meta name=\"twitter:label1\" content=\"Est. tempo de leitura\" \/>\n\t<meta name=\"twitter:data1\" content=\"2 minutos\" \/>\n<script type=\"application\/ld+json\" class=\"yoast-schema-graph\">{\"@context\":\"https:\\\/\\\/schema.org\",\"@graph\":[{\"@type\":\"WebPage\",\"@id\":\"https:\\\/\\\/www.guiagratis.com.br\\\/index.php\\\/clipart-e-gifs-gratis\\\/\",\"url\":\"https:\\\/\\\/www.guiagratis.com.br\\\/index.php\\\/clipart-e-gifs-gratis\\\/\",\"name\":\"Clipart e Gifs Gr\u00e1tis - Guia Gr\u00e1tis - guia de servi\u00e7os gr\u00e1tis\",\"isPartOf\":{\"@id\":\"https:\\\/\\\/www.guiagratis.com.br\\\/#website\"},\"primaryImageOfPage\":{\"@id\":\"https:\\\/\\\/www.guiagratis.com.br\\\/index.php\\\/clipart-e-gifs-gratis\\\/#primaryimage\"},\"image\":{\"@id\":\"https:\\\/\\\/www.guiagratis.com.br\\\/index.php\\\/clipart-e-gifs-gratis\\\/#primaryimage\"},\"thumbnailUrl\":\"\",\"datePublished\":\"2025-07-11T04:00:22+00:00\",\"dateModified\":\"2025-07-12T20:20:04+00:00\",\"description\":\"Aqui voc\u00ea encontra os melhores sites de clipart e gifs gr\u00e1tis para seus trabalhos, sejam eles blogs, sites ou para ilustrar pesquisas escolares.\",\"breadcrumb\":{\"@id\":\"https:\\\/\\\/www.guiagratis.com.br\\\/index.php\\\/clipart-e-gifs-gratis\\\/#breadcrumb\"},\"inLanguage\":\"pt-BR\",\"potentialAction\":[{\"@type\":\"ReadAction\",\"target\":[\"https:\\\/\\\/www.guiagratis.com.br\\\/index.php\\\/clipart-e-gifs-gratis\\\/\"]}]},{\"@type\":\"ImageObject\",\"inLanguage\":\"pt-BR\",\"@id\":\"https:\\\/\\\/www.guiagratis.com.br\\\/index.php\\\/clipart-e-gifs-gratis\\\/#primaryimage\",\"url\":\"\",\"contentUrl\":\"\"},{\"@type\":\"BreadcrumbList\",\"@id\":\"https:\\\/\\\/www.guiagratis.com.br\\\/index.php\\\/clipart-e-gifs-gratis\\\/#breadcrumb\",\"itemListElement\":[{\"@type\":\"ListItem\",\"position\":1,\"name\":\"In\u00edcio\",\"item\":\"https:\\\/\\\/www.guiagratis.com.br\\\/\"},{\"@type\":\"ListItem\",\"position\":2,\"name\":\"Clipart e Gifs Gr\u00e1tis\"}]},{\"@type\":\"WebSite\",\"@id\":\"https:\\\/\\\/www.guiagratis.com.br\\\/#website\",\"url\":\"https:\\\/\\\/www.guiagratis.com.br\\\/\",\"name\":\"Guia Gr\u00e1tis - guia de servi\u00e7os gr\u00e1tis\",\"description\":\"\",\"publisher\":{\"@id\":\"https:\\\/\\\/www.guiagratis.com.br\\\/#organization\"},\"potentialAction\":[{\"@type\":\"SearchAction\",\"target\":{\"@type\":\"EntryPoint\",\"urlTemplate\":\"https:\\\/\\\/www.guiagratis.com.br\\\/?s={search_term_string}\"},\"query-input\":{\"@type\":\"PropertyValueSpecification\",\"valueRequired\":true,\"valueName\":\"search_term_string\"}}],\"inLanguage\":\"pt-BR\"},{\"@type\":\"Organization\",\"@id\":\"https:\\\/\\\/www.guiagratis.com.br\\\/#organization\",\"name\":\"Guia Gr\u00e1tis - guia de servi\u00e7os gr\u00e1tis\",\"url\":\"https:\\\/\\\/www.guiagratis.com.br\\\/\",\"logo\":{\"@type\":\"ImageObject\",\"inLanguage\":\"pt-BR\",\"@id\":\"https:\\\/\\\/www.guiagratis.com.br\\\/#\\\/schema\\\/logo\\\/image\\\/\",\"url\":\"https:\\\/\\\/www.guiagratis.com.br\\\/wp-content\\\/uploads\\\/2025\\\/05\\\/cropped-logo.gif\",\"contentUrl\":\"https:\\\/\\\/www.guiagratis.com.br\\\/wp-content\\\/uploads\\\/2025\\\/05\\\/cropped-logo.gif\",\"width\":175,\"height\":88,\"caption\":\"Guia Gr\u00e1tis - guia de servi\u00e7os gr\u00e1tis\"},\"image\":{\"@id\":\"https:\\\/\\\/www.guiagratis.com.br\\\/#\\\/schema\\\/logo\\\/image\\\/\"},\"sameAs\":[\"https:\\\/\\\/www.facebook.com\\\/guiagratis\",\"https:\\\/\\\/x.com\\\/siteguiagratis\"]}]}<\/script>\n<!-- \/ Yoast SEO plugin. -->","yoast_head_json":{"title":"Clipart e Gifs Gr\u00e1tis - Guia Gr\u00e1tis - guia de servi\u00e7os gr\u00e1tis","description":"Aqui voc\u00ea encontra os melhores sites de clipart e gifs gr\u00e1tis para seus trabalhos, sejam eles blogs, sites ou para ilustrar pesquisas escolares.","robots":{"index":"index","follow":"follow","max-snippet":"max-snippet:-1","max-image-preview":"max-image-preview:large","max-video-preview":"max-video-preview:-1"},"canonical":"https:\/\/www.guiagratis.com.br\/index.php\/clipart-e-gifs-gratis\/","og_locale":"pt_BR","og_type":"article","og_title":"Clipart e Gifs Gr\u00e1tis - Guia Gr\u00e1tis - guia de servi\u00e7os gr\u00e1tis","og_description":"Aqui voc\u00ea encontra os melhores sites de clipart e gifs gr\u00e1tis para seus trabalhos, sejam eles blogs, sites ou para ilustrar pesquisas escolares.","og_url":"https:\/\/www.guiagratis.com.br\/index.php\/clipart-e-gifs-gratis\/","og_site_name":"Guia Gr\u00e1tis - guia de servi\u00e7os gr\u00e1tis","article_publisher":"https:\/\/www.facebook.com\/guiagratis","article_modified_time":"2025-07-12T20:20:04+00:00","twitter_card":"summary_large_image","twitter_site":"@siteguiagratis","twitter_misc":{"Est. tempo de leitura":"2 minutos"},"schema":{"@context":"https:\/\/schema.org","@graph":[{"@type":"WebPage","@id":"https:\/\/www.guiagratis.com.br\/index.php\/clipart-e-gifs-gratis\/","url":"https:\/\/www.guiagratis.com.br\/index.php\/clipart-e-gifs-gratis\/","name":"Clipart e Gifs Gr\u00e1tis - Guia Gr\u00e1tis - guia de servi\u00e7os gr\u00e1tis","isPartOf":{"@id":"https:\/\/www.guiagratis.com.br\/#website"},"primaryImageOfPage":{"@id":"https:\/\/www.guiagratis.com.br\/index.php\/clipart-e-gifs-gratis\/#primaryimage"},"image":{"@id":"https:\/\/www.guiagratis.com.br\/index.php\/clipart-e-gifs-gratis\/#primaryimage"},"thumbnailUrl":"","datePublished":"2025-07-11T04:00:22+00:00","dateModified":"2025-07-12T20:20:04+00:00","description":"Aqui voc\u00ea encontra os melhores sites de clipart e gifs gr\u00e1tis para seus trabalhos, sejam eles blogs, sites ou para ilustrar pesquisas escolares.","breadcrumb":{"@id":"https:\/\/www.guiagratis.com.br\/index.php\/clipart-e-gifs-gratis\/#breadcrumb"},"inLanguage":"pt-BR","potentialAction":[{"@type":"ReadAction","target":["https:\/\/www.guiagratis.com.br\/index.php\/clipart-e-gifs-gratis\/"]}]},{"@type":"ImageObject","inLanguage":"pt-BR","@id":"https:\/\/www.guiagratis.com.br\/index.php\/clipart-e-gifs-gratis\/#primaryimage","url":"","contentUrl":""},{"@type":"BreadcrumbList","@id":"https:\/\/www.guiagratis.com.br\/index.php\/clipart-e-gifs-gratis\/#breadcrumb","itemListElement":[{"@type":"ListItem","position":1,"name":"In\u00edcio","item":"https:\/\/www.guiagratis.com.br\/"},{"@type":"ListItem","position":2,"name":"Clipart e Gifs Gr\u00e1tis"}]},{"@type":"WebSite","@id":"https:\/\/www.guiagratis.com.br\/#website","url":"https:\/\/www.guiagratis.com.br\/","name":"Guia Gr\u00e1tis - guia de servi\u00e7os gr\u00e1tis","description":"","publisher":{"@id":"https:\/\/www.guiagratis.com.br\/#organization"},"potentialAction":[{"@type":"SearchAction","target":{"@type":"EntryPoint","urlTemplate":"https:\/\/www.guiagratis.com.br\/?s={search_term_string}"},"query-input":{"@type":"PropertyValueSpecification","valueRequired":true,"valueName":"search_term_string"}}],"inLanguage":"pt-BR"},{"@type":"Organization","@id":"https:\/\/www.guiagratis.com.br\/#organization","name":"Guia Gr\u00e1tis - guia de servi\u00e7os gr\u00e1tis","url":"https:\/\/www.guiagratis.com.br\/","logo":{"@type":"ImageObject","inLanguage":"pt-BR","@id":"https:\/\/www.guiagratis.com.br\/#\/schema\/logo\/image\/","url":"https:\/\/www.guiagratis.com.br\/wp-content\/uploads\/2025\/05\/cropped-logo.gif","contentUrl":"https:\/\/www.guiagratis.com.br\/wp-content\/uploads\/2025\/05\/cropped-logo.gif","width":175,"height":88,"caption":"Guia Gr\u00e1tis - guia de servi\u00e7os gr\u00e1tis"},"image":{"@id":"https:\/\/www.guiagratis.com.br\/#\/schema\/logo\/image\/"},"sameAs":["https:\/\/www.facebook.com\/guiagratis","https:\/\/x.com\/siteguiagratis"]}]}},"_links":{"self":[{"href":"https:\/\/www.guiagratis.com.br\/index.php\/wp-json\/wp\/v2\/pages\/2870","targetHints":{"allow":["GET"]}}],"collection":[{"href":"https:\/\/www.guiagratis.com.br\/index.php\/wp-json\/wp\/v2\/pages"}],"about":[{"href":"https:\/\/www.guiagratis.com.br\/index.php\/wp-json\/wp\/v2\/types\/page"}],"author":[{"embeddable":true,"href":"https:\/\/www.guiagratis.com.br\/index.php\/wp-json\/wp\/v2\/users\/2"}],"replies":[{"embeddable":true,"href":"https:\/\/www.guiagratis.com.br\/index.php\/wp-json\/wp\/v2\/comments?post=2870"}],"version-history":[{"count":3,"href":"https:\/\/www.guiagratis.com.br\/index.php\/wp-json\/wp\/v2\/pages\/2870\/revisions"}],"predecessor-version":[{"id":4866,"href":"https:\/\/www.guiagratis.com.br\/index.php\/wp-json\/wp\/v2\/pages\/2870\/revisions\/4866"}],"wp:featuredmedia":[{"embeddable":true,"href":"https:\/\/www.guiagratis.com.br\/index.php\/wp-json\/"}],"wp:attachment":[{"href":"https:\/\/www.guiagratis.com.br\/index.php\/wp-json\/wp\/v2\/media?parent=2870"}],"curies":[{"name":"wp","href":"https:\/\/api.w.org\/{rel}","templated":true}]}}