{"id":2928,"date":"2025-07-11T01:00:39","date_gmt":"2025-07-11T04:00:39","guid":{"rendered":"https:\/\/www.guiagratis.com.br\/?page_id=2928"},"modified":"2025-07-12T17:19:49","modified_gmt":"2025-07-12T20:19:49","slug":"cifras-e-tablaturas","status":"publish","type":"page","link":"https:\/\/www.guiagratis.com.br\/index.php\/cifras-e-tablaturas\/","title":{"rendered":"Cifras e Tablaturas"},"content":{"rendered":"<p style=\"text-align: justify;\"><img loading=\"lazy\" decoding=\"async\" class=\"size-medium wp-image-3587 alignleft\" src=\"https:\/\/www.guiagratis.com.br\/wp-content\/uploads\/2021\/05\/tablatura.jpg\" alt=\"cifras e tablaturas\" width=\"300\" height=\"158\" \/>Os sites de cifras e tablaturas permitem que a m\u00fasica tenha cada vez maior alcance na sociedade atual. Uma se\u00e7\u00e3o com sites do g\u00eanero era uma antiga reivindica\u00e7\u00e3o de nossos usu\u00e1rios desde as primeiras vers\u00f5es de nosso site que finalmente foi atendida. Confira os sites que n\u00f3s selecionamos para voc\u00ea.<\/p>\n<h2 style=\"text-align: center;\"><span style=\"color: #cc3300;\">Os Preferidos de Nossa Equipe<\/span><\/h2>\n<h2 style=\"text-align: justify;\">8 Notes<\/h2>\n<p style=\"text-align: justify;\">Partituras dos mais variados estilos para diversos instrumentos, al\u00e9m de links para aulas em v\u00eddeo e f\u00f3runs. Voc\u00ea tamb\u00e9m pode ouvir a execu\u00e7\u00e3o da maioria das pe\u00e7as.<\/p>\n<p style=\"text-align: justify;\"><a title=\"8 Notes\" href=\"https:\/\/www.8notes.com\/\" target=\"_blank\" rel=\"noopener noreferrer\">https:\/\/www.8notes.com\/<\/a><\/p>\n<h2 style=\"text-align: justify;\">Cifras.com.br<\/h2>\n<p style=\"text-align: justify;\">Acervo de 1.000.000 m\u00fasicas nacionais e internacionais de viol\u00e3o, guitarra e teclado. Todas com desenhos de acordes e mudan\u00e7a de tom em tempo real.<\/p>\n<p style=\"text-align: justify;\"><a title=\"Cifras.com.br\" href=\"https:\/\/www.cifras.com.br\/\" target=\"_blank\" rel=\"noopener noreferrer\">https:\/\/www.cifras.com.br\/<\/a><\/p>\n<h2 style=\"text-align: center;\"><span style=\"color: #cc3300;\">Outras Boas Op\u00e7\u00f5es<\/span><\/h2>\n<h2 style=\"text-align: justify;\">Cantorion<\/h2>\n<p style=\"text-align: justify;\">Um dos grandes sites internacionais para quem deseja baixar partituras de m\u00fasica erudita e de hinos nacionais. Muitas das m\u00fasicas ainda cont\u00e9m links para ouvir a obra, o que permite a voc\u00ea conferir se \u00e9 a m\u00fasica que est\u00e1 procurando.<\/p>\n<p style=\"text-align: justify;\"><a title=\"Cantorion\" href=\"https:\/\/cantorion.org\/\" target=\"_blank\" rel=\"noopener noreferrer\">https:\/\/cantorion.org\/<\/a><\/p>\n<h2 style=\"text-align: justify;\">Cifra Club<\/h2>\n<p style=\"text-align: justify;\">Um dos mais completos sites brasileiros nesse segmento. Milhares de cifras e tablaturas para guitarra, viol\u00e3o, baixo, bateria e outros.<\/p>\n<p style=\"text-align: justify;\"><a title=\"Cifra Club\" href=\"https:\/\/www.cifraclub.com.br\/\" target=\"_blank\" rel=\"noopener noreferrer\">https:\/\/www.cifraclub.com.br\/<\/a><\/p>\n<h2 style=\"text-align: justify;\">Cifras.pt<\/h2>\n<p style=\"text-align: justify;\">Site especializado em cifras de guitarra de m\u00fasica portuguesa. Visa facilitar o acesso a esse material e tamb\u00e9m dar mais visibilidade \u00e0 musica portuguesa\u2026<\/p>\n<p style=\"text-align: justify;\"><a title=\"Cifras.pt\" href=\"https:\/\/www.cifras.pt\/\" target=\"_blank\" rel=\"noopener noreferrer\">https:\/\/www.cifras.pt\/<\/a><\/p>\n<h2 style=\"text-align: justify;\">Cifras de Viola<\/h2>\n<p style=\"text-align: justify;\">Como o nome sugere o s site \u00e9 especializado em cifras e tablaturas de viola caipira brasileira. Oferece ainda ajuda para quem n\u00e3o sabe ler tablaturas e v\u00e1rias outras informa\u00e7\u00f5es \u00fateis.<\/p>\n<p style=\"text-align: justify;\"><a title=\"Cifras de Viola\" href=\"https:\/\/cifrasdeviola.com.br\/\" target=\"_blank\" rel=\"noopener noreferrer\">https:\/\/cifrasdeviola.com.br\/<\/a><\/p>\n<h2 style=\"text-align: justify;\">Delcamp &#8211; Classical Guitar<\/h2>\n<p style=\"text-align: justify;\">Site dedicado ao viol\u00e3o cl\u00e1ssico, com f\u00f3rum em diversos idiomas e uma se\u00e7\u00e3o de partituras com mais de 2000 itens para download gratuito.<\/p>\n<p style=\"text-align: justify;\"><a title=\"Cifras e Letras\" href=\"https:\/\/www.delcamp.net\/\" target=\"_blank\" rel=\"noopener noreferrer\">https:\/\/www.delcamp.net\/<\/a><\/p>\n<h2 style=\"text-align: justify;\">Free Sheet Piano Music<\/h2>\n<p style=\"text-align: justify;\">Site inteiramente dedicado a partituras de piano. As pe\u00e7as est\u00e3o organizadas por n\u00edvel de complexidade das obras e voc\u00ea pode baixar a partitura em pdf e um arquivo midi. Em alguns casos h\u00e1 inclusive tutorial em v\u00eddeo ensinando a executar a m\u00fasica.<\/p>\n<p style=\"text-align: justify;\"><a title=\"Free Sheet Piano Music\" href=\"https:\/\/www.freesheetpianomusic.com\/\" target=\"_blank\" rel=\"noopener noreferrer\">https:\/\/www.freesheetpianomusic.com\/<\/a><\/p>\n<h2 style=\"text-align: justify;\">Free Scores<\/h2>\n<p style=\"text-align: justify;\">Ao contr\u00e1rio do que o nome sugere nem todas as partituras do site s\u00e3o gr\u00e1tis, embora uma grande parte o seja. Muitas partituras de m\u00fasica erudita em formato pdf.<\/p>\n<p style=\"text-align: justify;\"><a title=\"Free Scores\" href=\"https:\/\/www.free-scores.com\/\" target=\"_blank\" rel=\"noopener noreferrer\">https:\/\/www.free-scores.com\/<\/a><\/p>\n<h2 style=\"text-align: justify;\">IMSLP<\/h2>\n<p style=\"text-align: justify;\">Um dos maiores sites do mundo para download de partitura de m\u00fasica erudita, com quase meio milh\u00e3o de pe\u00e7as para download classificadas por compositor, instrumento e algumas outras op\u00e7\u00f5es.<\/p>\n<p style=\"text-align: justify;\"><a title=\"IMSLP\" href=\"https:\/\/imslp.org\/\" target=\"_blank\" rel=\"noopener noreferrer\">https:\/\/imslp.org\/<\/a><\/p>\n<h2 style=\"text-align: justify;\">PegaCifra<\/h2>\n<p style=\"text-align: justify;\">Mais de 38.000 m\u00fasicas de mais de 3.900 artistas. Aprenda a tocar suas m\u00fasicas preferidas. Todas com desenhos de acordes, v\u00eddeo-aulas, dicion\u00e1rio de acordes, afinador online de viol\u00e3o e guitarra e muito mais.<\/p>\n<p style=\"text-align: justify;\"><a title=\"PegaCifras\" href=\"https:\/\/www.pegacifra.com.br\/\" target=\"_blank\" rel=\"noopener noreferrer\">https:\/\/www.pegacifra.com.br\/<\/a><\/p>\n<h2 style=\"text-align: justify;\">Super Partituras<\/h2>\n<p style=\"text-align: justify;\">Um dos maiores sites brasileiros especializados em partituras para download. Conta com mais de 20.000 pe\u00e7as para download e \u00e9 constantemente atualizado. As partituras s\u00e3o classificadas por instrumento, g\u00eanero musical e dificuldade, o que facilita a pesquisa.<\/p>\n<p style=\"text-align: justify;\"><a title=\"Super Partituras\" href=\"https:\/\/www.superpartituras.com.br\/\" target=\"_blank\" rel=\"noopener noreferrer\">https:\/\/www.superpartituras.com.br\/<\/a><\/p>\n<h2 style=\"text-align: justify;\">Vagalume<\/h2>\n<p style=\"text-align: justify;\">Um dos sites sobre m\u00fasica mais completos do Brasil. Oferece alguns milh\u00f5es de cifras e tablaturas, letras de m\u00fasicas, tradu\u00e7\u00f5es de letras.<\/p>\n<p style=\"text-align: justify;\"><a href=\"https:\/\/www.vagalume.com.br\/\" target=\"_blank\" rel=\"noopener noreferrer\">https:\/\/www.vagalume.com.br\/<\/a><\/p>\n","protected":false},"excerpt":{"rendered":"<p>Os sites de cifras e tablaturas permitem que a m\u00fasica tenha cada vez maior alcance na sociedade atual. Uma se\u00e7\u00e3o com sites do g\u00eanero era uma antiga reivindica\u00e7\u00e3o de nossos usu\u00e1rios desde as primeiras vers\u00f5es de nosso site que finalmente foi atendida. Confira os sites que n\u00f3s selecionamos para voc\u00ea. Os Preferidos de Nossa Equipe &hellip; <\/p>\n","protected":false},"author":2,"featured_media":3587,"parent":0,"menu_order":0,"comment_status":"closed","ping_status":"closed","template":"","meta":{"footnotes":""},"class_list":["post-2928","page","type-page","status-publish","has-post-thumbnail","hentry","entry"],"yoast_head":"<!-- This site is optimized with the Yoast SEO plugin v27.5 - https:\/\/yoast.com\/product\/yoast-seo-wordpress\/ -->\n<title>Cifras e Tablaturas - Guia Gr\u00e1tis - guia de servi\u00e7os gr\u00e1tis<\/title>\n<meta name=\"description\" content=\"A se\u00e7\u00e3o cifras e tablaturas era uma antiga reivindica\u00e7\u00e3o de nossos usu\u00e1rios que foi atendida. Confira os sites que selecionamos.\" \/>\n<meta name=\"robots\" content=\"index, follow, max-snippet:-1, max-image-preview:large, max-video-preview:-1\" \/>\n<link rel=\"canonical\" href=\"https:\/\/www.guiagratis.com.br\/index.php\/cifras-e-tablaturas\/\" \/>\n<meta property=\"og:locale\" content=\"pt_BR\" \/>\n<meta property=\"og:type\" content=\"article\" \/>\n<meta property=\"og:title\" content=\"Cifras e Tablaturas - Guia Gr\u00e1tis - guia de servi\u00e7os gr\u00e1tis\" \/>\n<meta property=\"og:description\" content=\"A se\u00e7\u00e3o cifras e tablaturas era uma antiga reivindica\u00e7\u00e3o de nossos usu\u00e1rios que foi atendida. Confira os sites que selecionamos.\" \/>\n<meta property=\"og:url\" content=\"https:\/\/www.guiagratis.com.br\/index.php\/cifras-e-tablaturas\/\" \/>\n<meta property=\"og:site_name\" content=\"Guia Gr\u00e1tis - guia de servi\u00e7os gr\u00e1tis\" \/>\n<meta property=\"article:publisher\" content=\"https:\/\/www.facebook.com\/guiagratis\" \/>\n<meta property=\"article:modified_time\" content=\"2025-07-12T20:19:49+00:00\" \/>\n<meta name=\"twitter:card\" content=\"summary_large_image\" \/>\n<meta name=\"twitter:site\" content=\"@siteguiagratis\" \/>\n<meta name=\"twitter:label1\" content=\"Est. tempo de leitura\" \/>\n\t<meta name=\"twitter:data1\" content=\"3 minutos\" \/>\n<script type=\"application\/ld+json\" class=\"yoast-schema-graph\">{\"@context\":\"https:\\\/\\\/schema.org\",\"@graph\":[{\"@type\":\"WebPage\",\"@id\":\"https:\\\/\\\/www.guiagratis.com.br\\\/index.php\\\/cifras-e-tablaturas\\\/\",\"url\":\"https:\\\/\\\/www.guiagratis.com.br\\\/index.php\\\/cifras-e-tablaturas\\\/\",\"name\":\"Cifras e Tablaturas - Guia Gr\u00e1tis - guia de servi\u00e7os gr\u00e1tis\",\"isPartOf\":{\"@id\":\"https:\\\/\\\/www.guiagratis.com.br\\\/#website\"},\"primaryImageOfPage\":{\"@id\":\"https:\\\/\\\/www.guiagratis.com.br\\\/index.php\\\/cifras-e-tablaturas\\\/#primaryimage\"},\"image\":{\"@id\":\"https:\\\/\\\/www.guiagratis.com.br\\\/index.php\\\/cifras-e-tablaturas\\\/#primaryimage\"},\"thumbnailUrl\":\"\",\"datePublished\":\"2025-07-11T04:00:39+00:00\",\"dateModified\":\"2025-07-12T20:19:49+00:00\",\"description\":\"A se\u00e7\u00e3o cifras e tablaturas era uma antiga reivindica\u00e7\u00e3o de nossos usu\u00e1rios que foi atendida. Confira os sites que selecionamos.\",\"breadcrumb\":{\"@id\":\"https:\\\/\\\/www.guiagratis.com.br\\\/index.php\\\/cifras-e-tablaturas\\\/#breadcrumb\"},\"inLanguage\":\"pt-BR\",\"potentialAction\":[{\"@type\":\"ReadAction\",\"target\":[\"https:\\\/\\\/www.guiagratis.com.br\\\/index.php\\\/cifras-e-tablaturas\\\/\"]}]},{\"@type\":\"ImageObject\",\"inLanguage\":\"pt-BR\",\"@id\":\"https:\\\/\\\/www.guiagratis.com.br\\\/index.php\\\/cifras-e-tablaturas\\\/#primaryimage\",\"url\":\"\",\"contentUrl\":\"\"},{\"@type\":\"BreadcrumbList\",\"@id\":\"https:\\\/\\\/www.guiagratis.com.br\\\/index.php\\\/cifras-e-tablaturas\\\/#breadcrumb\",\"itemListElement\":[{\"@type\":\"ListItem\",\"position\":1,\"name\":\"In\u00edcio\",\"item\":\"https:\\\/\\\/www.guiagratis.com.br\\\/\"},{\"@type\":\"ListItem\",\"position\":2,\"name\":\"Cifras e Tablaturas\"}]},{\"@type\":\"WebSite\",\"@id\":\"https:\\\/\\\/www.guiagratis.com.br\\\/#website\",\"url\":\"https:\\\/\\\/www.guiagratis.com.br\\\/\",\"name\":\"Guia Gr\u00e1tis - guia de servi\u00e7os gr\u00e1tis\",\"description\":\"\",\"publisher\":{\"@id\":\"https:\\\/\\\/www.guiagratis.com.br\\\/#organization\"},\"potentialAction\":[{\"@type\":\"SearchAction\",\"target\":{\"@type\":\"EntryPoint\",\"urlTemplate\":\"https:\\\/\\\/www.guiagratis.com.br\\\/?s={search_term_string}\"},\"query-input\":{\"@type\":\"PropertyValueSpecification\",\"valueRequired\":true,\"valueName\":\"search_term_string\"}}],\"inLanguage\":\"pt-BR\"},{\"@type\":\"Organization\",\"@id\":\"https:\\\/\\\/www.guiagratis.com.br\\\/#organization\",\"name\":\"Guia Gr\u00e1tis - guia de servi\u00e7os gr\u00e1tis\",\"url\":\"https:\\\/\\\/www.guiagratis.com.br\\\/\",\"logo\":{\"@type\":\"ImageObject\",\"inLanguage\":\"pt-BR\",\"@id\":\"https:\\\/\\\/www.guiagratis.com.br\\\/#\\\/schema\\\/logo\\\/image\\\/\",\"url\":\"https:\\\/\\\/www.guiagratis.com.br\\\/wp-content\\\/uploads\\\/2025\\\/05\\\/cropped-logo.gif\",\"contentUrl\":\"https:\\\/\\\/www.guiagratis.com.br\\\/wp-content\\\/uploads\\\/2025\\\/05\\\/cropped-logo.gif\",\"width\":175,\"height\":88,\"caption\":\"Guia Gr\u00e1tis - guia de servi\u00e7os gr\u00e1tis\"},\"image\":{\"@id\":\"https:\\\/\\\/www.guiagratis.com.br\\\/#\\\/schema\\\/logo\\\/image\\\/\"},\"sameAs\":[\"https:\\\/\\\/www.facebook.com\\\/guiagratis\",\"https:\\\/\\\/x.com\\\/siteguiagratis\"]}]}<\/script>\n<!-- \/ Yoast SEO plugin. -->","yoast_head_json":{"title":"Cifras e Tablaturas - Guia Gr\u00e1tis - guia de servi\u00e7os gr\u00e1tis","description":"A se\u00e7\u00e3o cifras e tablaturas era uma antiga reivindica\u00e7\u00e3o de nossos usu\u00e1rios que foi atendida. Confira os sites que selecionamos.","robots":{"index":"index","follow":"follow","max-snippet":"max-snippet:-1","max-image-preview":"max-image-preview:large","max-video-preview":"max-video-preview:-1"},"canonical":"https:\/\/www.guiagratis.com.br\/index.php\/cifras-e-tablaturas\/","og_locale":"pt_BR","og_type":"article","og_title":"Cifras e Tablaturas - Guia Gr\u00e1tis - guia de servi\u00e7os gr\u00e1tis","og_description":"A se\u00e7\u00e3o cifras e tablaturas era uma antiga reivindica\u00e7\u00e3o de nossos usu\u00e1rios que foi atendida. Confira os sites que selecionamos.","og_url":"https:\/\/www.guiagratis.com.br\/index.php\/cifras-e-tablaturas\/","og_site_name":"Guia Gr\u00e1tis - guia de servi\u00e7os gr\u00e1tis","article_publisher":"https:\/\/www.facebook.com\/guiagratis","article_modified_time":"2025-07-12T20:19:49+00:00","twitter_card":"summary_large_image","twitter_site":"@siteguiagratis","twitter_misc":{"Est. tempo de leitura":"3 minutos"},"schema":{"@context":"https:\/\/schema.org","@graph":[{"@type":"WebPage","@id":"https:\/\/www.guiagratis.com.br\/index.php\/cifras-e-tablaturas\/","url":"https:\/\/www.guiagratis.com.br\/index.php\/cifras-e-tablaturas\/","name":"Cifras e Tablaturas - Guia Gr\u00e1tis - guia de servi\u00e7os gr\u00e1tis","isPartOf":{"@id":"https:\/\/www.guiagratis.com.br\/#website"},"primaryImageOfPage":{"@id":"https:\/\/www.guiagratis.com.br\/index.php\/cifras-e-tablaturas\/#primaryimage"},"image":{"@id":"https:\/\/www.guiagratis.com.br\/index.php\/cifras-e-tablaturas\/#primaryimage"},"thumbnailUrl":"","datePublished":"2025-07-11T04:00:39+00:00","dateModified":"2025-07-12T20:19:49+00:00","description":"A se\u00e7\u00e3o cifras e tablaturas era uma antiga reivindica\u00e7\u00e3o de nossos usu\u00e1rios que foi atendida. Confira os sites que selecionamos.","breadcrumb":{"@id":"https:\/\/www.guiagratis.com.br\/index.php\/cifras-e-tablaturas\/#breadcrumb"},"inLanguage":"pt-BR","potentialAction":[{"@type":"ReadAction","target":["https:\/\/www.guiagratis.com.br\/index.php\/cifras-e-tablaturas\/"]}]},{"@type":"ImageObject","inLanguage":"pt-BR","@id":"https:\/\/www.guiagratis.com.br\/index.php\/cifras-e-tablaturas\/#primaryimage","url":"","contentUrl":""},{"@type":"BreadcrumbList","@id":"https:\/\/www.guiagratis.com.br\/index.php\/cifras-e-tablaturas\/#breadcrumb","itemListElement":[{"@type":"ListItem","position":1,"name":"In\u00edcio","item":"https:\/\/www.guiagratis.com.br\/"},{"@type":"ListItem","position":2,"name":"Cifras e Tablaturas"}]},{"@type":"WebSite","@id":"https:\/\/www.guiagratis.com.br\/#website","url":"https:\/\/www.guiagratis.com.br\/","name":"Guia Gr\u00e1tis - guia de servi\u00e7os gr\u00e1tis","description":"","publisher":{"@id":"https:\/\/www.guiagratis.com.br\/#organization"},"potentialAction":[{"@type":"SearchAction","target":{"@type":"EntryPoint","urlTemplate":"https:\/\/www.guiagratis.com.br\/?s={search_term_string}"},"query-input":{"@type":"PropertyValueSpecification","valueRequired":true,"valueName":"search_term_string"}}],"inLanguage":"pt-BR"},{"@type":"Organization","@id":"https:\/\/www.guiagratis.com.br\/#organization","name":"Guia Gr\u00e1tis - guia de servi\u00e7os gr\u00e1tis","url":"https:\/\/www.guiagratis.com.br\/","logo":{"@type":"ImageObject","inLanguage":"pt-BR","@id":"https:\/\/www.guiagratis.com.br\/#\/schema\/logo\/image\/","url":"https:\/\/www.guiagratis.com.br\/wp-content\/uploads\/2025\/05\/cropped-logo.gif","contentUrl":"https:\/\/www.guiagratis.com.br\/wp-content\/uploads\/2025\/05\/cropped-logo.gif","width":175,"height":88,"caption":"Guia Gr\u00e1tis - guia de servi\u00e7os gr\u00e1tis"},"image":{"@id":"https:\/\/www.guiagratis.com.br\/#\/schema\/logo\/image\/"},"sameAs":["https:\/\/www.facebook.com\/guiagratis","https:\/\/x.com\/siteguiagratis"]}]}},"_links":{"self":[{"href":"https:\/\/www.guiagratis.com.br\/index.php\/wp-json\/wp\/v2\/pages\/2928","targetHints":{"allow":["GET"]}}],"collection":[{"href":"https:\/\/www.guiagratis.com.br\/index.php\/wp-json\/wp\/v2\/pages"}],"about":[{"href":"https:\/\/www.guiagratis.com.br\/index.php\/wp-json\/wp\/v2\/types\/page"}],"author":[{"embeddable":true,"href":"https:\/\/www.guiagratis.com.br\/index.php\/wp-json\/wp\/v2\/users\/2"}],"replies":[{"embeddable":true,"href":"https:\/\/www.guiagratis.com.br\/index.php\/wp-json\/wp\/v2\/comments?post=2928"}],"version-history":[{"count":3,"href":"https:\/\/www.guiagratis.com.br\/index.php\/wp-json\/wp\/v2\/pages\/2928\/revisions"}],"predecessor-version":[{"id":4864,"href":"https:\/\/www.guiagratis.com.br\/index.php\/wp-json\/wp\/v2\/pages\/2928\/revisions\/4864"}],"wp:featuredmedia":[{"embeddable":true,"href":"https:\/\/www.guiagratis.com.br\/index.php\/wp-json\/"}],"wp:attachment":[{"href":"https:\/\/www.guiagratis.com.br\/index.php\/wp-json\/wp\/v2\/media?parent=2928"}],"curies":[{"name":"wp","href":"https:\/\/api.w.org\/{rel}","templated":true}]}}