{"id":2975,"date":"2025-07-11T01:00:51","date_gmt":"2025-07-11T04:00:51","guid":{"rendered":"https:\/\/www.guiagratis.com.br\/?page_id=2975"},"modified":"2025-07-12T17:20:17","modified_gmt":"2025-07-12T20:20:17","slug":"comparacao-de-precos","status":"publish","type":"page","link":"https:\/\/www.guiagratis.com.br\/index.php\/comparacao-de-precos\/","title":{"rendered":"Compara\u00e7\u00e3o de Pre\u00e7os"},"content":{"rendered":"<p style=\"text-align: justify;\"><img loading=\"lazy\" decoding=\"async\" class=\"size-medium wp-image-3999 alignleft\" src=\"http:\/\/guiagratis.com.br\/wp-content\/uploads\/2018\/07\/comparacao-de-precos-1-300x158.jpg\" alt=\"comparacao de precos\" width=\"300\" height=\"158\" \/>Comparar pre\u00e7os em diferentes fornecedores \u00e9 cada vez mais importante, ainda mais em uma economia em permanente crise, o que faz com que cada vez menos sobre dinheiro ao consumidor. Conhe\u00e7a aqui os sites de compara\u00e7\u00e3o de pre\u00e7os que selecionamos para que voc\u00ea encontre o melhor pre\u00e7o do mercado antes de comprar.<\/p>\n<h2 style=\"text-align: center;\"><span style=\"color: #cc3300;\">Os Preferidos de Nossa Equipe<\/span><\/h2>\n<h2>Escorrega O Pre\u00e7o<\/h2>\n<p style=\"text-align: justify;\">Um site de compara\u00e7\u00e3o de pre\u00e7os que tem uma funcionalidade \u00fanica que permite acompanhar as oscila\u00e7\u00f5es do pre\u00e7o do produto que voc\u00ea procura ou ainda definir alertas para ser avisado quando o produto chegar ao pre\u00e7o que voc\u00ea configurou.<\/p>\n<p style=\"text-align: justify;\"><a title=\"Escorrega O Pre\u00e7o\" href=\"https:\/\/escorregaopreco.com.br\/\" target=\"_blank\" rel=\"noopener noreferrer\">https:\/\/escorregaopreco.com.br\/<\/a><\/p>\n<h2>Zooom<\/h2>\n<p style=\"text-align: justify;\">Permite que antes de comprar voc\u00ea pesquise os melhores pre\u00e7os para o produto que deseja nas lojas mais confi\u00e1veis do Brasil. Oferece tamb\u00e9m informa\u00e7\u00f5es e reviews sobre os mais diversos produtos.<\/p>\n<p style=\"text-align: justify;\"><a title=\"Zoom\" href=\"https:\/\/www.zoom.com.br\/\" target=\"_blank\" rel=\"noopener noreferrer\">https:\/\/www.zoom.com.br\/<\/a><\/p>\n<h2 style=\"text-align: center;\"><span style=\"color: #cc3300;\">Outras Boas Op\u00e7\u00f5es<\/span><\/h2>\n<h2 style=\"text-align: justify;\">Buscap\u00e9<\/h2>\n<p style=\"text-align: justify;\">O primeiro site de compara\u00e7\u00e3o de pre\u00e7os a fazer sucesso no Brasil. Encontre o produto desejado. Depois percorra em um clique centenas de lojas e \u00a0encontre o melhor pre\u00e7o do mercado online em todo o Brasil.<\/p>\n<p style=\"text-align: justify;\"><a title=\"Buscap\u00e9\" href=\"https:\/\/www.buscape.com.br\/\" target=\"_blank\" rel=\"noopener noreferrer\">https:\/\/www.buscape.com.br\/<\/a><\/p>\n<h2 style=\"text-align: justify;\">BondFaro<\/h2>\n<p style=\"text-align: justify;\">Um dos mais antigos sites brasileiros desse segmento ainda em atividade. Encontre e compare pre\u00e7os de produtos e servi\u00e7os. Pesquise ofertas de CDs, celular, livros, notebook, c\u00e2mera digital e outros.<\/p>\n<p style=\"text-align: justify;\"><a title=\"BondFaro\" href=\"https:\/\/www.bondfaro.com.br\/\" target=\"_blank\" rel=\"noopener noreferrer\">https:\/\/www.bondfaro.com.br\/<\/a><\/p>\n<h2 style=\"text-align: justify;\">Boa Dica<\/h2>\n<p style=\"text-align: justify;\">Pesquisa de pre\u00e7os e das melhores ofertas em produtos e servi\u00e7os de inform\u00e1tica. Basta clicar em uma das categorias e escolher o produto.<\/p>\n<p style=\"text-align: justify;\"><a title=\"BoaDica\" href=\"https:\/\/www.boadica.com.br\/\" target=\"_blank\" rel=\"noopener noreferrer\">https:\/\/www.boadica.com.br\/<\/a><\/p>\n","protected":false},"excerpt":{"rendered":"<p>Comparar pre\u00e7os em diferentes fornecedores \u00e9 cada vez mais importante, ainda mais em uma economia em permanente crise, o que faz com que cada vez menos sobre dinheiro ao consumidor. Conhe\u00e7a aqui os sites de compara\u00e7\u00e3o de pre\u00e7os que selecionamos para que voc\u00ea encontre o melhor pre\u00e7o do mercado antes de comprar. Os Preferidos de &hellip; <\/p>\n","protected":false},"author":2,"featured_media":3999,"parent":0,"menu_order":0,"comment_status":"closed","ping_status":"closed","template":"","meta":{"footnotes":""},"class_list":["post-2975","page","type-page","status-publish","has-post-thumbnail","hentry","entry"],"yoast_head":"<!-- This site is optimized with the Yoast SEO plugin v27.5 - https:\/\/yoast.com\/product\/yoast-seo-wordpress\/ -->\n<title>Compara\u00e7\u00e3o de Pre\u00e7os - Guia Gr\u00e1tis - guia de servi\u00e7os gr\u00e1tis<\/title>\n<meta name=\"description\" content=\"Conhe\u00e7a aqui os sites de compara\u00e7\u00e3o de pre\u00e7os que selecionamos para que voc\u00ea encontre o melhor pre\u00e7o do mercado antes de comprar.\" \/>\n<meta name=\"robots\" content=\"index, follow, max-snippet:-1, max-image-preview:large, max-video-preview:-1\" \/>\n<link rel=\"canonical\" href=\"https:\/\/www.guiagratis.com.br\/index.php\/comparacao-de-precos\/\" \/>\n<meta property=\"og:locale\" content=\"pt_BR\" \/>\n<meta property=\"og:type\" content=\"article\" \/>\n<meta property=\"og:title\" content=\"Compara\u00e7\u00e3o de Pre\u00e7os - Guia Gr\u00e1tis - guia de servi\u00e7os gr\u00e1tis\" \/>\n<meta property=\"og:description\" content=\"Conhe\u00e7a aqui os sites de compara\u00e7\u00e3o de pre\u00e7os que selecionamos para que voc\u00ea encontre o melhor pre\u00e7o do mercado antes de comprar.\" \/>\n<meta property=\"og:url\" content=\"https:\/\/www.guiagratis.com.br\/index.php\/comparacao-de-precos\/\" \/>\n<meta property=\"og:site_name\" content=\"Guia Gr\u00e1tis - guia de servi\u00e7os gr\u00e1tis\" \/>\n<meta property=\"article:publisher\" content=\"https:\/\/www.facebook.com\/guiagratis\" \/>\n<meta property=\"article:modified_time\" content=\"2025-07-12T20:20:17+00:00\" \/>\n<meta name=\"twitter:card\" content=\"summary_large_image\" \/>\n<meta name=\"twitter:site\" content=\"@siteguiagratis\" \/>\n<meta name=\"twitter:label1\" content=\"Est. tempo de leitura\" \/>\n\t<meta name=\"twitter:data1\" content=\"2 minutos\" \/>\n<script type=\"application\/ld+json\" class=\"yoast-schema-graph\">{\"@context\":\"https:\\\/\\\/schema.org\",\"@graph\":[{\"@type\":\"WebPage\",\"@id\":\"https:\\\/\\\/www.guiagratis.com.br\\\/index.php\\\/comparacao-de-precos\\\/\",\"url\":\"https:\\\/\\\/www.guiagratis.com.br\\\/index.php\\\/comparacao-de-precos\\\/\",\"name\":\"Compara\u00e7\u00e3o de Pre\u00e7os - Guia Gr\u00e1tis - guia de servi\u00e7os gr\u00e1tis\",\"isPartOf\":{\"@id\":\"https:\\\/\\\/www.guiagratis.com.br\\\/#website\"},\"primaryImageOfPage\":{\"@id\":\"https:\\\/\\\/www.guiagratis.com.br\\\/index.php\\\/comparacao-de-precos\\\/#primaryimage\"},\"image\":{\"@id\":\"https:\\\/\\\/www.guiagratis.com.br\\\/index.php\\\/comparacao-de-precos\\\/#primaryimage\"},\"thumbnailUrl\":\"\",\"datePublished\":\"2025-07-11T04:00:51+00:00\",\"dateModified\":\"2025-07-12T20:20:17+00:00\",\"description\":\"Conhe\u00e7a aqui os sites de compara\u00e7\u00e3o de pre\u00e7os que selecionamos para que voc\u00ea encontre o melhor pre\u00e7o do mercado antes de comprar.\",\"breadcrumb\":{\"@id\":\"https:\\\/\\\/www.guiagratis.com.br\\\/index.php\\\/comparacao-de-precos\\\/#breadcrumb\"},\"inLanguage\":\"pt-BR\",\"potentialAction\":[{\"@type\":\"ReadAction\",\"target\":[\"https:\\\/\\\/www.guiagratis.com.br\\\/index.php\\\/comparacao-de-precos\\\/\"]}]},{\"@type\":\"ImageObject\",\"inLanguage\":\"pt-BR\",\"@id\":\"https:\\\/\\\/www.guiagratis.com.br\\\/index.php\\\/comparacao-de-precos\\\/#primaryimage\",\"url\":\"\",\"contentUrl\":\"\"},{\"@type\":\"BreadcrumbList\",\"@id\":\"https:\\\/\\\/www.guiagratis.com.br\\\/index.php\\\/comparacao-de-precos\\\/#breadcrumb\",\"itemListElement\":[{\"@type\":\"ListItem\",\"position\":1,\"name\":\"In\u00edcio\",\"item\":\"https:\\\/\\\/www.guiagratis.com.br\\\/\"},{\"@type\":\"ListItem\",\"position\":2,\"name\":\"Compara\u00e7\u00e3o de Pre\u00e7os\"}]},{\"@type\":\"WebSite\",\"@id\":\"https:\\\/\\\/www.guiagratis.com.br\\\/#website\",\"url\":\"https:\\\/\\\/www.guiagratis.com.br\\\/\",\"name\":\"Guia Gr\u00e1tis - guia de servi\u00e7os gr\u00e1tis\",\"description\":\"\",\"publisher\":{\"@id\":\"https:\\\/\\\/www.guiagratis.com.br\\\/#organization\"},\"potentialAction\":[{\"@type\":\"SearchAction\",\"target\":{\"@type\":\"EntryPoint\",\"urlTemplate\":\"https:\\\/\\\/www.guiagratis.com.br\\\/?s={search_term_string}\"},\"query-input\":{\"@type\":\"PropertyValueSpecification\",\"valueRequired\":true,\"valueName\":\"search_term_string\"}}],\"inLanguage\":\"pt-BR\"},{\"@type\":\"Organization\",\"@id\":\"https:\\\/\\\/www.guiagratis.com.br\\\/#organization\",\"name\":\"Guia Gr\u00e1tis - guia de servi\u00e7os gr\u00e1tis\",\"url\":\"https:\\\/\\\/www.guiagratis.com.br\\\/\",\"logo\":{\"@type\":\"ImageObject\",\"inLanguage\":\"pt-BR\",\"@id\":\"https:\\\/\\\/www.guiagratis.com.br\\\/#\\\/schema\\\/logo\\\/image\\\/\",\"url\":\"https:\\\/\\\/www.guiagratis.com.br\\\/wp-content\\\/uploads\\\/2025\\\/05\\\/cropped-logo.gif\",\"contentUrl\":\"https:\\\/\\\/www.guiagratis.com.br\\\/wp-content\\\/uploads\\\/2025\\\/05\\\/cropped-logo.gif\",\"width\":175,\"height\":88,\"caption\":\"Guia Gr\u00e1tis - guia de servi\u00e7os gr\u00e1tis\"},\"image\":{\"@id\":\"https:\\\/\\\/www.guiagratis.com.br\\\/#\\\/schema\\\/logo\\\/image\\\/\"},\"sameAs\":[\"https:\\\/\\\/www.facebook.com\\\/guiagratis\",\"https:\\\/\\\/x.com\\\/siteguiagratis\"]}]}<\/script>\n<!-- \/ Yoast SEO plugin. -->","yoast_head_json":{"title":"Compara\u00e7\u00e3o de Pre\u00e7os - Guia Gr\u00e1tis - guia de servi\u00e7os gr\u00e1tis","description":"Conhe\u00e7a aqui os sites de compara\u00e7\u00e3o de pre\u00e7os que selecionamos para que voc\u00ea encontre o melhor pre\u00e7o do mercado antes de comprar.","robots":{"index":"index","follow":"follow","max-snippet":"max-snippet:-1","max-image-preview":"max-image-preview:large","max-video-preview":"max-video-preview:-1"},"canonical":"https:\/\/www.guiagratis.com.br\/index.php\/comparacao-de-precos\/","og_locale":"pt_BR","og_type":"article","og_title":"Compara\u00e7\u00e3o de Pre\u00e7os - Guia Gr\u00e1tis - guia de servi\u00e7os gr\u00e1tis","og_description":"Conhe\u00e7a aqui os sites de compara\u00e7\u00e3o de pre\u00e7os que selecionamos para que voc\u00ea encontre o melhor pre\u00e7o do mercado antes de comprar.","og_url":"https:\/\/www.guiagratis.com.br\/index.php\/comparacao-de-precos\/","og_site_name":"Guia Gr\u00e1tis - guia de servi\u00e7os gr\u00e1tis","article_publisher":"https:\/\/www.facebook.com\/guiagratis","article_modified_time":"2025-07-12T20:20:17+00:00","twitter_card":"summary_large_image","twitter_site":"@siteguiagratis","twitter_misc":{"Est. tempo de leitura":"2 minutos"},"schema":{"@context":"https:\/\/schema.org","@graph":[{"@type":"WebPage","@id":"https:\/\/www.guiagratis.com.br\/index.php\/comparacao-de-precos\/","url":"https:\/\/www.guiagratis.com.br\/index.php\/comparacao-de-precos\/","name":"Compara\u00e7\u00e3o de Pre\u00e7os - Guia Gr\u00e1tis - guia de servi\u00e7os gr\u00e1tis","isPartOf":{"@id":"https:\/\/www.guiagratis.com.br\/#website"},"primaryImageOfPage":{"@id":"https:\/\/www.guiagratis.com.br\/index.php\/comparacao-de-precos\/#primaryimage"},"image":{"@id":"https:\/\/www.guiagratis.com.br\/index.php\/comparacao-de-precos\/#primaryimage"},"thumbnailUrl":"","datePublished":"2025-07-11T04:00:51+00:00","dateModified":"2025-07-12T20:20:17+00:00","description":"Conhe\u00e7a aqui os sites de compara\u00e7\u00e3o de pre\u00e7os que selecionamos para que voc\u00ea encontre o melhor pre\u00e7o do mercado antes de comprar.","breadcrumb":{"@id":"https:\/\/www.guiagratis.com.br\/index.php\/comparacao-de-precos\/#breadcrumb"},"inLanguage":"pt-BR","potentialAction":[{"@type":"ReadAction","target":["https:\/\/www.guiagratis.com.br\/index.php\/comparacao-de-precos\/"]}]},{"@type":"ImageObject","inLanguage":"pt-BR","@id":"https:\/\/www.guiagratis.com.br\/index.php\/comparacao-de-precos\/#primaryimage","url":"","contentUrl":""},{"@type":"BreadcrumbList","@id":"https:\/\/www.guiagratis.com.br\/index.php\/comparacao-de-precos\/#breadcrumb","itemListElement":[{"@type":"ListItem","position":1,"name":"In\u00edcio","item":"https:\/\/www.guiagratis.com.br\/"},{"@type":"ListItem","position":2,"name":"Compara\u00e7\u00e3o de Pre\u00e7os"}]},{"@type":"WebSite","@id":"https:\/\/www.guiagratis.com.br\/#website","url":"https:\/\/www.guiagratis.com.br\/","name":"Guia Gr\u00e1tis - guia de servi\u00e7os gr\u00e1tis","description":"","publisher":{"@id":"https:\/\/www.guiagratis.com.br\/#organization"},"potentialAction":[{"@type":"SearchAction","target":{"@type":"EntryPoint","urlTemplate":"https:\/\/www.guiagratis.com.br\/?s={search_term_string}"},"query-input":{"@type":"PropertyValueSpecification","valueRequired":true,"valueName":"search_term_string"}}],"inLanguage":"pt-BR"},{"@type":"Organization","@id":"https:\/\/www.guiagratis.com.br\/#organization","name":"Guia Gr\u00e1tis - guia de servi\u00e7os gr\u00e1tis","url":"https:\/\/www.guiagratis.com.br\/","logo":{"@type":"ImageObject","inLanguage":"pt-BR","@id":"https:\/\/www.guiagratis.com.br\/#\/schema\/logo\/image\/","url":"https:\/\/www.guiagratis.com.br\/wp-content\/uploads\/2025\/05\/cropped-logo.gif","contentUrl":"https:\/\/www.guiagratis.com.br\/wp-content\/uploads\/2025\/05\/cropped-logo.gif","width":175,"height":88,"caption":"Guia Gr\u00e1tis - guia de servi\u00e7os gr\u00e1tis"},"image":{"@id":"https:\/\/www.guiagratis.com.br\/#\/schema\/logo\/image\/"},"sameAs":["https:\/\/www.facebook.com\/guiagratis","https:\/\/x.com\/siteguiagratis"]}]}},"_links":{"self":[{"href":"https:\/\/www.guiagratis.com.br\/index.php\/wp-json\/wp\/v2\/pages\/2975","targetHints":{"allow":["GET"]}}],"collection":[{"href":"https:\/\/www.guiagratis.com.br\/index.php\/wp-json\/wp\/v2\/pages"}],"about":[{"href":"https:\/\/www.guiagratis.com.br\/index.php\/wp-json\/wp\/v2\/types\/page"}],"author":[{"embeddable":true,"href":"https:\/\/www.guiagratis.com.br\/index.php\/wp-json\/wp\/v2\/users\/2"}],"replies":[{"embeddable":true,"href":"https:\/\/www.guiagratis.com.br\/index.php\/wp-json\/wp\/v2\/comments?post=2975"}],"version-history":[{"count":2,"href":"https:\/\/www.guiagratis.com.br\/index.php\/wp-json\/wp\/v2\/pages\/2975\/revisions"}],"predecessor-version":[{"id":4867,"href":"https:\/\/www.guiagratis.com.br\/index.php\/wp-json\/wp\/v2\/pages\/2975\/revisions\/4867"}],"wp:featuredmedia":[{"embeddable":true,"href":"https:\/\/www.guiagratis.com.br\/index.php\/wp-json\/"}],"wp:attachment":[{"href":"https:\/\/www.guiagratis.com.br\/index.php\/wp-json\/wp\/v2\/media?parent=2975"}],"curies":[{"name":"wp","href":"https:\/\/api.w.org\/{rel}","templated":true}]}}