{"id":2992,"date":"2025-07-11T14:56:27","date_gmt":"2025-07-11T17:56:27","guid":{"rendered":"https:\/\/www.guiagratis.com.br\/?page_id=2992"},"modified":"2025-07-12T17:20:31","modified_gmt":"2025-07-12T20:20:31","slug":"culinaria-e-receitas","status":"publish","type":"page","link":"https:\/\/www.guiagratis.com.br\/index.php\/culinaria-e-receitas\/","title":{"rendered":"Culin\u00e1ria e Receitas"},"content":{"rendered":"<p style=\"text-align: justify;\"><img loading=\"lazy\" decoding=\"async\" class=\"size-medium wp-image-4031 alignleft\" src=\"http:\/\/guiagratis.com.br\/wp-content\/uploads\/2018\/07\/culinaria-e-receitas-1-300x158.jpg\" alt=\"culinaria e receitas\" width=\"300\" height=\"158\" \/>Se voc\u00ea anda querendo variar o card\u00e1pio e n\u00e3o sabe por onde come\u00e7ar, d\u00ea uma olhada nos sites e canais de culin\u00e1ria e receitas que selecionamos para ajudar voc\u00ea a encontrar inspira\u00e7\u00e3o. Esta se\u00e7\u00e3o, como todas de nosso site, \u00e9 atualizada constantemente, ent\u00e3o voc\u00ea sempre encontrar\u00e1 novidades por aqui.<\/p>\n<h2 style=\"text-align: center;\"><span style=\"color: #cc3300;\">Os Preferidos de Nossa Equipe<\/span><\/h2>\n<h3 style=\"text-align: justify;\">\u00c0 Mesa &#8211; prazeres da gastronomia<\/h3>\n<p style=\"text-align: justify;\">Dedicado \u00e0 culin\u00e1ria brasileira e internacional. Cont\u00e9m receitas, artigos, tabelas de valores nutricionais e muitas outras informa\u00e7\u00f5es.<\/p>\n<p style=\"text-align: justify;\"><a title=\"A Mesa\" href=\"http:\/\/www.amesa.com.br\" target=\"_blank\" rel=\"noopener noreferrer\">www.amesa.com.br<\/a><\/p>\n<h3 style=\"text-align: justify;\">Trivial Variado<\/h3>\n<p style=\"text-align: justify;\">Canal de YouTube brasileiro dedicado \u00e0 culin\u00e1ria pr\u00e1tica, Muitas receitas f\u00e1ceis em v\u00eddeos curtos e objetivos, sem enrola\u00e7\u00e3o.<\/p>\n<p style=\"text-align: justify;\"><a href=\"https:\/youtube.com\/trivialvariado\">https:\/youtube.com\/trivialvariado<\/a><\/p>\n<h2 style=\"text-align: center;\"><span style=\"color: #cc3300;\">Outras Boas Op\u00e7\u00f5es<\/span><\/h2>\n<h3 style=\"text-align: justify;\">Allrecipes<\/h3>\n<p style=\"text-align: justify;\">Site de receitas colaborativo norte-americano. Voc\u00ea pode pesquisar e compartilhar suas cria\u00e7\u00f5es al\u00e9m de fazer novos amigos na comunidade.<\/p>\n<p style=\"text-align: justify;\"><a title=\"Seafood Recipes\" href=\"https:\/\/www.allrecipes.com\/\" target=\"_blank\" rel=\"noopener noreferrer\">https:\/\/www.allrecipes.com\/<\/a><\/p>\n<h3 style=\"text-align: justify;\">Almanaque Culin\u00e1rio<\/h3>\n<p style=\"text-align: justify;\">Site de culin\u00e1ria com muitas mat\u00e9rias e dicas. As receitas est\u00e3o organizadas em categorias, como forno, light, microondas e outras.<\/p>\n<p style=\"text-align: justify;\"><a title=\"Almanaque Culin\u00e1rio\" href=\"http:\/\/www.almanaqueculinario.com.br\/\" target=\"_blank\" rel=\"noopener noreferrer\">http:\/\/www.almanaqueculinario.com.br\/<\/a><\/p>\n<h3 style=\"text-align: justify;\">CyberCook<\/h3>\n<p style=\"text-align: justify;\">Um dos maiores sites do g\u00eanero da Internet brasileira. Criado com o objetivo de proporcionar aos seus usu\u00e1rios bons momentos na arte de cozinhar.<\/p>\n<p style=\"text-align: justify;\"><a title=\"CyberCook\" href=\"https:\/\/cybercook.com.br\/\" target=\"_blank\" rel=\"noopener noreferrer\">https:\/\/cybercook.com.br\/<\/a><\/p>\n<h3 style=\"text-align: justify;\">Food at Today.com<\/h3>\n<p>Pratos\u00a0para todas as ocasi\u00f5es a um simples clique. Voc\u00ea pode pesquisar por ingrediente, tipo de prato, m\u00e9todo de prepara\u00e7\u00e3o e mais.<\/p>\n<p style=\"text-align: justify;\"><a title=\"Food at Today.com\" href=\"https:\/\/www.today.com\/food\" target=\"_blank\" rel=\"noopener noreferrer\">https:\/\/www.today.com\/food<\/a><\/p>\n<h3 style=\"text-align: justify;\">Good Cooking<\/h3>\n<p style=\"text-align: justify;\">Site de gastronomia norte-americano. Se\u00e7\u00e3o gourmet, vinhos, artigos e muita informa\u00e7\u00e3o sobre gastronomia e culin\u00e1ria.<\/p>\n<p style=\"text-align: justify;\"><a title=\"Good Cooking\" href=\"https:\/\/www.goodcooking.com\/\" target=\"_blank\" rel=\"noopener noreferrer\">https:\/\/www.goodcooking.com\/<\/a><\/p>\n<h2>NordesteWeb Culin\u00e1ria<\/h2>\n<p style=\"text-align: justify;\">Site de culin\u00e1ria e receitas especializado na deliciosa cozinha nordestina. Aprenda a preparar pratos t\u00edpicos da Bahia, Alagoas, Piau\u00ed, Cear\u00e1 e outros estados.<\/p>\n<p><a title=\"NordesteWeb Culin\u00e1ria e Receitas\" href=\"http:\/\/www.nordesteweb.com\/neculin.htm\" target=\"_blank\" rel=\"noopener noreferrer\">http:\/\/www.nordesteweb.com\/neculin.htm<\/a><\/p>\n<h3 style=\"text-align: justify;\">Panelinha<\/h3>\n<p style=\"text-align: justify;\">Receitas testadas, prato do dia, card\u00e1pios para diversas ocasi\u00f5es. Tira-d\u00favidas com a culinarista Rita Lobo e espa\u00e7o para envio de receitas.<\/p>\n<p style=\"text-align: justify;\"><a title=\"Panelinha Culin\u00e1ria e Receitas\" href=\"https:\/\/www.panelinha.com.br\/\" target=\"_blank\" rel=\"noopener noreferrer\">https:\/\/www.panelinha.com.br\/<\/a><\/p>\n<h3 style=\"text-align: justify;\">Receitas da Patanisca<\/h3>\n<p style=\"text-align: justify;\">Blog portugu\u00eas de gastronomia para quem deseja poupar tempo e dinheiro. O blog \u00e9 um sucesso em Portugal e inclusive j\u00e1 virou livro.<\/p>\n<p style=\"text-align: justify;\"><a title=\"Receitas da Patanisca\" href=\"https:\/\/receitasdapatanisca.blogspot.com\/\" target=\"_blank\" rel=\"noopener noreferrer\">https:\/\/receitasdapatanisca.blogspot.com\/<\/a><\/p>\n<h3 style=\"text-align: justify;\">Roteiro Gastron\u00f4mico de Portugal<\/h3>\n<p style=\"text-align: justify;\">Site focado na gastronomia portuguesa. Traz ainda muitas informa\u00e7\u00f5es sobre vinhos, queijos e sugest\u00f5es para datas comemorativas.<\/p>\n<p style=\"text-align: justify;\"><a title=\"Roteiro Gastron\u00f4mico de Portugal\" href=\"https:\/\/gastronomias.com\/\" target=\"_blank\" rel=\"noopener noreferrer\">https:\/\/gastronomias.com\/<\/a><\/p>\n<h3 style=\"text-align: justify;\">The Spruce Eats<\/h3>\n<p style=\"text-align: justify;\">Site de receitas com o melhor da culin\u00e1ria t\u00edpica dos EUA. Desjejum, aves, frutos do mar, molhos, pratos\u00a0para datas especiais e muito mais.<\/p>\n<p style=\"text-align: justify;\"><a title=\"The Spruce Eats\" href=\"https:\/\/www.thespruceeats.com\/\" target=\"_blank\" rel=\"noopener noreferrer\">https:\/\/www.thespruceeats.com\/<\/a><\/p>\n","protected":false},"excerpt":{"rendered":"<p>Se voc\u00ea anda querendo variar o card\u00e1pio e n\u00e3o sabe por onde come\u00e7ar, d\u00ea uma olhada nos sites e canais de culin\u00e1ria e receitas que selecionamos para ajudar voc\u00ea a encontrar inspira\u00e7\u00e3o. Esta se\u00e7\u00e3o, como todas de nosso site, \u00e9 atualizada constantemente, ent\u00e3o voc\u00ea sempre encontrar\u00e1 novidades por aqui. Os Preferidos de Nossa Equipe \u00c0 &hellip; <\/p>\n","protected":false},"author":2,"featured_media":4031,"parent":0,"menu_order":0,"comment_status":"closed","ping_status":"closed","template":"","meta":{"footnotes":""},"class_list":["post-2992","page","type-page","status-publish","has-post-thumbnail","hentry","entry"],"yoast_head":"<!-- This site is optimized with the Yoast SEO plugin v27.5 - https:\/\/yoast.com\/product\/yoast-seo-wordpress\/ -->\n<title>Culin\u00e1ria e Receitas - Guia Gr\u00e1tis - guia de servi\u00e7os gr\u00e1tis<\/title>\n<meta name=\"description\" content=\"Se voc\u00ea anda querendo variar o card\u00e1pio e n\u00e3o sabe por onde come\u00e7ar, d\u00ea uma olhada nos sites de culin\u00e1ria e receitas que selecionamos para ajudar.\" \/>\n<meta name=\"robots\" content=\"index, follow, max-snippet:-1, max-image-preview:large, max-video-preview:-1\" \/>\n<link rel=\"canonical\" href=\"https:\/\/www.guiagratis.com.br\/index.php\/culinaria-e-receitas\/\" \/>\n<meta property=\"og:locale\" content=\"pt_BR\" \/>\n<meta property=\"og:type\" content=\"article\" \/>\n<meta property=\"og:title\" content=\"Culin\u00e1ria e Receitas - Guia Gr\u00e1tis - guia de servi\u00e7os gr\u00e1tis\" \/>\n<meta property=\"og:description\" content=\"Se voc\u00ea anda querendo variar o card\u00e1pio e n\u00e3o sabe por onde come\u00e7ar, d\u00ea uma olhada nos sites de culin\u00e1ria e receitas que selecionamos para ajudar.\" \/>\n<meta property=\"og:url\" content=\"https:\/\/www.guiagratis.com.br\/index.php\/culinaria-e-receitas\/\" \/>\n<meta property=\"og:site_name\" content=\"Guia Gr\u00e1tis - guia de servi\u00e7os gr\u00e1tis\" \/>\n<meta property=\"article:publisher\" content=\"https:\/\/www.facebook.com\/guiagratis\" \/>\n<meta property=\"article:modified_time\" content=\"2025-07-12T20:20:31+00:00\" \/>\n<meta name=\"twitter:card\" content=\"summary_large_image\" \/>\n<meta name=\"twitter:site\" content=\"@siteguiagratis\" \/>\n<meta name=\"twitter:label1\" content=\"Est. tempo de leitura\" \/>\n\t<meta name=\"twitter:data1\" content=\"3 minutos\" \/>\n<script type=\"application\/ld+json\" class=\"yoast-schema-graph\">{\"@context\":\"https:\\\/\\\/schema.org\",\"@graph\":[{\"@type\":\"WebPage\",\"@id\":\"https:\\\/\\\/www.guiagratis.com.br\\\/index.php\\\/culinaria-e-receitas\\\/\",\"url\":\"https:\\\/\\\/www.guiagratis.com.br\\\/index.php\\\/culinaria-e-receitas\\\/\",\"name\":\"Culin\u00e1ria e Receitas - Guia Gr\u00e1tis - guia de servi\u00e7os gr\u00e1tis\",\"isPartOf\":{\"@id\":\"https:\\\/\\\/www.guiagratis.com.br\\\/#website\"},\"primaryImageOfPage\":{\"@id\":\"https:\\\/\\\/www.guiagratis.com.br\\\/index.php\\\/culinaria-e-receitas\\\/#primaryimage\"},\"image\":{\"@id\":\"https:\\\/\\\/www.guiagratis.com.br\\\/index.php\\\/culinaria-e-receitas\\\/#primaryimage\"},\"thumbnailUrl\":\"\",\"datePublished\":\"2025-07-11T17:56:27+00:00\",\"dateModified\":\"2025-07-12T20:20:31+00:00\",\"description\":\"Se voc\u00ea anda querendo variar o card\u00e1pio e n\u00e3o sabe por onde come\u00e7ar, d\u00ea uma olhada nos sites de culin\u00e1ria e receitas que selecionamos para ajudar.\",\"breadcrumb\":{\"@id\":\"https:\\\/\\\/www.guiagratis.com.br\\\/index.php\\\/culinaria-e-receitas\\\/#breadcrumb\"},\"inLanguage\":\"pt-BR\",\"potentialAction\":[{\"@type\":\"ReadAction\",\"target\":[\"https:\\\/\\\/www.guiagratis.com.br\\\/index.php\\\/culinaria-e-receitas\\\/\"]}]},{\"@type\":\"ImageObject\",\"inLanguage\":\"pt-BR\",\"@id\":\"https:\\\/\\\/www.guiagratis.com.br\\\/index.php\\\/culinaria-e-receitas\\\/#primaryimage\",\"url\":\"\",\"contentUrl\":\"\"},{\"@type\":\"BreadcrumbList\",\"@id\":\"https:\\\/\\\/www.guiagratis.com.br\\\/index.php\\\/culinaria-e-receitas\\\/#breadcrumb\",\"itemListElement\":[{\"@type\":\"ListItem\",\"position\":1,\"name\":\"In\u00edcio\",\"item\":\"https:\\\/\\\/www.guiagratis.com.br\\\/\"},{\"@type\":\"ListItem\",\"position\":2,\"name\":\"Culin\u00e1ria e Receitas\"}]},{\"@type\":\"WebSite\",\"@id\":\"https:\\\/\\\/www.guiagratis.com.br\\\/#website\",\"url\":\"https:\\\/\\\/www.guiagratis.com.br\\\/\",\"name\":\"Guia Gr\u00e1tis - guia de servi\u00e7os gr\u00e1tis\",\"description\":\"\",\"publisher\":{\"@id\":\"https:\\\/\\\/www.guiagratis.com.br\\\/#organization\"},\"potentialAction\":[{\"@type\":\"SearchAction\",\"target\":{\"@type\":\"EntryPoint\",\"urlTemplate\":\"https:\\\/\\\/www.guiagratis.com.br\\\/?s={search_term_string}\"},\"query-input\":{\"@type\":\"PropertyValueSpecification\",\"valueRequired\":true,\"valueName\":\"search_term_string\"}}],\"inLanguage\":\"pt-BR\"},{\"@type\":\"Organization\",\"@id\":\"https:\\\/\\\/www.guiagratis.com.br\\\/#organization\",\"name\":\"Guia Gr\u00e1tis - guia de servi\u00e7os gr\u00e1tis\",\"url\":\"https:\\\/\\\/www.guiagratis.com.br\\\/\",\"logo\":{\"@type\":\"ImageObject\",\"inLanguage\":\"pt-BR\",\"@id\":\"https:\\\/\\\/www.guiagratis.com.br\\\/#\\\/schema\\\/logo\\\/image\\\/\",\"url\":\"https:\\\/\\\/www.guiagratis.com.br\\\/wp-content\\\/uploads\\\/2025\\\/05\\\/cropped-logo.gif\",\"contentUrl\":\"https:\\\/\\\/www.guiagratis.com.br\\\/wp-content\\\/uploads\\\/2025\\\/05\\\/cropped-logo.gif\",\"width\":175,\"height\":88,\"caption\":\"Guia Gr\u00e1tis - guia de servi\u00e7os gr\u00e1tis\"},\"image\":{\"@id\":\"https:\\\/\\\/www.guiagratis.com.br\\\/#\\\/schema\\\/logo\\\/image\\\/\"},\"sameAs\":[\"https:\\\/\\\/www.facebook.com\\\/guiagratis\",\"https:\\\/\\\/x.com\\\/siteguiagratis\"]}]}<\/script>\n<!-- \/ Yoast SEO plugin. -->","yoast_head_json":{"title":"Culin\u00e1ria e Receitas - Guia Gr\u00e1tis - guia de servi\u00e7os gr\u00e1tis","description":"Se voc\u00ea anda querendo variar o card\u00e1pio e n\u00e3o sabe por onde come\u00e7ar, d\u00ea uma olhada nos sites de culin\u00e1ria e receitas que selecionamos para ajudar.","robots":{"index":"index","follow":"follow","max-snippet":"max-snippet:-1","max-image-preview":"max-image-preview:large","max-video-preview":"max-video-preview:-1"},"canonical":"https:\/\/www.guiagratis.com.br\/index.php\/culinaria-e-receitas\/","og_locale":"pt_BR","og_type":"article","og_title":"Culin\u00e1ria e Receitas - Guia Gr\u00e1tis - guia de servi\u00e7os gr\u00e1tis","og_description":"Se voc\u00ea anda querendo variar o card\u00e1pio e n\u00e3o sabe por onde come\u00e7ar, d\u00ea uma olhada nos sites de culin\u00e1ria e receitas que selecionamos para ajudar.","og_url":"https:\/\/www.guiagratis.com.br\/index.php\/culinaria-e-receitas\/","og_site_name":"Guia Gr\u00e1tis - guia de servi\u00e7os gr\u00e1tis","article_publisher":"https:\/\/www.facebook.com\/guiagratis","article_modified_time":"2025-07-12T20:20:31+00:00","twitter_card":"summary_large_image","twitter_site":"@siteguiagratis","twitter_misc":{"Est. tempo de leitura":"3 minutos"},"schema":{"@context":"https:\/\/schema.org","@graph":[{"@type":"WebPage","@id":"https:\/\/www.guiagratis.com.br\/index.php\/culinaria-e-receitas\/","url":"https:\/\/www.guiagratis.com.br\/index.php\/culinaria-e-receitas\/","name":"Culin\u00e1ria e Receitas - Guia Gr\u00e1tis - guia de servi\u00e7os gr\u00e1tis","isPartOf":{"@id":"https:\/\/www.guiagratis.com.br\/#website"},"primaryImageOfPage":{"@id":"https:\/\/www.guiagratis.com.br\/index.php\/culinaria-e-receitas\/#primaryimage"},"image":{"@id":"https:\/\/www.guiagratis.com.br\/index.php\/culinaria-e-receitas\/#primaryimage"},"thumbnailUrl":"","datePublished":"2025-07-11T17:56:27+00:00","dateModified":"2025-07-12T20:20:31+00:00","description":"Se voc\u00ea anda querendo variar o card\u00e1pio e n\u00e3o sabe por onde come\u00e7ar, d\u00ea uma olhada nos sites de culin\u00e1ria e receitas que selecionamos para ajudar.","breadcrumb":{"@id":"https:\/\/www.guiagratis.com.br\/index.php\/culinaria-e-receitas\/#breadcrumb"},"inLanguage":"pt-BR","potentialAction":[{"@type":"ReadAction","target":["https:\/\/www.guiagratis.com.br\/index.php\/culinaria-e-receitas\/"]}]},{"@type":"ImageObject","inLanguage":"pt-BR","@id":"https:\/\/www.guiagratis.com.br\/index.php\/culinaria-e-receitas\/#primaryimage","url":"","contentUrl":""},{"@type":"BreadcrumbList","@id":"https:\/\/www.guiagratis.com.br\/index.php\/culinaria-e-receitas\/#breadcrumb","itemListElement":[{"@type":"ListItem","position":1,"name":"In\u00edcio","item":"https:\/\/www.guiagratis.com.br\/"},{"@type":"ListItem","position":2,"name":"Culin\u00e1ria e Receitas"}]},{"@type":"WebSite","@id":"https:\/\/www.guiagratis.com.br\/#website","url":"https:\/\/www.guiagratis.com.br\/","name":"Guia Gr\u00e1tis - guia de servi\u00e7os gr\u00e1tis","description":"","publisher":{"@id":"https:\/\/www.guiagratis.com.br\/#organization"},"potentialAction":[{"@type":"SearchAction","target":{"@type":"EntryPoint","urlTemplate":"https:\/\/www.guiagratis.com.br\/?s={search_term_string}"},"query-input":{"@type":"PropertyValueSpecification","valueRequired":true,"valueName":"search_term_string"}}],"inLanguage":"pt-BR"},{"@type":"Organization","@id":"https:\/\/www.guiagratis.com.br\/#organization","name":"Guia Gr\u00e1tis - guia de servi\u00e7os gr\u00e1tis","url":"https:\/\/www.guiagratis.com.br\/","logo":{"@type":"ImageObject","inLanguage":"pt-BR","@id":"https:\/\/www.guiagratis.com.br\/#\/schema\/logo\/image\/","url":"https:\/\/www.guiagratis.com.br\/wp-content\/uploads\/2025\/05\/cropped-logo.gif","contentUrl":"https:\/\/www.guiagratis.com.br\/wp-content\/uploads\/2025\/05\/cropped-logo.gif","width":175,"height":88,"caption":"Guia Gr\u00e1tis - guia de servi\u00e7os gr\u00e1tis"},"image":{"@id":"https:\/\/www.guiagratis.com.br\/#\/schema\/logo\/image\/"},"sameAs":["https:\/\/www.facebook.com\/guiagratis","https:\/\/x.com\/siteguiagratis"]}]}},"_links":{"self":[{"href":"https:\/\/www.guiagratis.com.br\/index.php\/wp-json\/wp\/v2\/pages\/2992","targetHints":{"allow":["GET"]}}],"collection":[{"href":"https:\/\/www.guiagratis.com.br\/index.php\/wp-json\/wp\/v2\/pages"}],"about":[{"href":"https:\/\/www.guiagratis.com.br\/index.php\/wp-json\/wp\/v2\/types\/page"}],"author":[{"embeddable":true,"href":"https:\/\/www.guiagratis.com.br\/index.php\/wp-json\/wp\/v2\/users\/2"}],"replies":[{"embeddable":true,"href":"https:\/\/www.guiagratis.com.br\/index.php\/wp-json\/wp\/v2\/comments?post=2992"}],"version-history":[{"count":1,"href":"https:\/\/www.guiagratis.com.br\/index.php\/wp-json\/wp\/v2\/pages\/2992\/revisions"}],"predecessor-version":[{"id":4844,"href":"https:\/\/www.guiagratis.com.br\/index.php\/wp-json\/wp\/v2\/pages\/2992\/revisions\/4844"}],"wp:featuredmedia":[{"embeddable":true,"href":"https:\/\/www.guiagratis.com.br\/index.php\/wp-json\/"}],"wp:attachment":[{"href":"https:\/\/www.guiagratis.com.br\/index.php\/wp-json\/wp\/v2\/media?parent=2992"}],"curies":[{"name":"wp","href":"https:\/\/api.w.org\/{rel}","templated":true}]}}