{"id":3039,"date":"2025-07-11T19:22:41","date_gmt":"2025-07-11T22:22:41","guid":{"rendered":"https:\/\/www.guiagratis.com.br\/?page_id=3039"},"modified":"2025-07-12T17:21:43","modified_gmt":"2025-07-12T20:21:43","slug":"download-de-software","status":"publish","type":"page","link":"https:\/\/www.guiagratis.com.br\/index.php\/download-de-software\/","title":{"rendered":"Download de Software"},"content":{"rendered":"<p style=\"text-align: justify;\"><img loading=\"lazy\" decoding=\"async\" class=\"size-medium wp-image-4058 alignleft\" src=\"http:\/\/guiagratis.com.br\/wp-content\/uploads\/2018\/07\/download-software-1-300x158.jpg\" alt=\"download software\" width=\"300\" height=\"158\" \/>Procurando download de software gr\u00e1tis? Aqui voc\u00ea encontra os melhores e maiores sites do mundo para download de programas shareware e freeware. Muitas vezes voc\u00ea nem imagina que pode economizar dinheiro usando um software gratuito que faz a mesma coisa que aquele conhecido software comercial.<\/p>\n<p><!-------------------- BAIXAKI --------------------><\/p>\n<h3>Baixaki<\/h3>\n<p style=\"text-align: justify;\">Site de download de software gr\u00e1tis (freeware, shareware ou trial) totalmente interativo. Voc\u00ea avalia os programas, comenta, sugere, diz o que quer ver e o que n\u00e3o quer.<\/p>\n<p><a title=\"Baixaki\" href=\"https:\/\/www.baixaki.com.br\" target=\"_blank\" rel=\"noopener noreferrer\">https:\/\/www.baixaki.com.br<\/a><br \/>\n<!-------------------- DOWNLOAD.COM --------------------><\/p>\n<h3>Download.com<\/h3>\n<p style=\"text-align: justify;\">Um dos mais tradicionais e conhecidos sites norte-americanos para download de software gr\u00e1tis. Oferece in\u00fameros programas avaliados, classificados e organizados em categorias.<\/p>\n<p><a title=\"Download.com\" href=\"http:\/\/download.com\" target=\"_blank\" rel=\"noopener noreferrer\">http:\/\/download.com<\/a><br \/>\n<!-------------------- FREEWARE HOME --------------------><\/p>\n<h3>Freeware Home<\/h3>\n<p style=\"text-align: justify;\">Um dos mais completos sites para baixar software gr\u00e1tis na Internet. Programas gratuitos para as mais diversas finalidades classificados em categorias.<\/p>\n<p><a title=\"Freeware Home\" href=\"https:\/\/www.freewarehome.com\" target=\"_blank\" rel=\"noopener noreferrer\">https:\/\/www.freewarehome.com<\/a><br \/>\n<!-------------------- MACUPDATE --------------------><\/p>\n<h3>MacUpdate<\/h3>\n<p style=\"text-align: justify;\">Um dos mais completos sites do mundo para download de software gr\u00e1tis para Macintosh. Shareware, freeware, demoware, games e muito mais.<\/p>\n<p><a title=\"MacUpdate\" href=\"https:\/\/www.macupdate.com\" target=\"_blank\" rel=\"noopener noreferrer\">https:\/\/www.macupdate.com<\/a><br \/>\n<!-------------------- SOFTDOWNLOAD --------------------><\/p>\n<h3>SoftDownload<\/h3>\n<p style=\"text-align: justify;\">Site com download de programas gratuitos com licen\u00e7a freeware e open source, aplicativos online e tutoriais de inform\u00e1tica.<\/p>\n<p><a title=\"ServerFiles.com\" href=\"https:\/\/www.softdownload.com.br\/\" target=\"_blank\" rel=\"noopener noreferrer\">https:\/\/www.softdownload.com.br<\/a><br \/>\n<!-------------------- MINI SITE --------------------><\/p>\n<h3>WinSite<\/h3>\n<p style=\"text-align: justify;\">Site para download de software gr\u00e1tis com imensa cole\u00e7\u00e3o de programas, games e screensavers. O site j\u00e1 foi bastante confuso e desorganizado, agora est\u00e1 totalmente repaginado.<\/p>\n<p><a title=\"WinSite\" href=\"https:\/\/www.winsite.com\" target=\"_blank\" rel=\"noopener noreferrer\">https:\/\/www.winsite.com<\/a><\/p>\n","protected":false},"excerpt":{"rendered":"<p>Procurando download de software gr\u00e1tis? Aqui voc\u00ea encontra os melhores e maiores sites do mundo para download de programas shareware e freeware. Muitas vezes voc\u00ea nem imagina que pode economizar dinheiro usando um software gratuito que faz a mesma coisa que aquele conhecido software comercial. Baixaki Site de download de software gr\u00e1tis (freeware, shareware ou &hellip; <\/p>\n","protected":false},"author":2,"featured_media":4058,"parent":0,"menu_order":0,"comment_status":"closed","ping_status":"closed","template":"","meta":{"footnotes":""},"class_list":["post-3039","page","type-page","status-publish","has-post-thumbnail","hentry","entry"],"yoast_head":"<!-- This site is optimized with the Yoast SEO plugin v27.5 - https:\/\/yoast.com\/product\/yoast-seo-wordpress\/ -->\n<title>Download de Software - Guia Gr\u00e1tis - guia de servi\u00e7os gr\u00e1tis<\/title>\n<meta name=\"description\" content=\"Procurando download de software gr\u00e1tis? Aqui voc\u00ea encontra os melhores e maiores sites do mundo para download de programas shareware e freeware.\" \/>\n<meta name=\"robots\" content=\"index, follow, max-snippet:-1, max-image-preview:large, max-video-preview:-1\" \/>\n<link rel=\"canonical\" href=\"https:\/\/www.guiagratis.com.br\/index.php\/download-de-software\/\" \/>\n<meta property=\"og:locale\" content=\"pt_BR\" \/>\n<meta property=\"og:type\" content=\"article\" \/>\n<meta property=\"og:title\" content=\"Download de Software - Guia Gr\u00e1tis - guia de servi\u00e7os gr\u00e1tis\" \/>\n<meta property=\"og:description\" content=\"Procurando download de software gr\u00e1tis? Aqui voc\u00ea encontra os melhores e maiores sites do mundo para download de programas shareware e freeware.\" \/>\n<meta property=\"og:url\" content=\"https:\/\/www.guiagratis.com.br\/index.php\/download-de-software\/\" \/>\n<meta property=\"og:site_name\" content=\"Guia Gr\u00e1tis - guia de servi\u00e7os gr\u00e1tis\" \/>\n<meta property=\"article:publisher\" content=\"https:\/\/www.facebook.com\/guiagratis\" \/>\n<meta property=\"article:modified_time\" content=\"2025-07-12T20:21:43+00:00\" \/>\n<meta name=\"twitter:card\" content=\"summary_large_image\" \/>\n<meta name=\"twitter:site\" content=\"@siteguiagratis\" \/>\n<meta name=\"twitter:label1\" content=\"Est. tempo de leitura\" \/>\n\t<meta name=\"twitter:data1\" content=\"2 minutos\" \/>\n<script type=\"application\/ld+json\" class=\"yoast-schema-graph\">{\"@context\":\"https:\\\/\\\/schema.org\",\"@graph\":[{\"@type\":\"WebPage\",\"@id\":\"https:\\\/\\\/www.guiagratis.com.br\\\/index.php\\\/download-de-software\\\/\",\"url\":\"https:\\\/\\\/www.guiagratis.com.br\\\/index.php\\\/download-de-software\\\/\",\"name\":\"Download de Software - Guia Gr\u00e1tis - guia de servi\u00e7os gr\u00e1tis\",\"isPartOf\":{\"@id\":\"https:\\\/\\\/www.guiagratis.com.br\\\/#website\"},\"primaryImageOfPage\":{\"@id\":\"https:\\\/\\\/www.guiagratis.com.br\\\/index.php\\\/download-de-software\\\/#primaryimage\"},\"image\":{\"@id\":\"https:\\\/\\\/www.guiagratis.com.br\\\/index.php\\\/download-de-software\\\/#primaryimage\"},\"thumbnailUrl\":\"\",\"datePublished\":\"2025-07-11T22:22:41+00:00\",\"dateModified\":\"2025-07-12T20:21:43+00:00\",\"description\":\"Procurando download de software gr\u00e1tis? Aqui voc\u00ea encontra os melhores e maiores sites do mundo para download de programas shareware e freeware.\",\"breadcrumb\":{\"@id\":\"https:\\\/\\\/www.guiagratis.com.br\\\/index.php\\\/download-de-software\\\/#breadcrumb\"},\"inLanguage\":\"pt-BR\",\"potentialAction\":[{\"@type\":\"ReadAction\",\"target\":[\"https:\\\/\\\/www.guiagratis.com.br\\\/index.php\\\/download-de-software\\\/\"]}]},{\"@type\":\"ImageObject\",\"inLanguage\":\"pt-BR\",\"@id\":\"https:\\\/\\\/www.guiagratis.com.br\\\/index.php\\\/download-de-software\\\/#primaryimage\",\"url\":\"\",\"contentUrl\":\"\"},{\"@type\":\"BreadcrumbList\",\"@id\":\"https:\\\/\\\/www.guiagratis.com.br\\\/index.php\\\/download-de-software\\\/#breadcrumb\",\"itemListElement\":[{\"@type\":\"ListItem\",\"position\":1,\"name\":\"In\u00edcio\",\"item\":\"https:\\\/\\\/www.guiagratis.com.br\\\/\"},{\"@type\":\"ListItem\",\"position\":2,\"name\":\"Download de Software\"}]},{\"@type\":\"WebSite\",\"@id\":\"https:\\\/\\\/www.guiagratis.com.br\\\/#website\",\"url\":\"https:\\\/\\\/www.guiagratis.com.br\\\/\",\"name\":\"Guia Gr\u00e1tis - guia de servi\u00e7os gr\u00e1tis\",\"description\":\"\",\"publisher\":{\"@id\":\"https:\\\/\\\/www.guiagratis.com.br\\\/#organization\"},\"potentialAction\":[{\"@type\":\"SearchAction\",\"target\":{\"@type\":\"EntryPoint\",\"urlTemplate\":\"https:\\\/\\\/www.guiagratis.com.br\\\/?s={search_term_string}\"},\"query-input\":{\"@type\":\"PropertyValueSpecification\",\"valueRequired\":true,\"valueName\":\"search_term_string\"}}],\"inLanguage\":\"pt-BR\"},{\"@type\":\"Organization\",\"@id\":\"https:\\\/\\\/www.guiagratis.com.br\\\/#organization\",\"name\":\"Guia Gr\u00e1tis - guia de servi\u00e7os gr\u00e1tis\",\"url\":\"https:\\\/\\\/www.guiagratis.com.br\\\/\",\"logo\":{\"@type\":\"ImageObject\",\"inLanguage\":\"pt-BR\",\"@id\":\"https:\\\/\\\/www.guiagratis.com.br\\\/#\\\/schema\\\/logo\\\/image\\\/\",\"url\":\"https:\\\/\\\/www.guiagratis.com.br\\\/wp-content\\\/uploads\\\/2025\\\/05\\\/cropped-logo.gif\",\"contentUrl\":\"https:\\\/\\\/www.guiagratis.com.br\\\/wp-content\\\/uploads\\\/2025\\\/05\\\/cropped-logo.gif\",\"width\":175,\"height\":88,\"caption\":\"Guia Gr\u00e1tis - guia de servi\u00e7os gr\u00e1tis\"},\"image\":{\"@id\":\"https:\\\/\\\/www.guiagratis.com.br\\\/#\\\/schema\\\/logo\\\/image\\\/\"},\"sameAs\":[\"https:\\\/\\\/www.facebook.com\\\/guiagratis\",\"https:\\\/\\\/x.com\\\/siteguiagratis\"]}]}<\/script>\n<!-- \/ Yoast SEO plugin. -->","yoast_head_json":{"title":"Download de Software - Guia Gr\u00e1tis - guia de servi\u00e7os gr\u00e1tis","description":"Procurando download de software gr\u00e1tis? Aqui voc\u00ea encontra os melhores e maiores sites do mundo para download de programas shareware e freeware.","robots":{"index":"index","follow":"follow","max-snippet":"max-snippet:-1","max-image-preview":"max-image-preview:large","max-video-preview":"max-video-preview:-1"},"canonical":"https:\/\/www.guiagratis.com.br\/index.php\/download-de-software\/","og_locale":"pt_BR","og_type":"article","og_title":"Download de Software - Guia Gr\u00e1tis - guia de servi\u00e7os gr\u00e1tis","og_description":"Procurando download de software gr\u00e1tis? Aqui voc\u00ea encontra os melhores e maiores sites do mundo para download de programas shareware e freeware.","og_url":"https:\/\/www.guiagratis.com.br\/index.php\/download-de-software\/","og_site_name":"Guia Gr\u00e1tis - guia de servi\u00e7os gr\u00e1tis","article_publisher":"https:\/\/www.facebook.com\/guiagratis","article_modified_time":"2025-07-12T20:21:43+00:00","twitter_card":"summary_large_image","twitter_site":"@siteguiagratis","twitter_misc":{"Est. tempo de leitura":"2 minutos"},"schema":{"@context":"https:\/\/schema.org","@graph":[{"@type":"WebPage","@id":"https:\/\/www.guiagratis.com.br\/index.php\/download-de-software\/","url":"https:\/\/www.guiagratis.com.br\/index.php\/download-de-software\/","name":"Download de Software - Guia Gr\u00e1tis - guia de servi\u00e7os gr\u00e1tis","isPartOf":{"@id":"https:\/\/www.guiagratis.com.br\/#website"},"primaryImageOfPage":{"@id":"https:\/\/www.guiagratis.com.br\/index.php\/download-de-software\/#primaryimage"},"image":{"@id":"https:\/\/www.guiagratis.com.br\/index.php\/download-de-software\/#primaryimage"},"thumbnailUrl":"","datePublished":"2025-07-11T22:22:41+00:00","dateModified":"2025-07-12T20:21:43+00:00","description":"Procurando download de software gr\u00e1tis? Aqui voc\u00ea encontra os melhores e maiores sites do mundo para download de programas shareware e freeware.","breadcrumb":{"@id":"https:\/\/www.guiagratis.com.br\/index.php\/download-de-software\/#breadcrumb"},"inLanguage":"pt-BR","potentialAction":[{"@type":"ReadAction","target":["https:\/\/www.guiagratis.com.br\/index.php\/download-de-software\/"]}]},{"@type":"ImageObject","inLanguage":"pt-BR","@id":"https:\/\/www.guiagratis.com.br\/index.php\/download-de-software\/#primaryimage","url":"","contentUrl":""},{"@type":"BreadcrumbList","@id":"https:\/\/www.guiagratis.com.br\/index.php\/download-de-software\/#breadcrumb","itemListElement":[{"@type":"ListItem","position":1,"name":"In\u00edcio","item":"https:\/\/www.guiagratis.com.br\/"},{"@type":"ListItem","position":2,"name":"Download de Software"}]},{"@type":"WebSite","@id":"https:\/\/www.guiagratis.com.br\/#website","url":"https:\/\/www.guiagratis.com.br\/","name":"Guia Gr\u00e1tis - guia de servi\u00e7os gr\u00e1tis","description":"","publisher":{"@id":"https:\/\/www.guiagratis.com.br\/#organization"},"potentialAction":[{"@type":"SearchAction","target":{"@type":"EntryPoint","urlTemplate":"https:\/\/www.guiagratis.com.br\/?s={search_term_string}"},"query-input":{"@type":"PropertyValueSpecification","valueRequired":true,"valueName":"search_term_string"}}],"inLanguage":"pt-BR"},{"@type":"Organization","@id":"https:\/\/www.guiagratis.com.br\/#organization","name":"Guia Gr\u00e1tis - guia de servi\u00e7os gr\u00e1tis","url":"https:\/\/www.guiagratis.com.br\/","logo":{"@type":"ImageObject","inLanguage":"pt-BR","@id":"https:\/\/www.guiagratis.com.br\/#\/schema\/logo\/image\/","url":"https:\/\/www.guiagratis.com.br\/wp-content\/uploads\/2025\/05\/cropped-logo.gif","contentUrl":"https:\/\/www.guiagratis.com.br\/wp-content\/uploads\/2025\/05\/cropped-logo.gif","width":175,"height":88,"caption":"Guia Gr\u00e1tis - guia de servi\u00e7os gr\u00e1tis"},"image":{"@id":"https:\/\/www.guiagratis.com.br\/#\/schema\/logo\/image\/"},"sameAs":["https:\/\/www.facebook.com\/guiagratis","https:\/\/x.com\/siteguiagratis"]}]}},"_links":{"self":[{"href":"https:\/\/www.guiagratis.com.br\/index.php\/wp-json\/wp\/v2\/pages\/3039","targetHints":{"allow":["GET"]}}],"collection":[{"href":"https:\/\/www.guiagratis.com.br\/index.php\/wp-json\/wp\/v2\/pages"}],"about":[{"href":"https:\/\/www.guiagratis.com.br\/index.php\/wp-json\/wp\/v2\/types\/page"}],"author":[{"embeddable":true,"href":"https:\/\/www.guiagratis.com.br\/index.php\/wp-json\/wp\/v2\/users\/2"}],"replies":[{"embeddable":true,"href":"https:\/\/www.guiagratis.com.br\/index.php\/wp-json\/wp\/v2\/comments?post=3039"}],"version-history":[{"count":3,"href":"https:\/\/www.guiagratis.com.br\/index.php\/wp-json\/wp\/v2\/pages\/3039\/revisions"}],"predecessor-version":[{"id":4877,"href":"https:\/\/www.guiagratis.com.br\/index.php\/wp-json\/wp\/v2\/pages\/3039\/revisions\/4877"}],"wp:featuredmedia":[{"embeddable":true,"href":"https:\/\/www.guiagratis.com.br\/index.php\/wp-json\/"}],"wp:attachment":[{"href":"https:\/\/www.guiagratis.com.br\/index.php\/wp-json\/wp\/v2\/media?parent=3039"}],"curies":[{"name":"wp","href":"https:\/\/api.w.org\/{rel}","templated":true}]}}