{"id":3062,"date":"2025-07-11T20:47:05","date_gmt":"2025-07-11T23:47:05","guid":{"rendered":"https:\/\/www.guiagratis.com.br\/?page_id=3062"},"modified":"2025-07-12T17:22:10","modified_gmt":"2025-07-12T20:22:10","slug":"e-mail-gratis","status":"publish","type":"page","link":"https:\/\/www.guiagratis.com.br\/index.php\/e-mail-gratis\/","title":{"rendered":"E-Mail Gr\u00e1tis"},"content":{"rendered":"<p style=\"text-align: justify;\"><img loading=\"lazy\" decoding=\"async\" class=\"size-medium wp-image-4072 alignleft\" src=\"http:\/\/guiagratis.com.br\/wp-content\/uploads\/2018\/07\/contas-de-e-mail-gratis-1-300x158.jpg\" alt=\"contas de e-mail gratis\" width=\"300\" height=\"158\" \/>Apesar de apenas alguns serem bastante conhecidos, existe uma imensa quantidade de v\u00e1rios bons servi\u00e7os de e-mail gr\u00e1tis espalhados pela Internet. Veja aqui algumas das melhores op\u00e7\u00f5es que nossa equipe selecionou para voc\u00ea. Est\u00e1 lista ser\u00e1 atualizada frequentemente, por isso n\u00e3o deixe de nos visitar sempre.<\/p>\n<h2 style=\"text-align: center;\"><span style=\"color: #cc3300;\">Os Preferidos de Nossa Equipe<\/span><\/h2>\n<h2 style=\"text-align: justify;\">GMail<\/h2>\n<p style=\"text-align: justify;\">O e-mail gr\u00e1tis do Google, com espa\u00e7o em disco ilimitado, assim voc\u00ea nunca mais precisar\u00e1 apagar uma mensagem. Se voc\u00ea preferir tamb\u00e9m pode usar seu Gmail com seu software cliente de e-mail favorito. Vale a pena conferir.<\/p>\n<p style=\"text-align: justify;\"><a title=\"GMail\" href=\"https:\/\/www.gmail.com\" target=\"_blank\" rel=\"noopener noreferrer\">https:\/\/www.gmail.com<\/a><\/p>\n<h2 style=\"text-align: justify;\">Outlook.com<\/h2>\n<p style=\"text-align: justify;\">A evolu\u00e7\u00e3o do antigo Hotmail, o e-mail gratuito da Microsoft. Oferece espa\u00e7o ilimitado que vai sendo alocado aos poucos conforme a necessidade e pode ser utilizado com o Outlook Express.<\/p>\n<p style=\"text-align: justify;\"><a title=\"Outlook.com\" href=\"https:\/\/outlook.com\" target=\"_blank\" rel=\"noopener noreferrer\">https:\/\/outlook.com<\/a><\/p>\n<h2 style=\"text-align: justify;\">ProtonMail<\/h2>\n<p style=\"text-align: justify;\">Servi\u00e7o de e-mail criado com foco em seguran\u00e7a e privacidade. As mensagens s\u00e3o armazenadas e transmitidas em formato encriptado mesmo dentro da rede de servidores do pr\u00f3prio servi\u00e7o para diminuir ao m\u00e1ximo o risco de intercep\u00e7\u00e3o. Os dados do usu\u00e1rio s\u00e3o encriptados no lado do cliente com uma chave a que o pr\u00f3pria empresa n\u00e3o possui acesso, o que significa que n\u00e3o \u00e9 poss\u00edvel fornecer os dados a terceiros. Em fun\u00e7\u00e3o da seguran\u00e7a adotada voc\u00ea tamb\u00e9m n\u00e3o tem como recuperar sua senha caso a perca. Est\u00e1 sediado na Su\u00ed\u00e7a, fora da jurisdi\u00e7\u00e3o dos EUA e da UE.<\/p>\n<p style=\"text-align: justify;\"><a title=\"ProtonMail\" href=\"https:\/\/protonmail.com\/\" target=\"_blank\" rel=\"noopener noreferrer\">https:\/\/protonmail.com\/<\/a><\/p>\n<h2 style=\"text-align: justify;\">Tutanota<\/h2>\n<p style=\"text-align: justify;\">Servi\u00e7o de e-mail e calend\u00e1rio personalizados com plano gratuito e tamb\u00e9m planos pagos oferecido por ema empresa alem\u00e3 e focado em seguran\u00e7a. Oferece prote\u00e7\u00e3o por criptografia tanto no armazenamento quanto no envio e recebimento de mensagens.<\/p>\n<p style=\"text-align: justify;\"><a title=\"Tutanota\" href=\"https:\/\/tutanota.com\/\" target=\"_blank\" rel=\"noopener noreferrer\">https:\/\/tutanota.com\/<\/a><\/p>\n<h2 style=\"text-align: center;\"><span style=\"color: #cc3300;\">Outras Boas Op\u00e7\u00f5es<\/span><\/h2>\n<h2 style=\"text-align: justify;\">BOL<\/h2>\n<p style=\"text-align: justify;\">Servi\u00e7o de e-mail gr\u00e1tis oferecido pelo portal brasileiro UOL. N\u00e3o \u00e9 redirecion\u00e1vel e o espa\u00e7o dispon\u00edvel para mensagens \u00e9 de 6 Gbytes por conta.<\/p>\n<p style=\"text-align: justify;\"><a title=\"BOL\" href=\"https:\/\/www.bol.com.br\" target=\"_blank\" rel=\"noopener noreferrer\">https:\/\/www.bol.com.br<\/a><\/p>\n<h2 style=\"text-align: justify;\">Guerrilla Mail<\/h2>\n<p style=\"text-align: justify;\">Servi\u00e7o de e-mails tempor\u00e1rios que duram 60 minutos. Op\u00e7\u00e3o interessante para aquelas oportunidades, por exemplo, em que para fazer download de algum infoproduto voc\u00ea deve informar seu e-mail. Assim voc\u00ea n\u00e3o continuar\u00e1 a receber mensagens frequentes do fornecedor do produto.<\/p>\n<p style=\"text-align: justify;\"><a title=\"Guerrilla Mail\" href=\"https:\/\/www.guerrillamail.com\/\" target=\"_blank\" rel=\"noopener noreferrer\">https:\/\/www.guerrillamail.com\/<\/a><\/p>\n<h2 style=\"text-align: justify;\">Mail.com<\/h2>\n<p style=\"text-align: justify;\">Servi\u00e7o de e-mail gr\u00e1tis com 100 Mbytes de espa\u00e7o em disco. \u00c9 acess\u00edvel via browser ou atrav\u00e9s de aplicativo IOS e Android para acesso via smartphone. Tamb\u00e9m oferece opcionalmente, mediante pagamento, acesso pop3 e smtp via cliente de e-mail.<\/p>\n<p style=\"text-align: justify;\"><a title=\"Mail.com\" href=\"https:\/\/www.mail.com\" target=\"_blank\" rel=\"noopener noreferrer\">https:\/\/www.mail.com<\/a><\/p>\n<h2 style=\"text-align: justify;\">Mailfence<\/h2>\n<p style=\"text-align: justify;\">Solu\u00e7\u00e3o de e-mail criptografada de ponta a ponta \u00fanica e interoper\u00e1vel baseada no OpenPGP em uma infraestrutura segura. O usu\u00e1rio pode escolher o que deseja criptografar, comunicar com seguran\u00e7a com outros usu\u00e1rios do OpenPGP e importar\/exportar chaves. Al\u00e9m do plano gratuito oferece planos pagos com recursos adicionais.<\/p>\n<p style=\"text-align: justify;\"><a title=\"Mailfence.com\" href=\"https:\/\/www.mailfence.com\" target=\"_blank\" rel=\"noopener noreferrer\">www.mailfence.com<\/a><\/p>\n<h2 style=\"text-align: justify;\">PortugalMail<\/h2>\n<p style=\"text-align: justify;\">E-mail gratuito portugu\u00eas. Oferece 2 Gb de espa\u00e7o para mensagens. O acesso \u00e9 gratuito via web ou IMAP, j\u00e1 o acesso via pop e smtp \u00e9 cobrado.<\/p>\n<p style=\"text-align: justify;\"><a title=\"Portugal Mail\" href=\"http:\/\/www.portugalmail.pt\" target=\"_blank\" rel=\"noopener noreferrer\">http:\/\/www.portugalmail.pt<\/a><\/p>\n<h2 style=\"text-align: justify;\">Yandex Mail<\/h2>\n<p style=\"text-align: justify;\">Servi\u00e7o russo que oferece e-mail gratuito, 10 Gb de hospedagem na nuvem, motor de buscas e mais algus recursos. O acesso a todos os recursos \u00e9 feito com um login \u00fanico.<\/p>\n<p style=\"text-align: justify;\"><a title=\"Yandex Mail\" href=\"https:\/\/mail.yandex.com\/\" target=\"_blank\" rel=\"nofollow noopener noreferrer\">https:\/\/mail.yandex.com\/<\/a><\/p>\n<h2 style=\"text-align: justify;\">Yahoo! Mail<\/h2>\n<p style=\"text-align: justify;\">Excelente servi\u00e7o de e-mail gr\u00e1tis disponibilizado pelo Yahoo!. Oferece 1 Gb para mensagens e alguns itens bastante diferenciados como voice mail e antivirus.<\/p>\n<p style=\"text-align: justify;\"><a title=\"Yahoo! Mail\" href=\"https:\/\/mail.yahoo.com\" target=\"_blank\" rel=\"noopener noreferrer\">https:\/\/mail.yahoo.com<\/a><\/p>\n","protected":false},"excerpt":{"rendered":"<p>Apesar de apenas alguns serem bastante conhecidos, existe uma imensa quantidade de v\u00e1rios bons servi\u00e7os de e-mail gr\u00e1tis espalhados pela Internet. Veja aqui algumas das melhores op\u00e7\u00f5es que nossa equipe selecionou para voc\u00ea. Est\u00e1 lista ser\u00e1 atualizada frequentemente, por isso n\u00e3o deixe de nos visitar sempre. Os Preferidos de Nossa Equipe GMail O e-mail gr\u00e1tis &hellip; <\/p>\n","protected":false},"author":2,"featured_media":4072,"parent":0,"menu_order":0,"comment_status":"closed","ping_status":"closed","template":"","meta":{"footnotes":""},"class_list":["post-3062","page","type-page","status-publish","has-post-thumbnail","hentry","entry"],"yoast_head":"<!-- This site is optimized with the Yoast SEO plugin v27.5 - https:\/\/yoast.com\/product\/yoast-seo-wordpress\/ -->\n<title>E-Mail Gr\u00e1tis - Guia Gr\u00e1tis - guia de servi\u00e7os gr\u00e1tis<\/title>\n<meta name=\"description\" content=\"Apenas alguns s\u00e3o bastante conhecidos, mas existem v\u00e1rios bons servi\u00e7os de e-mail gr\u00e1tis na Internet. Veja aqui algumas op\u00e7\u00f5es.\" \/>\n<meta name=\"robots\" content=\"index, follow, max-snippet:-1, max-image-preview:large, max-video-preview:-1\" \/>\n<link rel=\"canonical\" href=\"https:\/\/www.guiagratis.com.br\/index.php\/e-mail-gratis\/\" \/>\n<meta property=\"og:locale\" content=\"pt_BR\" \/>\n<meta property=\"og:type\" content=\"article\" \/>\n<meta property=\"og:title\" content=\"E-Mail Gr\u00e1tis - Guia Gr\u00e1tis - guia de servi\u00e7os gr\u00e1tis\" \/>\n<meta property=\"og:description\" content=\"Apenas alguns s\u00e3o bastante conhecidos, mas existem v\u00e1rios bons servi\u00e7os de e-mail gr\u00e1tis na Internet. Veja aqui algumas op\u00e7\u00f5es.\" \/>\n<meta property=\"og:url\" content=\"https:\/\/www.guiagratis.com.br\/index.php\/e-mail-gratis\/\" \/>\n<meta property=\"og:site_name\" content=\"Guia Gr\u00e1tis - guia de servi\u00e7os gr\u00e1tis\" \/>\n<meta property=\"article:publisher\" content=\"https:\/\/www.facebook.com\/guiagratis\" \/>\n<meta property=\"article:modified_time\" content=\"2025-07-12T20:22:10+00:00\" \/>\n<meta name=\"twitter:card\" content=\"summary_large_image\" \/>\n<meta name=\"twitter:site\" content=\"@siteguiagratis\" \/>\n<meta name=\"twitter:label1\" content=\"Est. tempo de leitura\" \/>\n\t<meta name=\"twitter:data1\" content=\"4 minutos\" \/>\n<script type=\"application\/ld+json\" class=\"yoast-schema-graph\">{\"@context\":\"https:\\\/\\\/schema.org\",\"@graph\":[{\"@type\":\"WebPage\",\"@id\":\"https:\\\/\\\/www.guiagratis.com.br\\\/index.php\\\/e-mail-gratis\\\/\",\"url\":\"https:\\\/\\\/www.guiagratis.com.br\\\/index.php\\\/e-mail-gratis\\\/\",\"name\":\"E-Mail Gr\u00e1tis - Guia Gr\u00e1tis - guia de servi\u00e7os gr\u00e1tis\",\"isPartOf\":{\"@id\":\"https:\\\/\\\/www.guiagratis.com.br\\\/#website\"},\"primaryImageOfPage\":{\"@id\":\"https:\\\/\\\/www.guiagratis.com.br\\\/index.php\\\/e-mail-gratis\\\/#primaryimage\"},\"image\":{\"@id\":\"https:\\\/\\\/www.guiagratis.com.br\\\/index.php\\\/e-mail-gratis\\\/#primaryimage\"},\"thumbnailUrl\":\"\",\"datePublished\":\"2025-07-11T23:47:05+00:00\",\"dateModified\":\"2025-07-12T20:22:10+00:00\",\"description\":\"Apenas alguns s\u00e3o bastante conhecidos, mas existem v\u00e1rios bons servi\u00e7os de e-mail gr\u00e1tis na Internet. Veja aqui algumas op\u00e7\u00f5es.\",\"breadcrumb\":{\"@id\":\"https:\\\/\\\/www.guiagratis.com.br\\\/index.php\\\/e-mail-gratis\\\/#breadcrumb\"},\"inLanguage\":\"pt-BR\",\"potentialAction\":[{\"@type\":\"ReadAction\",\"target\":[\"https:\\\/\\\/www.guiagratis.com.br\\\/index.php\\\/e-mail-gratis\\\/\"]}]},{\"@type\":\"ImageObject\",\"inLanguage\":\"pt-BR\",\"@id\":\"https:\\\/\\\/www.guiagratis.com.br\\\/index.php\\\/e-mail-gratis\\\/#primaryimage\",\"url\":\"\",\"contentUrl\":\"\"},{\"@type\":\"BreadcrumbList\",\"@id\":\"https:\\\/\\\/www.guiagratis.com.br\\\/index.php\\\/e-mail-gratis\\\/#breadcrumb\",\"itemListElement\":[{\"@type\":\"ListItem\",\"position\":1,\"name\":\"In\u00edcio\",\"item\":\"https:\\\/\\\/www.guiagratis.com.br\\\/\"},{\"@type\":\"ListItem\",\"position\":2,\"name\":\"E-Mail Gr\u00e1tis\"}]},{\"@type\":\"WebSite\",\"@id\":\"https:\\\/\\\/www.guiagratis.com.br\\\/#website\",\"url\":\"https:\\\/\\\/www.guiagratis.com.br\\\/\",\"name\":\"Guia Gr\u00e1tis - guia de servi\u00e7os gr\u00e1tis\",\"description\":\"\",\"publisher\":{\"@id\":\"https:\\\/\\\/www.guiagratis.com.br\\\/#organization\"},\"potentialAction\":[{\"@type\":\"SearchAction\",\"target\":{\"@type\":\"EntryPoint\",\"urlTemplate\":\"https:\\\/\\\/www.guiagratis.com.br\\\/?s={search_term_string}\"},\"query-input\":{\"@type\":\"PropertyValueSpecification\",\"valueRequired\":true,\"valueName\":\"search_term_string\"}}],\"inLanguage\":\"pt-BR\"},{\"@type\":\"Organization\",\"@id\":\"https:\\\/\\\/www.guiagratis.com.br\\\/#organization\",\"name\":\"Guia Gr\u00e1tis - guia de servi\u00e7os gr\u00e1tis\",\"url\":\"https:\\\/\\\/www.guiagratis.com.br\\\/\",\"logo\":{\"@type\":\"ImageObject\",\"inLanguage\":\"pt-BR\",\"@id\":\"https:\\\/\\\/www.guiagratis.com.br\\\/#\\\/schema\\\/logo\\\/image\\\/\",\"url\":\"https:\\\/\\\/www.guiagratis.com.br\\\/wp-content\\\/uploads\\\/2025\\\/05\\\/cropped-logo.gif\",\"contentUrl\":\"https:\\\/\\\/www.guiagratis.com.br\\\/wp-content\\\/uploads\\\/2025\\\/05\\\/cropped-logo.gif\",\"width\":175,\"height\":88,\"caption\":\"Guia Gr\u00e1tis - guia de servi\u00e7os gr\u00e1tis\"},\"image\":{\"@id\":\"https:\\\/\\\/www.guiagratis.com.br\\\/#\\\/schema\\\/logo\\\/image\\\/\"},\"sameAs\":[\"https:\\\/\\\/www.facebook.com\\\/guiagratis\",\"https:\\\/\\\/x.com\\\/siteguiagratis\"]}]}<\/script>\n<!-- \/ Yoast SEO plugin. -->","yoast_head_json":{"title":"E-Mail Gr\u00e1tis - Guia Gr\u00e1tis - guia de servi\u00e7os gr\u00e1tis","description":"Apenas alguns s\u00e3o bastante conhecidos, mas existem v\u00e1rios bons servi\u00e7os de e-mail gr\u00e1tis na Internet. Veja aqui algumas op\u00e7\u00f5es.","robots":{"index":"index","follow":"follow","max-snippet":"max-snippet:-1","max-image-preview":"max-image-preview:large","max-video-preview":"max-video-preview:-1"},"canonical":"https:\/\/www.guiagratis.com.br\/index.php\/e-mail-gratis\/","og_locale":"pt_BR","og_type":"article","og_title":"E-Mail Gr\u00e1tis - Guia Gr\u00e1tis - guia de servi\u00e7os gr\u00e1tis","og_description":"Apenas alguns s\u00e3o bastante conhecidos, mas existem v\u00e1rios bons servi\u00e7os de e-mail gr\u00e1tis na Internet. Veja aqui algumas op\u00e7\u00f5es.","og_url":"https:\/\/www.guiagratis.com.br\/index.php\/e-mail-gratis\/","og_site_name":"Guia Gr\u00e1tis - guia de servi\u00e7os gr\u00e1tis","article_publisher":"https:\/\/www.facebook.com\/guiagratis","article_modified_time":"2025-07-12T20:22:10+00:00","twitter_card":"summary_large_image","twitter_site":"@siteguiagratis","twitter_misc":{"Est. tempo de leitura":"4 minutos"},"schema":{"@context":"https:\/\/schema.org","@graph":[{"@type":"WebPage","@id":"https:\/\/www.guiagratis.com.br\/index.php\/e-mail-gratis\/","url":"https:\/\/www.guiagratis.com.br\/index.php\/e-mail-gratis\/","name":"E-Mail Gr\u00e1tis - Guia Gr\u00e1tis - guia de servi\u00e7os gr\u00e1tis","isPartOf":{"@id":"https:\/\/www.guiagratis.com.br\/#website"},"primaryImageOfPage":{"@id":"https:\/\/www.guiagratis.com.br\/index.php\/e-mail-gratis\/#primaryimage"},"image":{"@id":"https:\/\/www.guiagratis.com.br\/index.php\/e-mail-gratis\/#primaryimage"},"thumbnailUrl":"","datePublished":"2025-07-11T23:47:05+00:00","dateModified":"2025-07-12T20:22:10+00:00","description":"Apenas alguns s\u00e3o bastante conhecidos, mas existem v\u00e1rios bons servi\u00e7os de e-mail gr\u00e1tis na Internet. Veja aqui algumas op\u00e7\u00f5es.","breadcrumb":{"@id":"https:\/\/www.guiagratis.com.br\/index.php\/e-mail-gratis\/#breadcrumb"},"inLanguage":"pt-BR","potentialAction":[{"@type":"ReadAction","target":["https:\/\/www.guiagratis.com.br\/index.php\/e-mail-gratis\/"]}]},{"@type":"ImageObject","inLanguage":"pt-BR","@id":"https:\/\/www.guiagratis.com.br\/index.php\/e-mail-gratis\/#primaryimage","url":"","contentUrl":""},{"@type":"BreadcrumbList","@id":"https:\/\/www.guiagratis.com.br\/index.php\/e-mail-gratis\/#breadcrumb","itemListElement":[{"@type":"ListItem","position":1,"name":"In\u00edcio","item":"https:\/\/www.guiagratis.com.br\/"},{"@type":"ListItem","position":2,"name":"E-Mail Gr\u00e1tis"}]},{"@type":"WebSite","@id":"https:\/\/www.guiagratis.com.br\/#website","url":"https:\/\/www.guiagratis.com.br\/","name":"Guia Gr\u00e1tis - guia de servi\u00e7os gr\u00e1tis","description":"","publisher":{"@id":"https:\/\/www.guiagratis.com.br\/#organization"},"potentialAction":[{"@type":"SearchAction","target":{"@type":"EntryPoint","urlTemplate":"https:\/\/www.guiagratis.com.br\/?s={search_term_string}"},"query-input":{"@type":"PropertyValueSpecification","valueRequired":true,"valueName":"search_term_string"}}],"inLanguage":"pt-BR"},{"@type":"Organization","@id":"https:\/\/www.guiagratis.com.br\/#organization","name":"Guia Gr\u00e1tis - guia de servi\u00e7os gr\u00e1tis","url":"https:\/\/www.guiagratis.com.br\/","logo":{"@type":"ImageObject","inLanguage":"pt-BR","@id":"https:\/\/www.guiagratis.com.br\/#\/schema\/logo\/image\/","url":"https:\/\/www.guiagratis.com.br\/wp-content\/uploads\/2025\/05\/cropped-logo.gif","contentUrl":"https:\/\/www.guiagratis.com.br\/wp-content\/uploads\/2025\/05\/cropped-logo.gif","width":175,"height":88,"caption":"Guia Gr\u00e1tis - guia de servi\u00e7os gr\u00e1tis"},"image":{"@id":"https:\/\/www.guiagratis.com.br\/#\/schema\/logo\/image\/"},"sameAs":["https:\/\/www.facebook.com\/guiagratis","https:\/\/x.com\/siteguiagratis"]}]}},"_links":{"self":[{"href":"https:\/\/www.guiagratis.com.br\/index.php\/wp-json\/wp\/v2\/pages\/3062","targetHints":{"allow":["GET"]}}],"collection":[{"href":"https:\/\/www.guiagratis.com.br\/index.php\/wp-json\/wp\/v2\/pages"}],"about":[{"href":"https:\/\/www.guiagratis.com.br\/index.php\/wp-json\/wp\/v2\/types\/page"}],"author":[{"embeddable":true,"href":"https:\/\/www.guiagratis.com.br\/index.php\/wp-json\/wp\/v2\/users\/2"}],"replies":[{"embeddable":true,"href":"https:\/\/www.guiagratis.com.br\/index.php\/wp-json\/wp\/v2\/comments?post=3062"}],"version-history":[{"count":3,"href":"https:\/\/www.guiagratis.com.br\/index.php\/wp-json\/wp\/v2\/pages\/3062\/revisions"}],"predecessor-version":[{"id":4890,"href":"https:\/\/www.guiagratis.com.br\/index.php\/wp-json\/wp\/v2\/pages\/3062\/revisions\/4890"}],"wp:featuredmedia":[{"embeddable":true,"href":"https:\/\/www.guiagratis.com.br\/index.php\/wp-json\/"}],"wp:attachment":[{"href":"https:\/\/www.guiagratis.com.br\/index.php\/wp-json\/wp\/v2\/media?parent=3062"}],"curies":[{"name":"wp","href":"https:\/\/api.w.org\/{rel}","templated":true}]}}