{"id":3169,"date":"2025-07-26T08:45:22","date_gmt":"2025-07-26T11:45:22","guid":{"rendered":"https:\/\/www.guiagratis.com.br\/?page_id=3169"},"modified":"2025-07-27T08:05:44","modified_gmt":"2025-07-27T11:05:44","slug":"sites-educativos","status":"publish","type":"page","link":"https:\/\/www.guiagratis.com.br\/index.php\/sites-educativos\/","title":{"rendered":"Sites Educativos"},"content":{"rendered":"<p style=\"text-align: justify;\"><img loading=\"lazy\" decoding=\"async\" class=\"size-medium wp-image-4296 alignjustify alignleft\" src=\"http:\/\/guiagratis.com.br\/wp-content\/uploads\/2018\/09\/sites-educativos-1-300x158.jpg\" alt=\"sites educativos\" width=\"300\" height=\"158\" \/>Se voc\u00ea precisa aprimorar seus conhecimentos ou est\u00e1 em busca de material de consulta para aquele trabalho escolar esta se\u00e7\u00e3o \u00e9 para voc\u00ea.\u00a0 Aqui voc\u00ea encontra uma rela\u00e7\u00e3o de sites educativos selecionados e outros sites que podem ser extremamente \u00fateis para suas pesquisas escolares ou mesmo para seus momentos de lazer.<\/p>\n<p><!-------------------- Favoritos do Editor --------------------><\/p>\n<h2 style=\"text-align: center;\"><span style=\"color: #cc3300;\">Os Favoritos de Nosso Editor<\/span><\/h2>\n<h3 style=\"text-align: justify;\">Astronomia no Z\u00eanite<\/h3>\n<p style=\"text-align: justify;\">Site educativo dedicado \u00e0 divulga\u00e7\u00e3o cient\u00edfica, em especial \u00e0 astronomia. Muitas informa\u00e7\u00f5es sobre o tema na forma de pequenos artigos ilustrados.<\/p>\n<p style=\"text-align: justify;\"><a title=\"Z\u00eanite\" href=\"http:\/\/www.zenite.nu\" target=\"_blank\" rel=\"noopener noreferrer\">www.zenite.nu<\/a><\/p>\n<h3 style=\"text-align: justify;\">F\u00edsica.net<\/h3>\n<p style=\"text-align: justify;\">Site educativo destinado ao ensino e a divulga\u00e7\u00e3o de F\u00edsica, Astronomia e Tecnologia mantido pelo professor Alberto Ricardo Pr\u00e4ss.<\/p>\n<p style=\"text-align: justify;\"><a title=\"F\u00edsica.net\" href=\"http:\/\/www.fisica.net\/\" target=\"_blank\" rel=\"noopener noreferrer\">www.fisica.net<\/a><\/p>\n<p><!-------------------- Outras Boas Op\u00e7\u00f5es --------------------><\/p>\n<h2 style=\"text-align: center;\"><span style=\"color: #cc3300;\">Outras Boas Op\u00e7\u00f5es<\/span><\/h2>\n<h3 style=\"text-align: justify;\">Biography<\/h3>\n<p style=\"text-align: justify;\">Site educativo em ingl\u00eas contendo mais de 25.000 biografias de personalidades de todas as \u00e9pocas e lugares do mundo.<\/p>\n<p style=\"text-align: justify;\"><a title=\"Biography\" href=\"http:\/\/www.biography.com\" target=\"_blank\" rel=\"noopener noreferrer\">www.biography.com<\/a><\/p>\n<h3 style=\"text-align: justify;\">B\u00fassola Escolar<\/h3>\n<p style=\"text-align: justify;\">Links para diversos sites de cada disciplina. Ideal para os pais que sofrem procurando material para as pesquisas escolares de seus filhos.<\/p>\n<p style=\"text-align: justify;\"><a title=\"B\u00fassola Escolar\" href=\"http:\/\/www.bussolaescolar.com.br\" target=\"_blank\" rel=\"noopener noreferrer\">www.bussolaescolar.com.br<\/a><\/p>\n<h3 style=\"text-align: justify;\">e-Biografia<\/h3>\n<p style=\"text-align: justify;\">Grande site educativo brasileiro onde voc\u00ea encontra biografias em portugu\u00eas dos mais diversos personagens da hist\u00f3ria mundial.<\/p>\n<p style=\"text-align: justify;\"><a title=\"e-Biografias\" href=\"https:\/\/www.ebiografia.com\/\" target=\"_blank\" rel=\"noopener noreferrer\">https:\/\/www.ebiografia.com\/<\/a><\/p>\n<h3 style=\"text-align: justify;\">NASA<\/h3>\n<p style=\"text-align: justify;\">Embora n\u00e3o seja propriamente um site educativo, o\u00a0site da ag\u00eancia espacial norte-americana oferece muito material sobre astronomia para pesquisas escolares de uma forma divertida e descomplicada.<\/p>\n<p style=\"text-align: justify;\"><a title=\"NASA\" href=\"http:\/\/www.nasa.gov\" target=\"_blank\" rel=\"noopener noreferrer\">www.nasa.gov<\/a><\/p>\n<h3 style=\"text-align: justify;\">S\u00f3 Matem\u00e1tica<\/h3>\n<p style=\"text-align: justify;\">Site educativo com mais de 3000 p\u00e1ginas de conte\u00fado e entretenimento. Teoria, pr\u00e1tica e divers\u00e3o. Material completo, provas online, jogos, promo\u00e7\u00f5es e muito mais.<\/p>\n<p style=\"text-align: justify;\"><a title=\"S\u00f3 Matem\u00e1tica\" href=\"http:\/\/www.somatematica.com.br\" target=\"_blank\" rel=\"noopener noreferrer\">www.somatematica.com.br<\/a><\/p>\n<h3 style=\"text-align: justify;\">S\u00f3 Portugu\u00eas<\/h3>\n<p style=\"text-align: justify;\">Site inteiramente dedicado \u00e0 l\u00edngua portuguesa, abordando estruturas gramaticais (morfologia, sintaxe, fonologia, sem\u00e2ntica, estil\u00edstica), reda\u00e7\u00e3o, reforma ortogr\u00e1fica, erros comuns e diversos outros assuntos.<\/p>\n<p style=\"text-align: justify;\"><a title=\"S\u00f3 Portugu\u00eas\" href=\"https:\/\/www.soportugues.com.br\/\" target=\"_blank\" rel=\"noopener noreferrer\">https:\/\/www.soportugues.com.br\/<\/a><\/p>\n<h3 style=\"text-align: justify;\">Sua L\u00edngua<\/h3>\n<p style=\"text-align: justify;\">Site educativo mantido pelo professor Cl\u00e1udio Moreno, o site traz curiosidades, respostas a d\u00favidas dos internautas e muito mais sobre a &#8220;\u00faltima flor do L\u00e1cio&#8221;.<\/p>\n<p style=\"text-align: justify;\"><a title=\"Sua L\u00edngua\" href=\"http:\/\/www.sualingua.com.br\" target=\"_blank\" rel=\"noopener noreferrer\">www.sualingua.com.br<\/a><\/p>\n","protected":false},"excerpt":{"rendered":"<p>Se voc\u00ea precisa aprimorar seus conhecimentos ou est\u00e1 em busca de material de consulta para aquele trabalho escolar esta se\u00e7\u00e3o \u00e9 para voc\u00ea.\u00a0 Aqui voc\u00ea encontra uma rela\u00e7\u00e3o de sites educativos selecionados e outros sites que podem ser extremamente \u00fateis para suas pesquisas escolares ou mesmo para seus momentos de lazer. Os Favoritos de Nosso &hellip; <\/p>\n","protected":false},"author":2,"featured_media":4296,"parent":0,"menu_order":0,"comment_status":"closed","ping_status":"closed","template":"","meta":{"footnotes":""},"class_list":["post-3169","page","type-page","status-publish","has-post-thumbnail","hentry","entry"],"yoast_head":"<!-- This site is optimized with the Yoast SEO plugin v27.5 - https:\/\/yoast.com\/product\/yoast-seo-wordpress\/ -->\n<title>Sites Educativos - Guia Gr\u00e1tis - guia de servi\u00e7os gr\u00e1tis<\/title>\n<meta name=\"description\" content=\"Aprimore seus conhecimentos. Nessa se\u00e7\u00e3o voc\u00ea encontra v\u00e1rios sites educativos e outros sites \u00fateis para suas pesquisas escolares ou mesmo para seu lazer.\" \/>\n<meta name=\"robots\" content=\"index, follow, max-snippet:-1, max-image-preview:large, max-video-preview:-1\" \/>\n<link rel=\"canonical\" href=\"https:\/\/www.guiagratis.com.br\/index.php\/sites-educativos\/\" \/>\n<meta property=\"og:locale\" content=\"pt_BR\" \/>\n<meta property=\"og:type\" content=\"article\" \/>\n<meta property=\"og:title\" content=\"Sites Educativos - Guia Gr\u00e1tis - guia de servi\u00e7os gr\u00e1tis\" \/>\n<meta property=\"og:description\" content=\"Aprimore seus conhecimentos. Nessa se\u00e7\u00e3o voc\u00ea encontra v\u00e1rios sites educativos e outros sites \u00fateis para suas pesquisas escolares ou mesmo para seu lazer.\" \/>\n<meta property=\"og:url\" content=\"https:\/\/www.guiagratis.com.br\/index.php\/sites-educativos\/\" \/>\n<meta property=\"og:site_name\" content=\"Guia Gr\u00e1tis - guia de servi\u00e7os gr\u00e1tis\" \/>\n<meta property=\"article:publisher\" content=\"https:\/\/www.facebook.com\/guiagratis\" \/>\n<meta property=\"article:modified_time\" content=\"2025-07-27T11:05:44+00:00\" \/>\n<meta name=\"twitter:card\" content=\"summary_large_image\" \/>\n<meta name=\"twitter:site\" content=\"@siteguiagratis\" \/>\n<meta name=\"twitter:label1\" content=\"Est. tempo de leitura\" \/>\n\t<meta name=\"twitter:data1\" content=\"2 minutos\" \/>\n<script type=\"application\/ld+json\" class=\"yoast-schema-graph\">{\"@context\":\"https:\\\/\\\/schema.org\",\"@graph\":[{\"@type\":\"WebPage\",\"@id\":\"https:\\\/\\\/www.guiagratis.com.br\\\/index.php\\\/sites-educativos\\\/\",\"url\":\"https:\\\/\\\/www.guiagratis.com.br\\\/index.php\\\/sites-educativos\\\/\",\"name\":\"Sites Educativos - Guia Gr\u00e1tis - guia de servi\u00e7os gr\u00e1tis\",\"isPartOf\":{\"@id\":\"https:\\\/\\\/www.guiagratis.com.br\\\/#website\"},\"primaryImageOfPage\":{\"@id\":\"https:\\\/\\\/www.guiagratis.com.br\\\/index.php\\\/sites-educativos\\\/#primaryimage\"},\"image\":{\"@id\":\"https:\\\/\\\/www.guiagratis.com.br\\\/index.php\\\/sites-educativos\\\/#primaryimage\"},\"thumbnailUrl\":\"\",\"datePublished\":\"2025-07-26T11:45:22+00:00\",\"dateModified\":\"2025-07-27T11:05:44+00:00\",\"description\":\"Aprimore seus conhecimentos. Nessa se\u00e7\u00e3o voc\u00ea encontra v\u00e1rios sites educativos e outros sites \u00fateis para suas pesquisas escolares ou mesmo para seu lazer.\",\"breadcrumb\":{\"@id\":\"https:\\\/\\\/www.guiagratis.com.br\\\/index.php\\\/sites-educativos\\\/#breadcrumb\"},\"inLanguage\":\"pt-BR\",\"potentialAction\":[{\"@type\":\"ReadAction\",\"target\":[\"https:\\\/\\\/www.guiagratis.com.br\\\/index.php\\\/sites-educativos\\\/\"]}]},{\"@type\":\"ImageObject\",\"inLanguage\":\"pt-BR\",\"@id\":\"https:\\\/\\\/www.guiagratis.com.br\\\/index.php\\\/sites-educativos\\\/#primaryimage\",\"url\":\"\",\"contentUrl\":\"\"},{\"@type\":\"BreadcrumbList\",\"@id\":\"https:\\\/\\\/www.guiagratis.com.br\\\/index.php\\\/sites-educativos\\\/#breadcrumb\",\"itemListElement\":[{\"@type\":\"ListItem\",\"position\":1,\"name\":\"In\u00edcio\",\"item\":\"https:\\\/\\\/www.guiagratis.com.br\\\/\"},{\"@type\":\"ListItem\",\"position\":2,\"name\":\"Sites Educativos\"}]},{\"@type\":\"WebSite\",\"@id\":\"https:\\\/\\\/www.guiagratis.com.br\\\/#website\",\"url\":\"https:\\\/\\\/www.guiagratis.com.br\\\/\",\"name\":\"Guia Gr\u00e1tis - guia de servi\u00e7os gr\u00e1tis\",\"description\":\"\",\"publisher\":{\"@id\":\"https:\\\/\\\/www.guiagratis.com.br\\\/#organization\"},\"potentialAction\":[{\"@type\":\"SearchAction\",\"target\":{\"@type\":\"EntryPoint\",\"urlTemplate\":\"https:\\\/\\\/www.guiagratis.com.br\\\/?s={search_term_string}\"},\"query-input\":{\"@type\":\"PropertyValueSpecification\",\"valueRequired\":true,\"valueName\":\"search_term_string\"}}],\"inLanguage\":\"pt-BR\"},{\"@type\":\"Organization\",\"@id\":\"https:\\\/\\\/www.guiagratis.com.br\\\/#organization\",\"name\":\"Guia Gr\u00e1tis - guia de servi\u00e7os gr\u00e1tis\",\"url\":\"https:\\\/\\\/www.guiagratis.com.br\\\/\",\"logo\":{\"@type\":\"ImageObject\",\"inLanguage\":\"pt-BR\",\"@id\":\"https:\\\/\\\/www.guiagratis.com.br\\\/#\\\/schema\\\/logo\\\/image\\\/\",\"url\":\"https:\\\/\\\/www.guiagratis.com.br\\\/wp-content\\\/uploads\\\/2025\\\/05\\\/cropped-logo.gif\",\"contentUrl\":\"https:\\\/\\\/www.guiagratis.com.br\\\/wp-content\\\/uploads\\\/2025\\\/05\\\/cropped-logo.gif\",\"width\":175,\"height\":88,\"caption\":\"Guia Gr\u00e1tis - guia de servi\u00e7os gr\u00e1tis\"},\"image\":{\"@id\":\"https:\\\/\\\/www.guiagratis.com.br\\\/#\\\/schema\\\/logo\\\/image\\\/\"},\"sameAs\":[\"https:\\\/\\\/www.facebook.com\\\/guiagratis\",\"https:\\\/\\\/x.com\\\/siteguiagratis\"]}]}<\/script>\n<!-- \/ Yoast SEO plugin. -->","yoast_head_json":{"title":"Sites Educativos - Guia Gr\u00e1tis - guia de servi\u00e7os gr\u00e1tis","description":"Aprimore seus conhecimentos. Nessa se\u00e7\u00e3o voc\u00ea encontra v\u00e1rios sites educativos e outros sites \u00fateis para suas pesquisas escolares ou mesmo para seu lazer.","robots":{"index":"index","follow":"follow","max-snippet":"max-snippet:-1","max-image-preview":"max-image-preview:large","max-video-preview":"max-video-preview:-1"},"canonical":"https:\/\/www.guiagratis.com.br\/index.php\/sites-educativos\/","og_locale":"pt_BR","og_type":"article","og_title":"Sites Educativos - Guia Gr\u00e1tis - guia de servi\u00e7os gr\u00e1tis","og_description":"Aprimore seus conhecimentos. Nessa se\u00e7\u00e3o voc\u00ea encontra v\u00e1rios sites educativos e outros sites \u00fateis para suas pesquisas escolares ou mesmo para seu lazer.","og_url":"https:\/\/www.guiagratis.com.br\/index.php\/sites-educativos\/","og_site_name":"Guia Gr\u00e1tis - guia de servi\u00e7os gr\u00e1tis","article_publisher":"https:\/\/www.facebook.com\/guiagratis","article_modified_time":"2025-07-27T11:05:44+00:00","twitter_card":"summary_large_image","twitter_site":"@siteguiagratis","twitter_misc":{"Est. tempo de leitura":"2 minutos"},"schema":{"@context":"https:\/\/schema.org","@graph":[{"@type":"WebPage","@id":"https:\/\/www.guiagratis.com.br\/index.php\/sites-educativos\/","url":"https:\/\/www.guiagratis.com.br\/index.php\/sites-educativos\/","name":"Sites Educativos - Guia Gr\u00e1tis - guia de servi\u00e7os gr\u00e1tis","isPartOf":{"@id":"https:\/\/www.guiagratis.com.br\/#website"},"primaryImageOfPage":{"@id":"https:\/\/www.guiagratis.com.br\/index.php\/sites-educativos\/#primaryimage"},"image":{"@id":"https:\/\/www.guiagratis.com.br\/index.php\/sites-educativos\/#primaryimage"},"thumbnailUrl":"","datePublished":"2025-07-26T11:45:22+00:00","dateModified":"2025-07-27T11:05:44+00:00","description":"Aprimore seus conhecimentos. Nessa se\u00e7\u00e3o voc\u00ea encontra v\u00e1rios sites educativos e outros sites \u00fateis para suas pesquisas escolares ou mesmo para seu lazer.","breadcrumb":{"@id":"https:\/\/www.guiagratis.com.br\/index.php\/sites-educativos\/#breadcrumb"},"inLanguage":"pt-BR","potentialAction":[{"@type":"ReadAction","target":["https:\/\/www.guiagratis.com.br\/index.php\/sites-educativos\/"]}]},{"@type":"ImageObject","inLanguage":"pt-BR","@id":"https:\/\/www.guiagratis.com.br\/index.php\/sites-educativos\/#primaryimage","url":"","contentUrl":""},{"@type":"BreadcrumbList","@id":"https:\/\/www.guiagratis.com.br\/index.php\/sites-educativos\/#breadcrumb","itemListElement":[{"@type":"ListItem","position":1,"name":"In\u00edcio","item":"https:\/\/www.guiagratis.com.br\/"},{"@type":"ListItem","position":2,"name":"Sites Educativos"}]},{"@type":"WebSite","@id":"https:\/\/www.guiagratis.com.br\/#website","url":"https:\/\/www.guiagratis.com.br\/","name":"Guia Gr\u00e1tis - guia de servi\u00e7os gr\u00e1tis","description":"","publisher":{"@id":"https:\/\/www.guiagratis.com.br\/#organization"},"potentialAction":[{"@type":"SearchAction","target":{"@type":"EntryPoint","urlTemplate":"https:\/\/www.guiagratis.com.br\/?s={search_term_string}"},"query-input":{"@type":"PropertyValueSpecification","valueRequired":true,"valueName":"search_term_string"}}],"inLanguage":"pt-BR"},{"@type":"Organization","@id":"https:\/\/www.guiagratis.com.br\/#organization","name":"Guia Gr\u00e1tis - guia de servi\u00e7os gr\u00e1tis","url":"https:\/\/www.guiagratis.com.br\/","logo":{"@type":"ImageObject","inLanguage":"pt-BR","@id":"https:\/\/www.guiagratis.com.br\/#\/schema\/logo\/image\/","url":"https:\/\/www.guiagratis.com.br\/wp-content\/uploads\/2025\/05\/cropped-logo.gif","contentUrl":"https:\/\/www.guiagratis.com.br\/wp-content\/uploads\/2025\/05\/cropped-logo.gif","width":175,"height":88,"caption":"Guia Gr\u00e1tis - guia de servi\u00e7os gr\u00e1tis"},"image":{"@id":"https:\/\/www.guiagratis.com.br\/#\/schema\/logo\/image\/"},"sameAs":["https:\/\/www.facebook.com\/guiagratis","https:\/\/x.com\/siteguiagratis"]}]}},"_links":{"self":[{"href":"https:\/\/www.guiagratis.com.br\/index.php\/wp-json\/wp\/v2\/pages\/3169","targetHints":{"allow":["GET"]}}],"collection":[{"href":"https:\/\/www.guiagratis.com.br\/index.php\/wp-json\/wp\/v2\/pages"}],"about":[{"href":"https:\/\/www.guiagratis.com.br\/index.php\/wp-json\/wp\/v2\/types\/page"}],"author":[{"embeddable":true,"href":"https:\/\/www.guiagratis.com.br\/index.php\/wp-json\/wp\/v2\/users\/2"}],"replies":[{"embeddable":true,"href":"https:\/\/www.guiagratis.com.br\/index.php\/wp-json\/wp\/v2\/comments?post=3169"}],"version-history":[{"count":4,"href":"https:\/\/www.guiagratis.com.br\/index.php\/wp-json\/wp\/v2\/pages\/3169\/revisions"}],"predecessor-version":[{"id":5008,"href":"https:\/\/www.guiagratis.com.br\/index.php\/wp-json\/wp\/v2\/pages\/3169\/revisions\/5008"}],"wp:featuredmedia":[{"embeddable":true,"href":"https:\/\/www.guiagratis.com.br\/index.php\/wp-json\/"}],"wp:attachment":[{"href":"https:\/\/www.guiagratis.com.br\/index.php\/wp-json\/wp\/v2\/media?parent=3169"}],"curies":[{"name":"wp","href":"https:\/\/api.w.org\/{rel}","templated":true}]}}