{"id":3257,"date":"2025-07-11T19:31:19","date_gmt":"2025-07-11T22:31:19","guid":{"rendered":"https:\/\/www.guiagratis.com.br\/?page_id=3257"},"modified":"2025-07-12T17:22:35","modified_gmt":"2025-07-12T20:22:35","slug":"enquetes-pesquisas-gratis-sites-blogs","status":"publish","type":"page","link":"https:\/\/www.guiagratis.com.br\/index.php\/enquetes-pesquisas-gratis-sites-blogs\/","title":{"rendered":"Enquetes e Pesquisas Gr\u00e1tis para Sites e Blogs"},"content":{"rendered":"<p style=\"text-align: justify;\"><img loading=\"lazy\" decoding=\"async\" class=\"size-medium wp-image-4099 alignleft\" src=\"https:\/\/guiagratis.com.br\/wp-content\/uploads\/2018\/07\/enquetes-e-pesquisas-1-300x158.jpg\" alt=\"enquetes e pesquisas\" width=\"300\" height=\"158\" \/>Voc\u00ea gostaria de fazer enquetes ou pesquisas de opini\u00e3o entre os visitantes de seu site para saber que rumo deve tomar? Aqui voc\u00ea encontra v\u00e1rios sites que permitem cria\u00e7\u00e3o gr\u00e1tis de enquetes sem necessidade de conhecimento t\u00e9cnico, alguns permitem customizar o aspecto do formul\u00e1rio para adequar-se ao seu site.<\/p>\n<h2 style=\"text-align: justify;\">Freepolls<\/h2>\n<p style=\"text-align: justify;\">Maneira r\u00e1pida e f\u00e1cil de obter feedback de seus visitantes atrav\u00e9s de enquetes e pesquisas. Voc\u00ea pode customizar a apar\u00eancia, usar radio buttons, checkboxes ou menus dropdowns.<\/p>\n<p style=\"text-align: justify;\"><a title=\"Freepolls\" href=\"http:\/\/freepolls.com\" target=\"_blank\" rel=\"noopener noreferrer\">http:\/\/freepolls.com<\/a><\/p>\n","protected":false},"excerpt":{"rendered":"<p>Voc\u00ea gostaria de fazer enquetes ou pesquisas de opini\u00e3o entre os visitantes de seu site para saber que rumo deve tomar? Aqui voc\u00ea encontra v\u00e1rios sites que permitem cria\u00e7\u00e3o gr\u00e1tis de enquetes sem necessidade de conhecimento t\u00e9cnico, alguns permitem customizar o aspecto do formul\u00e1rio para adequar-se ao seu site. Freepolls Maneira r\u00e1pida e f\u00e1cil de &hellip; <\/p>\n","protected":false},"author":2,"featured_media":4099,"parent":0,"menu_order":0,"comment_status":"closed","ping_status":"closed","template":"","meta":{"footnotes":""},"class_list":["post-3257","page","type-page","status-publish","has-post-thumbnail","hentry","entry"],"yoast_head":"<!-- This site is optimized with the Yoast SEO plugin v27.5 - https:\/\/yoast.com\/product\/yoast-seo-wordpress\/ -->\n<title>Enquetes e Pesquisas Gr\u00e1tis para Sites e Blogs - Guia Gr\u00e1tis - guia de servi\u00e7os gr\u00e1tis<\/title>\n<meta name=\"description\" content=\"Voc\u00ea gostaria de fazer enquetes e pesquisas de opini\u00e3o com os visitantes de seu site? Aqui est\u00e3o sites para cria\u00e7\u00e3o gr\u00e1tis de enquetes.\" \/>\n<meta name=\"robots\" content=\"index, follow, max-snippet:-1, max-image-preview:large, max-video-preview:-1\" \/>\n<link rel=\"canonical\" href=\"https:\/\/www.guiagratis.com.br\/index.php\/enquetes-pesquisas-gratis-sites-blogs\/\" \/>\n<meta property=\"og:locale\" content=\"pt_BR\" \/>\n<meta property=\"og:type\" content=\"article\" \/>\n<meta property=\"og:title\" content=\"Enquetes e Pesquisas Gr\u00e1tis para Sites e Blogs - Guia Gr\u00e1tis - guia de servi\u00e7os gr\u00e1tis\" \/>\n<meta property=\"og:description\" content=\"Voc\u00ea gostaria de fazer enquetes e pesquisas de opini\u00e3o com os visitantes de seu site? Aqui est\u00e3o sites para cria\u00e7\u00e3o gr\u00e1tis de enquetes.\" \/>\n<meta property=\"og:url\" content=\"https:\/\/www.guiagratis.com.br\/index.php\/enquetes-pesquisas-gratis-sites-blogs\/\" \/>\n<meta property=\"og:site_name\" content=\"Guia Gr\u00e1tis - guia de servi\u00e7os gr\u00e1tis\" \/>\n<meta property=\"article:publisher\" content=\"https:\/\/www.facebook.com\/guiagratis\" \/>\n<meta property=\"article:modified_time\" content=\"2025-07-12T20:22:35+00:00\" \/>\n<meta name=\"twitter:card\" content=\"summary_large_image\" \/>\n<meta name=\"twitter:site\" content=\"@siteguiagratis\" \/>\n<meta name=\"twitter:label1\" content=\"Est. tempo de leitura\" \/>\n\t<meta name=\"twitter:data1\" content=\"1 minuto\" \/>\n<script type=\"application\/ld+json\" class=\"yoast-schema-graph\">{\"@context\":\"https:\\\/\\\/schema.org\",\"@graph\":[{\"@type\":\"WebPage\",\"@id\":\"https:\\\/\\\/www.guiagratis.com.br\\\/index.php\\\/enquetes-pesquisas-gratis-sites-blogs\\\/\",\"url\":\"https:\\\/\\\/www.guiagratis.com.br\\\/index.php\\\/enquetes-pesquisas-gratis-sites-blogs\\\/\",\"name\":\"Enquetes e Pesquisas Gr\u00e1tis para Sites e Blogs - Guia Gr\u00e1tis - guia de servi\u00e7os gr\u00e1tis\",\"isPartOf\":{\"@id\":\"https:\\\/\\\/www.guiagratis.com.br\\\/#website\"},\"primaryImageOfPage\":{\"@id\":\"https:\\\/\\\/www.guiagratis.com.br\\\/index.php\\\/enquetes-pesquisas-gratis-sites-blogs\\\/#primaryimage\"},\"image\":{\"@id\":\"https:\\\/\\\/www.guiagratis.com.br\\\/index.php\\\/enquetes-pesquisas-gratis-sites-blogs\\\/#primaryimage\"},\"thumbnailUrl\":\"\",\"datePublished\":\"2025-07-11T22:31:19+00:00\",\"dateModified\":\"2025-07-12T20:22:35+00:00\",\"description\":\"Voc\u00ea gostaria de fazer enquetes e pesquisas de opini\u00e3o com os visitantes de seu site? Aqui est\u00e3o sites para cria\u00e7\u00e3o gr\u00e1tis de enquetes.\",\"breadcrumb\":{\"@id\":\"https:\\\/\\\/www.guiagratis.com.br\\\/index.php\\\/enquetes-pesquisas-gratis-sites-blogs\\\/#breadcrumb\"},\"inLanguage\":\"pt-BR\",\"potentialAction\":[{\"@type\":\"ReadAction\",\"target\":[\"https:\\\/\\\/www.guiagratis.com.br\\\/index.php\\\/enquetes-pesquisas-gratis-sites-blogs\\\/\"]}]},{\"@type\":\"ImageObject\",\"inLanguage\":\"pt-BR\",\"@id\":\"https:\\\/\\\/www.guiagratis.com.br\\\/index.php\\\/enquetes-pesquisas-gratis-sites-blogs\\\/#primaryimage\",\"url\":\"\",\"contentUrl\":\"\"},{\"@type\":\"BreadcrumbList\",\"@id\":\"https:\\\/\\\/www.guiagratis.com.br\\\/index.php\\\/enquetes-pesquisas-gratis-sites-blogs\\\/#breadcrumb\",\"itemListElement\":[{\"@type\":\"ListItem\",\"position\":1,\"name\":\"In\u00edcio\",\"item\":\"https:\\\/\\\/www.guiagratis.com.br\\\/\"},{\"@type\":\"ListItem\",\"position\":2,\"name\":\"Enquetes e Pesquisas Gr\u00e1tis para Sites e Blogs\"}]},{\"@type\":\"WebSite\",\"@id\":\"https:\\\/\\\/www.guiagratis.com.br\\\/#website\",\"url\":\"https:\\\/\\\/www.guiagratis.com.br\\\/\",\"name\":\"Guia Gr\u00e1tis - guia de servi\u00e7os gr\u00e1tis\",\"description\":\"\",\"publisher\":{\"@id\":\"https:\\\/\\\/www.guiagratis.com.br\\\/#organization\"},\"potentialAction\":[{\"@type\":\"SearchAction\",\"target\":{\"@type\":\"EntryPoint\",\"urlTemplate\":\"https:\\\/\\\/www.guiagratis.com.br\\\/?s={search_term_string}\"},\"query-input\":{\"@type\":\"PropertyValueSpecification\",\"valueRequired\":true,\"valueName\":\"search_term_string\"}}],\"inLanguage\":\"pt-BR\"},{\"@type\":\"Organization\",\"@id\":\"https:\\\/\\\/www.guiagratis.com.br\\\/#organization\",\"name\":\"Guia Gr\u00e1tis - guia de servi\u00e7os gr\u00e1tis\",\"url\":\"https:\\\/\\\/www.guiagratis.com.br\\\/\",\"logo\":{\"@type\":\"ImageObject\",\"inLanguage\":\"pt-BR\",\"@id\":\"https:\\\/\\\/www.guiagratis.com.br\\\/#\\\/schema\\\/logo\\\/image\\\/\",\"url\":\"https:\\\/\\\/www.guiagratis.com.br\\\/wp-content\\\/uploads\\\/2025\\\/05\\\/cropped-logo.gif\",\"contentUrl\":\"https:\\\/\\\/www.guiagratis.com.br\\\/wp-content\\\/uploads\\\/2025\\\/05\\\/cropped-logo.gif\",\"width\":175,\"height\":88,\"caption\":\"Guia Gr\u00e1tis - guia de servi\u00e7os gr\u00e1tis\"},\"image\":{\"@id\":\"https:\\\/\\\/www.guiagratis.com.br\\\/#\\\/schema\\\/logo\\\/image\\\/\"},\"sameAs\":[\"https:\\\/\\\/www.facebook.com\\\/guiagratis\",\"https:\\\/\\\/x.com\\\/siteguiagratis\"]}]}<\/script>\n<!-- \/ Yoast SEO plugin. -->","yoast_head_json":{"title":"Enquetes e Pesquisas Gr\u00e1tis para Sites e Blogs - Guia Gr\u00e1tis - guia de servi\u00e7os gr\u00e1tis","description":"Voc\u00ea gostaria de fazer enquetes e pesquisas de opini\u00e3o com os visitantes de seu site? Aqui est\u00e3o sites para cria\u00e7\u00e3o gr\u00e1tis de enquetes.","robots":{"index":"index","follow":"follow","max-snippet":"max-snippet:-1","max-image-preview":"max-image-preview:large","max-video-preview":"max-video-preview:-1"},"canonical":"https:\/\/www.guiagratis.com.br\/index.php\/enquetes-pesquisas-gratis-sites-blogs\/","og_locale":"pt_BR","og_type":"article","og_title":"Enquetes e Pesquisas Gr\u00e1tis para Sites e Blogs - Guia Gr\u00e1tis - guia de servi\u00e7os gr\u00e1tis","og_description":"Voc\u00ea gostaria de fazer enquetes e pesquisas de opini\u00e3o com os visitantes de seu site? Aqui est\u00e3o sites para cria\u00e7\u00e3o gr\u00e1tis de enquetes.","og_url":"https:\/\/www.guiagratis.com.br\/index.php\/enquetes-pesquisas-gratis-sites-blogs\/","og_site_name":"Guia Gr\u00e1tis - guia de servi\u00e7os gr\u00e1tis","article_publisher":"https:\/\/www.facebook.com\/guiagratis","article_modified_time":"2025-07-12T20:22:35+00:00","twitter_card":"summary_large_image","twitter_site":"@siteguiagratis","twitter_misc":{"Est. tempo de leitura":"1 minuto"},"schema":{"@context":"https:\/\/schema.org","@graph":[{"@type":"WebPage","@id":"https:\/\/www.guiagratis.com.br\/index.php\/enquetes-pesquisas-gratis-sites-blogs\/","url":"https:\/\/www.guiagratis.com.br\/index.php\/enquetes-pesquisas-gratis-sites-blogs\/","name":"Enquetes e Pesquisas Gr\u00e1tis para Sites e Blogs - Guia Gr\u00e1tis - guia de servi\u00e7os gr\u00e1tis","isPartOf":{"@id":"https:\/\/www.guiagratis.com.br\/#website"},"primaryImageOfPage":{"@id":"https:\/\/www.guiagratis.com.br\/index.php\/enquetes-pesquisas-gratis-sites-blogs\/#primaryimage"},"image":{"@id":"https:\/\/www.guiagratis.com.br\/index.php\/enquetes-pesquisas-gratis-sites-blogs\/#primaryimage"},"thumbnailUrl":"","datePublished":"2025-07-11T22:31:19+00:00","dateModified":"2025-07-12T20:22:35+00:00","description":"Voc\u00ea gostaria de fazer enquetes e pesquisas de opini\u00e3o com os visitantes de seu site? Aqui est\u00e3o sites para cria\u00e7\u00e3o gr\u00e1tis de enquetes.","breadcrumb":{"@id":"https:\/\/www.guiagratis.com.br\/index.php\/enquetes-pesquisas-gratis-sites-blogs\/#breadcrumb"},"inLanguage":"pt-BR","potentialAction":[{"@type":"ReadAction","target":["https:\/\/www.guiagratis.com.br\/index.php\/enquetes-pesquisas-gratis-sites-blogs\/"]}]},{"@type":"ImageObject","inLanguage":"pt-BR","@id":"https:\/\/www.guiagratis.com.br\/index.php\/enquetes-pesquisas-gratis-sites-blogs\/#primaryimage","url":"","contentUrl":""},{"@type":"BreadcrumbList","@id":"https:\/\/www.guiagratis.com.br\/index.php\/enquetes-pesquisas-gratis-sites-blogs\/#breadcrumb","itemListElement":[{"@type":"ListItem","position":1,"name":"In\u00edcio","item":"https:\/\/www.guiagratis.com.br\/"},{"@type":"ListItem","position":2,"name":"Enquetes e Pesquisas Gr\u00e1tis para Sites e Blogs"}]},{"@type":"WebSite","@id":"https:\/\/www.guiagratis.com.br\/#website","url":"https:\/\/www.guiagratis.com.br\/","name":"Guia Gr\u00e1tis - guia de servi\u00e7os gr\u00e1tis","description":"","publisher":{"@id":"https:\/\/www.guiagratis.com.br\/#organization"},"potentialAction":[{"@type":"SearchAction","target":{"@type":"EntryPoint","urlTemplate":"https:\/\/www.guiagratis.com.br\/?s={search_term_string}"},"query-input":{"@type":"PropertyValueSpecification","valueRequired":true,"valueName":"search_term_string"}}],"inLanguage":"pt-BR"},{"@type":"Organization","@id":"https:\/\/www.guiagratis.com.br\/#organization","name":"Guia Gr\u00e1tis - guia de servi\u00e7os gr\u00e1tis","url":"https:\/\/www.guiagratis.com.br\/","logo":{"@type":"ImageObject","inLanguage":"pt-BR","@id":"https:\/\/www.guiagratis.com.br\/#\/schema\/logo\/image\/","url":"https:\/\/www.guiagratis.com.br\/wp-content\/uploads\/2025\/05\/cropped-logo.gif","contentUrl":"https:\/\/www.guiagratis.com.br\/wp-content\/uploads\/2025\/05\/cropped-logo.gif","width":175,"height":88,"caption":"Guia Gr\u00e1tis - guia de servi\u00e7os gr\u00e1tis"},"image":{"@id":"https:\/\/www.guiagratis.com.br\/#\/schema\/logo\/image\/"},"sameAs":["https:\/\/www.facebook.com\/guiagratis","https:\/\/x.com\/siteguiagratis"]}]}},"_links":{"self":[{"href":"https:\/\/www.guiagratis.com.br\/index.php\/wp-json\/wp\/v2\/pages\/3257","targetHints":{"allow":["GET"]}}],"collection":[{"href":"https:\/\/www.guiagratis.com.br\/index.php\/wp-json\/wp\/v2\/pages"}],"about":[{"href":"https:\/\/www.guiagratis.com.br\/index.php\/wp-json\/wp\/v2\/types\/page"}],"author":[{"embeddable":true,"href":"https:\/\/www.guiagratis.com.br\/index.php\/wp-json\/wp\/v2\/users\/2"}],"replies":[{"embeddable":true,"href":"https:\/\/www.guiagratis.com.br\/index.php\/wp-json\/wp\/v2\/comments?post=3257"}],"version-history":[{"count":3,"href":"https:\/\/www.guiagratis.com.br\/index.php\/wp-json\/wp\/v2\/pages\/3257\/revisions"}],"predecessor-version":[{"id":4898,"href":"https:\/\/www.guiagratis.com.br\/index.php\/wp-json\/wp\/v2\/pages\/3257\/revisions\/4898"}],"wp:featuredmedia":[{"embeddable":true,"href":"https:\/\/www.guiagratis.com.br\/index.php\/wp-json\/"}],"wp:attachment":[{"href":"https:\/\/www.guiagratis.com.br\/index.php\/wp-json\/wp\/v2\/media?parent=3257"}],"curies":[{"name":"wp","href":"https:\/\/api.w.org\/{rel}","templated":true}]}}