{"id":3315,"date":"2025-07-12T21:53:42","date_gmt":"2025-07-13T00:53:42","guid":{"rendered":"https:\/\/www.guiagratis.com.br\/?page_id=3315"},"modified":"2025-07-15T14:20:59","modified_gmt":"2025-07-15T17:20:59","slug":"programacao-perl","status":"publish","type":"page","link":"https:\/\/www.guiagratis.com.br\/index.php\/programacao-perl\/","title":{"rendered":"Programa\u00e7\u00e3o Perl"},"content":{"rendered":"<p style=\"text-align: justify;\"><img loading=\"lazy\" decoding=\"async\" class=\"size-medium wp-image-4194 alignleft\" src=\"http:\/\/guiagratis.com.br\/wp-content\/uploads\/2018\/08\/programacao-perl-1-300x158.jpg\" alt=\"programacao perl\" width=\"300\" height=\"158\" \/>Perl \u00e9 uma linguagem de programa\u00e7\u00e3o est\u00e1vel e multiplataforma, usada em aplica\u00e7\u00f5es de miss\u00e3o cr\u00edtica e no desenvolvimento web de todos os tipos. Embora seja uma tecnologia bastante antiga ainda tem in\u00fameros pontos favor\u00e1veis principalmente pela sua grande\u00a0<span class=\"ILfuVd yZ8quc\">adapta\u00e7\u00e3o \u00e0 manipula\u00e7\u00e3o de cadeias de caracteres.<\/span><\/p>\n<p><!--------------------FAVORITOS --------------------><\/p>\n<h2 style=\"text-align: center;\"><span style=\"color: #cc3300;\">Favoritos de Nosso Editor<\/span><\/h2>\n<h2 style=\"text-align: justify;\">Bon&#8217;s CGI Freebies<\/h2>\n<p style=\"text-align: justify;\">Site dedicado a programa\u00e7\u00e3o em Perl, com uma compila\u00e7\u00e3o de scripts gr\u00e1tis para download. Banners rotativos, contadores, formul\u00e1rios, f\u00f3runs, guestbooks e muito mais.<\/p>\n<p style=\"text-align: justify;\"><a title=\"Bon's CGI Freebies\" href=\"http:\/\/boncgi.tripod.com\" target=\"_blank\" rel=\"noopener noreferrer\">http:\/\/boncgi.tripod.com<\/a><\/p>\n<p><!-------------------- Perl.org --------------------><\/p>\n<h2 style=\"text-align: justify;\">Perl.org<\/h2>\n<p style=\"text-align: justify;\">O site oficial da linguagem, onde voc\u00ea encontra muita informa\u00e7\u00e3o sobre programa\u00e7\u00e3o Perl, comunidade de desenvolvedores, tutoriais, documenta\u00e7\u00e3o, downloads, eventos relacionados, etc.<\/p>\n<p style=\"text-align: justify;\"><a title=\"Perl.org\" href=\"http:\/\/www.perl.org\" target=\"_blank\" rel=\"noopener noreferrer\">www.perl.org<\/a><\/p>\n<p><!--------------------OUTRAS --------------------><\/p>\n<h2 style=\"text-align: center;\"><span style=\"color: #cc3300;\">Outras Boas Op\u00e7\u00f5es<\/span><\/h2>\n<p><!-------------------- Code Toad --------------------><\/p>\n<h2 style=\"text-align: justify;\">Code Toad<\/h2>\n<p style=\"text-align: justify;\">C\u00f3digos gr\u00e1tis, tutoriais e muitos outros recursos \u00fateis para quem desenvolvedores Perl e de diversas outras tecnoclogias.<\/p>\n<p style=\"text-align: justify;\"><a href=\"http:\/\/www.codetoad.com\/\" target=\"_blank\" rel=\"noopener noreferrer\">www.codetoad.com\/<\/a><\/p>\n<p><!-------------------- Matt's Script Archive --------------------><\/p>\n<h2 style=\"text-align: justify;\">Matt&#8217;s Script Archive<\/h2>\n<p style=\"text-align: justify;\">Um dos mais antigos e conhecidos sites sobre programa\u00e7\u00e3o CGI na web. Todos os scripts s\u00e3o muito bem documentados e todos trazem demos para que voc\u00ea teste o funcionamento.<\/p>\n<p style=\"text-align: justify;\"><a title=\"Matt's Script Archieve\" href=\"http:\/\/www.scriptarchive.com\" target=\"_blank\" rel=\"noopener noreferrer\">www.scriptarchive.com<\/a><\/p>\n<p><!-------------------- Page Resource --------------------><\/p>\n<h2 style=\"text-align: justify;\">Page Resource<\/h2>\n<p style=\"text-align: justify;\">Tutoriais sobre Perl e v\u00e1rias outras tecnologias. Inclui ainda v\u00e1rios c\u00f3digos prontos &#8220;cut &amp; paste&#8221; para uso em seu site.<\/p>\n<p style=\"text-align: justify;\"><a title=\"Page Resource\" href=\"http:\/\/www.pageresource.com\" target=\"_blank\" rel=\"noopener noreferrer\">www.pageresource.com<\/a><\/p>\n<p><!-------------------- SitePoint --------------------><\/p>\n<h2 style=\"text-align: justify;\">SitePoint<\/h2>\n<p style=\"text-align: justify;\">Publica\u00e7\u00e3o web focada em fornecer informa\u00e7\u00f5es \u00fateis a profissionais web. Muita informa\u00e7\u00e3o sobre Perl e diversas outras. Traz tamb\u00e9m material n\u00e3o ligado especificamente \u00e0 programa\u00e7\u00e3o mas voltado ao aprimoramento do exerc\u00edcio profissional do desenvolvedor.<\/p>\n<p style=\"text-align: justify;\"><a href=\"https:\/\/www.sitepoint.com\/\" target=\"_blank\" rel=\"noopener noreferrer\">https:\/\/www.sitepoint.com<\/a><\/p>\n","protected":false},"excerpt":{"rendered":"<p>Perl \u00e9 uma linguagem de programa\u00e7\u00e3o est\u00e1vel e multiplataforma, usada em aplica\u00e7\u00f5es de miss\u00e3o cr\u00edtica e no desenvolvimento web de todos os tipos. Embora seja uma tecnologia bastante antiga ainda tem in\u00fameros pontos favor\u00e1veis principalmente pela sua grande\u00a0adapta\u00e7\u00e3o \u00e0 manipula\u00e7\u00e3o de cadeias de caracteres. Favoritos de Nosso Editor Bon&#8217;s CGI Freebies Site dedicado a programa\u00e7\u00e3o &hellip; <\/p>\n","protected":false},"author":2,"featured_media":4194,"parent":0,"menu_order":0,"comment_status":"closed","ping_status":"closed","template":"","meta":{"footnotes":""},"class_list":["post-3315","page","type-page","status-publish","has-post-thumbnail","hentry","entry"],"yoast_head":"<!-- This site is optimized with the Yoast SEO plugin v27.5 - https:\/\/yoast.com\/product\/yoast-seo-wordpress\/ -->\n<title>Programa\u00e7\u00e3o Perl - Guia Gr\u00e1tis - guia de servi\u00e7os gr\u00e1tis<\/title>\n<meta name=\"description\" content=\"Perl \u00e9 uma linguagem de programa\u00e7\u00e3o est\u00e1vel e multiplataforma, usada em aplica\u00e7\u00f5es de miss\u00e3o cr\u00edtica e no desenvolvimento web de todos os tipos.\" \/>\n<meta name=\"robots\" content=\"index, follow, max-snippet:-1, max-image-preview:large, max-video-preview:-1\" \/>\n<link rel=\"canonical\" href=\"https:\/\/www.guiagratis.com.br\/index.php\/programacao-perl\/\" \/>\n<meta property=\"og:locale\" content=\"pt_BR\" \/>\n<meta property=\"og:type\" content=\"article\" \/>\n<meta property=\"og:title\" content=\"Programa\u00e7\u00e3o Perl - Guia Gr\u00e1tis - guia de servi\u00e7os gr\u00e1tis\" \/>\n<meta property=\"og:description\" content=\"Perl \u00e9 uma linguagem de programa\u00e7\u00e3o est\u00e1vel e multiplataforma, usada em aplica\u00e7\u00f5es de miss\u00e3o cr\u00edtica e no desenvolvimento web de todos os tipos.\" \/>\n<meta property=\"og:url\" content=\"https:\/\/www.guiagratis.com.br\/index.php\/programacao-perl\/\" \/>\n<meta property=\"og:site_name\" content=\"Guia Gr\u00e1tis - guia de servi\u00e7os gr\u00e1tis\" \/>\n<meta property=\"article:publisher\" content=\"https:\/\/www.facebook.com\/guiagratis\" \/>\n<meta property=\"article:modified_time\" content=\"2025-07-15T17:20:59+00:00\" \/>\n<meta name=\"twitter:card\" content=\"summary_large_image\" \/>\n<meta name=\"twitter:site\" content=\"@siteguiagratis\" \/>\n<meta name=\"twitter:label1\" content=\"Est. tempo de leitura\" \/>\n\t<meta name=\"twitter:data1\" content=\"2 minutos\" \/>\n<script type=\"application\/ld+json\" class=\"yoast-schema-graph\">{\"@context\":\"https:\\\/\\\/schema.org\",\"@graph\":[{\"@type\":\"WebPage\",\"@id\":\"https:\\\/\\\/www.guiagratis.com.br\\\/index.php\\\/programacao-perl\\\/\",\"url\":\"https:\\\/\\\/www.guiagratis.com.br\\\/index.php\\\/programacao-perl\\\/\",\"name\":\"Programa\u00e7\u00e3o Perl - Guia Gr\u00e1tis - guia de servi\u00e7os gr\u00e1tis\",\"isPartOf\":{\"@id\":\"https:\\\/\\\/www.guiagratis.com.br\\\/#website\"},\"primaryImageOfPage\":{\"@id\":\"https:\\\/\\\/www.guiagratis.com.br\\\/index.php\\\/programacao-perl\\\/#primaryimage\"},\"image\":{\"@id\":\"https:\\\/\\\/www.guiagratis.com.br\\\/index.php\\\/programacao-perl\\\/#primaryimage\"},\"thumbnailUrl\":\"\",\"datePublished\":\"2025-07-13T00:53:42+00:00\",\"dateModified\":\"2025-07-15T17:20:59+00:00\",\"description\":\"Perl \u00e9 uma linguagem de programa\u00e7\u00e3o est\u00e1vel e multiplataforma, usada em aplica\u00e7\u00f5es de miss\u00e3o cr\u00edtica e no desenvolvimento web de todos os tipos.\",\"breadcrumb\":{\"@id\":\"https:\\\/\\\/www.guiagratis.com.br\\\/index.php\\\/programacao-perl\\\/#breadcrumb\"},\"inLanguage\":\"pt-BR\",\"potentialAction\":[{\"@type\":\"ReadAction\",\"target\":[\"https:\\\/\\\/www.guiagratis.com.br\\\/index.php\\\/programacao-perl\\\/\"]}]},{\"@type\":\"ImageObject\",\"inLanguage\":\"pt-BR\",\"@id\":\"https:\\\/\\\/www.guiagratis.com.br\\\/index.php\\\/programacao-perl\\\/#primaryimage\",\"url\":\"\",\"contentUrl\":\"\"},{\"@type\":\"BreadcrumbList\",\"@id\":\"https:\\\/\\\/www.guiagratis.com.br\\\/index.php\\\/programacao-perl\\\/#breadcrumb\",\"itemListElement\":[{\"@type\":\"ListItem\",\"position\":1,\"name\":\"In\u00edcio\",\"item\":\"https:\\\/\\\/www.guiagratis.com.br\\\/\"},{\"@type\":\"ListItem\",\"position\":2,\"name\":\"Programa\u00e7\u00e3o Perl\"}]},{\"@type\":\"WebSite\",\"@id\":\"https:\\\/\\\/www.guiagratis.com.br\\\/#website\",\"url\":\"https:\\\/\\\/www.guiagratis.com.br\\\/\",\"name\":\"Guia Gr\u00e1tis - guia de servi\u00e7os gr\u00e1tis\",\"description\":\"\",\"publisher\":{\"@id\":\"https:\\\/\\\/www.guiagratis.com.br\\\/#organization\"},\"potentialAction\":[{\"@type\":\"SearchAction\",\"target\":{\"@type\":\"EntryPoint\",\"urlTemplate\":\"https:\\\/\\\/www.guiagratis.com.br\\\/?s={search_term_string}\"},\"query-input\":{\"@type\":\"PropertyValueSpecification\",\"valueRequired\":true,\"valueName\":\"search_term_string\"}}],\"inLanguage\":\"pt-BR\"},{\"@type\":\"Organization\",\"@id\":\"https:\\\/\\\/www.guiagratis.com.br\\\/#organization\",\"name\":\"Guia Gr\u00e1tis - guia de servi\u00e7os gr\u00e1tis\",\"url\":\"https:\\\/\\\/www.guiagratis.com.br\\\/\",\"logo\":{\"@type\":\"ImageObject\",\"inLanguage\":\"pt-BR\",\"@id\":\"https:\\\/\\\/www.guiagratis.com.br\\\/#\\\/schema\\\/logo\\\/image\\\/\",\"url\":\"https:\\\/\\\/www.guiagratis.com.br\\\/wp-content\\\/uploads\\\/2025\\\/05\\\/cropped-logo.gif\",\"contentUrl\":\"https:\\\/\\\/www.guiagratis.com.br\\\/wp-content\\\/uploads\\\/2025\\\/05\\\/cropped-logo.gif\",\"width\":175,\"height\":88,\"caption\":\"Guia Gr\u00e1tis - guia de servi\u00e7os gr\u00e1tis\"},\"image\":{\"@id\":\"https:\\\/\\\/www.guiagratis.com.br\\\/#\\\/schema\\\/logo\\\/image\\\/\"},\"sameAs\":[\"https:\\\/\\\/www.facebook.com\\\/guiagratis\",\"https:\\\/\\\/x.com\\\/siteguiagratis\"]}]}<\/script>\n<!-- \/ Yoast SEO plugin. -->","yoast_head_json":{"title":"Programa\u00e7\u00e3o Perl - Guia Gr\u00e1tis - guia de servi\u00e7os gr\u00e1tis","description":"Perl \u00e9 uma linguagem de programa\u00e7\u00e3o est\u00e1vel e multiplataforma, usada em aplica\u00e7\u00f5es de miss\u00e3o cr\u00edtica e no desenvolvimento web de todos os tipos.","robots":{"index":"index","follow":"follow","max-snippet":"max-snippet:-1","max-image-preview":"max-image-preview:large","max-video-preview":"max-video-preview:-1"},"canonical":"https:\/\/www.guiagratis.com.br\/index.php\/programacao-perl\/","og_locale":"pt_BR","og_type":"article","og_title":"Programa\u00e7\u00e3o Perl - Guia Gr\u00e1tis - guia de servi\u00e7os gr\u00e1tis","og_description":"Perl \u00e9 uma linguagem de programa\u00e7\u00e3o est\u00e1vel e multiplataforma, usada em aplica\u00e7\u00f5es de miss\u00e3o cr\u00edtica e no desenvolvimento web de todos os tipos.","og_url":"https:\/\/www.guiagratis.com.br\/index.php\/programacao-perl\/","og_site_name":"Guia Gr\u00e1tis - guia de servi\u00e7os gr\u00e1tis","article_publisher":"https:\/\/www.facebook.com\/guiagratis","article_modified_time":"2025-07-15T17:20:59+00:00","twitter_card":"summary_large_image","twitter_site":"@siteguiagratis","twitter_misc":{"Est. tempo de leitura":"2 minutos"},"schema":{"@context":"https:\/\/schema.org","@graph":[{"@type":"WebPage","@id":"https:\/\/www.guiagratis.com.br\/index.php\/programacao-perl\/","url":"https:\/\/www.guiagratis.com.br\/index.php\/programacao-perl\/","name":"Programa\u00e7\u00e3o Perl - Guia Gr\u00e1tis - guia de servi\u00e7os gr\u00e1tis","isPartOf":{"@id":"https:\/\/www.guiagratis.com.br\/#website"},"primaryImageOfPage":{"@id":"https:\/\/www.guiagratis.com.br\/index.php\/programacao-perl\/#primaryimage"},"image":{"@id":"https:\/\/www.guiagratis.com.br\/index.php\/programacao-perl\/#primaryimage"},"thumbnailUrl":"","datePublished":"2025-07-13T00:53:42+00:00","dateModified":"2025-07-15T17:20:59+00:00","description":"Perl \u00e9 uma linguagem de programa\u00e7\u00e3o est\u00e1vel e multiplataforma, usada em aplica\u00e7\u00f5es de miss\u00e3o cr\u00edtica e no desenvolvimento web de todos os tipos.","breadcrumb":{"@id":"https:\/\/www.guiagratis.com.br\/index.php\/programacao-perl\/#breadcrumb"},"inLanguage":"pt-BR","potentialAction":[{"@type":"ReadAction","target":["https:\/\/www.guiagratis.com.br\/index.php\/programacao-perl\/"]}]},{"@type":"ImageObject","inLanguage":"pt-BR","@id":"https:\/\/www.guiagratis.com.br\/index.php\/programacao-perl\/#primaryimage","url":"","contentUrl":""},{"@type":"BreadcrumbList","@id":"https:\/\/www.guiagratis.com.br\/index.php\/programacao-perl\/#breadcrumb","itemListElement":[{"@type":"ListItem","position":1,"name":"In\u00edcio","item":"https:\/\/www.guiagratis.com.br\/"},{"@type":"ListItem","position":2,"name":"Programa\u00e7\u00e3o Perl"}]},{"@type":"WebSite","@id":"https:\/\/www.guiagratis.com.br\/#website","url":"https:\/\/www.guiagratis.com.br\/","name":"Guia Gr\u00e1tis - guia de servi\u00e7os gr\u00e1tis","description":"","publisher":{"@id":"https:\/\/www.guiagratis.com.br\/#organization"},"potentialAction":[{"@type":"SearchAction","target":{"@type":"EntryPoint","urlTemplate":"https:\/\/www.guiagratis.com.br\/?s={search_term_string}"},"query-input":{"@type":"PropertyValueSpecification","valueRequired":true,"valueName":"search_term_string"}}],"inLanguage":"pt-BR"},{"@type":"Organization","@id":"https:\/\/www.guiagratis.com.br\/#organization","name":"Guia Gr\u00e1tis - guia de servi\u00e7os gr\u00e1tis","url":"https:\/\/www.guiagratis.com.br\/","logo":{"@type":"ImageObject","inLanguage":"pt-BR","@id":"https:\/\/www.guiagratis.com.br\/#\/schema\/logo\/image\/","url":"https:\/\/www.guiagratis.com.br\/wp-content\/uploads\/2025\/05\/cropped-logo.gif","contentUrl":"https:\/\/www.guiagratis.com.br\/wp-content\/uploads\/2025\/05\/cropped-logo.gif","width":175,"height":88,"caption":"Guia Gr\u00e1tis - guia de servi\u00e7os gr\u00e1tis"},"image":{"@id":"https:\/\/www.guiagratis.com.br\/#\/schema\/logo\/image\/"},"sameAs":["https:\/\/www.facebook.com\/guiagratis","https:\/\/x.com\/siteguiagratis"]}]}},"_links":{"self":[{"href":"https:\/\/www.guiagratis.com.br\/index.php\/wp-json\/wp\/v2\/pages\/3315","targetHints":{"allow":["GET"]}}],"collection":[{"href":"https:\/\/www.guiagratis.com.br\/index.php\/wp-json\/wp\/v2\/pages"}],"about":[{"href":"https:\/\/www.guiagratis.com.br\/index.php\/wp-json\/wp\/v2\/types\/page"}],"author":[{"embeddable":true,"href":"https:\/\/www.guiagratis.com.br\/index.php\/wp-json\/wp\/v2\/users\/2"}],"replies":[{"embeddable":true,"href":"https:\/\/www.guiagratis.com.br\/index.php\/wp-json\/wp\/v2\/comments?post=3315"}],"version-history":[{"count":4,"href":"https:\/\/www.guiagratis.com.br\/index.php\/wp-json\/wp\/v2\/pages\/3315\/revisions"}],"predecessor-version":[{"id":4979,"href":"https:\/\/www.guiagratis.com.br\/index.php\/wp-json\/wp\/v2\/pages\/3315\/revisions\/4979"}],"wp:featuredmedia":[{"embeddable":true,"href":"https:\/\/www.guiagratis.com.br\/index.php\/wp-json\/"}],"wp:attachment":[{"href":"https:\/\/www.guiagratis.com.br\/index.php\/wp-json\/wp\/v2\/media?parent=3315"}],"curies":[{"name":"wp","href":"https:\/\/api.w.org\/{rel}","templated":true}]}}