{"id":3395,"date":"2025-07-11T05:47:58","date_gmt":"2025-07-11T08:47:58","guid":{"rendered":"https:\/\/www.guiagratis.com.br\/?page_id=3395"},"modified":"2025-07-12T17:22:46","modified_gmt":"2025-07-12T20:22:46","slug":"estatisticas-de-acesso-gratis","status":"publish","type":"page","link":"https:\/\/www.guiagratis.com.br\/index.php\/estatisticas-de-acesso-gratis\/","title":{"rendered":"Estat\u00edsticas de Acesso Gr\u00e1tis"},"content":{"rendered":"<p style=\"text-align: justify;\"><img loading=\"lazy\" decoding=\"async\" class=\"size-medium wp-image-4106 alignleft\" src=\"http:\/\/guiagratis.com.br\/wp-content\/uploads\/2018\/07\/estatisticas-de-acesso-1-300x158.jpg\" alt=\"estatisticas de acesso\" width=\"300\" height=\"158\" \/>Monitorar as estat\u00edsticas de acesso de seu site \u00e9 importante para que voc\u00ea conhe\u00e7a melhor seus visitantes, acompanhe a evolu\u00e7\u00e3o de seus acessos di\u00e1rios e possa projetar com mais precis\u00e3o o futuro de seu site ou blog. Veja algumas op\u00e7\u00f5es de servi\u00e7os gr\u00e1tis que permitem que voc\u00ea tenha acesso a esses dados estat\u00edsticos t\u00e3o importantes.<\/p>\n<p><!-------------------- PREFERIDOS --------------------><\/p>\n<h2 style=\"text-align: center;\"><span style=\"color: #cc3300;\">Os Preferidos de Nossa Equipe<\/span><\/h2>\n<p><!-------------------- GOOGLE ANALYTICS ----------><\/p>\n<h2 style=\"text-align: justify;\">Google Analytics<\/h2>\n<p style=\"text-align: justify;\">O Google Analytics \u00e9 com certeza o mais completo sistema de estat\u00edsticas gr\u00e1tis da atualidade, sua extrema versatilidade e os relat\u00f3rios extremamente completos superam inclusive muitas ferramentas pagas.<\/p>\n<p style=\"text-align: justify;\"><a title=\"Google Analytics\" href=\"http:\/\/www.google.com\/analytics\" target=\"_blank\" rel=\"noopener noreferrer\">www.google.com\/analytics<\/a><\/p>\n<p><!-------------------- OUTRAS BOAS OP\u00c7\u00d5ES --------------------><\/p>\n<h2 style=\"text-align: center;\"><span style=\"color: #cc3300;\">Outras Boas Op\u00e7\u00f5es<\/span><\/h2>\n<p><!-------------------- BRAVENET --------------------><\/p>\n<h2 style=\"text-align: justify;\">Bravenet Hit Counter and Live Site Statistics<\/h2>\n<p style=\"text-align: justify;\">Excelente controle estat\u00edstico dos acessos de seu site oferecido pela Bravenet. Inclui gr\u00e1ficos bastante detalhados com uma boa an\u00e1lise demogr\u00e1fica, origem do visitante, palavras mais buscadas e muitos outros recursos \u00fateis. Totalmente compat\u00edvel com mobile, voc\u00ea pode controlas as estat\u00edsticas de seu site pelo smatphone.<\/p>\n<p style=\"text-align: justify;\"><a title=\"Bravenet\" href=\"http:\/\/www.bravenet.com\/webtools\/counter\/\" target=\"_blank\" rel=\"noopener noreferrer\">www.bravenet.com\/webtools\/counter\/<\/a><\/p>\n<p><!-------------------- EXTREME TRACKING --------------------><\/p>\n<h2 style=\"text-align: justify;\">eXTReMe Tracking<\/h2>\n<p style=\"text-align: justify;\">Tracking bastante completo, que mant\u00e9m dados importantes sobre os \u00faltimos 20 visitantes. A vers\u00e3o gratuita s\u00f3 permite estat\u00edsticas p\u00fablicas.<\/p>\n<p style=\"text-align: justify;\"><a title=\"eXTReMe Tracking\" href=\"http:\/\/extremetracking.com\" target=\"_blank\" rel=\"noopener noreferrer\">http:\/\/extremetracking.com<\/a><\/p>\n<p style=\"text-align: justify;\">\n","protected":false},"excerpt":{"rendered":"<p>Monitorar as estat\u00edsticas de acesso de seu site \u00e9 importante para que voc\u00ea conhe\u00e7a melhor seus visitantes, acompanhe a evolu\u00e7\u00e3o de seus acessos di\u00e1rios e possa projetar com mais precis\u00e3o o futuro de seu site ou blog. Veja algumas op\u00e7\u00f5es de servi\u00e7os gr\u00e1tis que permitem que voc\u00ea tenha acesso a esses dados estat\u00edsticos t\u00e3o importantes. &hellip; <\/p>\n","protected":false},"author":2,"featured_media":4106,"parent":0,"menu_order":0,"comment_status":"closed","ping_status":"closed","template":"","meta":{"footnotes":""},"class_list":["post-3395","page","type-page","status-publish","has-post-thumbnail","hentry","entry"],"yoast_head":"<!-- This site is optimized with the Yoast SEO plugin v27.5 - https:\/\/yoast.com\/product\/yoast-seo-wordpress\/ -->\n<title>Estat\u00edsticas de Acesso Gr\u00e1tis - Guia Gr\u00e1tis - guia de servi\u00e7os gr\u00e1tis<\/title>\n<meta name=\"description\" content=\"Monitorar as estat\u00edsticas de acesso de seu site \u00e9 importante para acompanhar a evolu\u00e7\u00e3o e projetar o futuro de seu site. Veja algumas op\u00e7\u00f5es gr\u00e1tis.\" \/>\n<meta name=\"robots\" content=\"index, follow, max-snippet:-1, max-image-preview:large, max-video-preview:-1\" \/>\n<link rel=\"canonical\" href=\"https:\/\/www.guiagratis.com.br\/index.php\/estatisticas-de-acesso-gratis\/\" \/>\n<meta property=\"og:locale\" content=\"pt_BR\" \/>\n<meta property=\"og:type\" content=\"article\" \/>\n<meta property=\"og:title\" content=\"Estat\u00edsticas de Acesso Gr\u00e1tis - Guia Gr\u00e1tis - guia de servi\u00e7os gr\u00e1tis\" \/>\n<meta property=\"og:description\" content=\"Monitorar as estat\u00edsticas de acesso de seu site \u00e9 importante para acompanhar a evolu\u00e7\u00e3o e projetar o futuro de seu site. Veja algumas op\u00e7\u00f5es gr\u00e1tis.\" \/>\n<meta property=\"og:url\" content=\"https:\/\/www.guiagratis.com.br\/index.php\/estatisticas-de-acesso-gratis\/\" \/>\n<meta property=\"og:site_name\" content=\"Guia Gr\u00e1tis - guia de servi\u00e7os gr\u00e1tis\" \/>\n<meta property=\"article:publisher\" content=\"https:\/\/www.facebook.com\/guiagratis\" \/>\n<meta property=\"article:modified_time\" content=\"2025-07-12T20:22:46+00:00\" \/>\n<meta name=\"twitter:card\" content=\"summary_large_image\" \/>\n<meta name=\"twitter:site\" content=\"@siteguiagratis\" \/>\n<meta name=\"twitter:label1\" content=\"Est. tempo de leitura\" \/>\n\t<meta name=\"twitter:data1\" content=\"2 minutos\" \/>\n<script type=\"application\/ld+json\" class=\"yoast-schema-graph\">{\"@context\":\"https:\\\/\\\/schema.org\",\"@graph\":[{\"@type\":\"WebPage\",\"@id\":\"https:\\\/\\\/www.guiagratis.com.br\\\/index.php\\\/estatisticas-de-acesso-gratis\\\/\",\"url\":\"https:\\\/\\\/www.guiagratis.com.br\\\/index.php\\\/estatisticas-de-acesso-gratis\\\/\",\"name\":\"Estat\u00edsticas de Acesso Gr\u00e1tis - Guia Gr\u00e1tis - guia de servi\u00e7os gr\u00e1tis\",\"isPartOf\":{\"@id\":\"https:\\\/\\\/www.guiagratis.com.br\\\/#website\"},\"primaryImageOfPage\":{\"@id\":\"https:\\\/\\\/www.guiagratis.com.br\\\/index.php\\\/estatisticas-de-acesso-gratis\\\/#primaryimage\"},\"image\":{\"@id\":\"https:\\\/\\\/www.guiagratis.com.br\\\/index.php\\\/estatisticas-de-acesso-gratis\\\/#primaryimage\"},\"thumbnailUrl\":\"\",\"datePublished\":\"2025-07-11T08:47:58+00:00\",\"dateModified\":\"2025-07-12T20:22:46+00:00\",\"description\":\"Monitorar as estat\u00edsticas de acesso de seu site \u00e9 importante para acompanhar a evolu\u00e7\u00e3o e projetar o futuro de seu site. Veja algumas op\u00e7\u00f5es gr\u00e1tis.\",\"breadcrumb\":{\"@id\":\"https:\\\/\\\/www.guiagratis.com.br\\\/index.php\\\/estatisticas-de-acesso-gratis\\\/#breadcrumb\"},\"inLanguage\":\"pt-BR\",\"potentialAction\":[{\"@type\":\"ReadAction\",\"target\":[\"https:\\\/\\\/www.guiagratis.com.br\\\/index.php\\\/estatisticas-de-acesso-gratis\\\/\"]}]},{\"@type\":\"ImageObject\",\"inLanguage\":\"pt-BR\",\"@id\":\"https:\\\/\\\/www.guiagratis.com.br\\\/index.php\\\/estatisticas-de-acesso-gratis\\\/#primaryimage\",\"url\":\"\",\"contentUrl\":\"\"},{\"@type\":\"BreadcrumbList\",\"@id\":\"https:\\\/\\\/www.guiagratis.com.br\\\/index.php\\\/estatisticas-de-acesso-gratis\\\/#breadcrumb\",\"itemListElement\":[{\"@type\":\"ListItem\",\"position\":1,\"name\":\"In\u00edcio\",\"item\":\"https:\\\/\\\/www.guiagratis.com.br\\\/\"},{\"@type\":\"ListItem\",\"position\":2,\"name\":\"Estat\u00edsticas de Acesso Gr\u00e1tis\"}]},{\"@type\":\"WebSite\",\"@id\":\"https:\\\/\\\/www.guiagratis.com.br\\\/#website\",\"url\":\"https:\\\/\\\/www.guiagratis.com.br\\\/\",\"name\":\"Guia Gr\u00e1tis - guia de servi\u00e7os gr\u00e1tis\",\"description\":\"\",\"publisher\":{\"@id\":\"https:\\\/\\\/www.guiagratis.com.br\\\/#organization\"},\"potentialAction\":[{\"@type\":\"SearchAction\",\"target\":{\"@type\":\"EntryPoint\",\"urlTemplate\":\"https:\\\/\\\/www.guiagratis.com.br\\\/?s={search_term_string}\"},\"query-input\":{\"@type\":\"PropertyValueSpecification\",\"valueRequired\":true,\"valueName\":\"search_term_string\"}}],\"inLanguage\":\"pt-BR\"},{\"@type\":\"Organization\",\"@id\":\"https:\\\/\\\/www.guiagratis.com.br\\\/#organization\",\"name\":\"Guia Gr\u00e1tis - guia de servi\u00e7os gr\u00e1tis\",\"url\":\"https:\\\/\\\/www.guiagratis.com.br\\\/\",\"logo\":{\"@type\":\"ImageObject\",\"inLanguage\":\"pt-BR\",\"@id\":\"https:\\\/\\\/www.guiagratis.com.br\\\/#\\\/schema\\\/logo\\\/image\\\/\",\"url\":\"https:\\\/\\\/www.guiagratis.com.br\\\/wp-content\\\/uploads\\\/2025\\\/05\\\/cropped-logo.gif\",\"contentUrl\":\"https:\\\/\\\/www.guiagratis.com.br\\\/wp-content\\\/uploads\\\/2025\\\/05\\\/cropped-logo.gif\",\"width\":175,\"height\":88,\"caption\":\"Guia Gr\u00e1tis - guia de servi\u00e7os gr\u00e1tis\"},\"image\":{\"@id\":\"https:\\\/\\\/www.guiagratis.com.br\\\/#\\\/schema\\\/logo\\\/image\\\/\"},\"sameAs\":[\"https:\\\/\\\/www.facebook.com\\\/guiagratis\",\"https:\\\/\\\/x.com\\\/siteguiagratis\"]}]}<\/script>\n<!-- \/ Yoast SEO plugin. -->","yoast_head_json":{"title":"Estat\u00edsticas de Acesso Gr\u00e1tis - Guia Gr\u00e1tis - guia de servi\u00e7os gr\u00e1tis","description":"Monitorar as estat\u00edsticas de acesso de seu site \u00e9 importante para acompanhar a evolu\u00e7\u00e3o e projetar o futuro de seu site. Veja algumas op\u00e7\u00f5es gr\u00e1tis.","robots":{"index":"index","follow":"follow","max-snippet":"max-snippet:-1","max-image-preview":"max-image-preview:large","max-video-preview":"max-video-preview:-1"},"canonical":"https:\/\/www.guiagratis.com.br\/index.php\/estatisticas-de-acesso-gratis\/","og_locale":"pt_BR","og_type":"article","og_title":"Estat\u00edsticas de Acesso Gr\u00e1tis - Guia Gr\u00e1tis - guia de servi\u00e7os gr\u00e1tis","og_description":"Monitorar as estat\u00edsticas de acesso de seu site \u00e9 importante para acompanhar a evolu\u00e7\u00e3o e projetar o futuro de seu site. Veja algumas op\u00e7\u00f5es gr\u00e1tis.","og_url":"https:\/\/www.guiagratis.com.br\/index.php\/estatisticas-de-acesso-gratis\/","og_site_name":"Guia Gr\u00e1tis - guia de servi\u00e7os gr\u00e1tis","article_publisher":"https:\/\/www.facebook.com\/guiagratis","article_modified_time":"2025-07-12T20:22:46+00:00","twitter_card":"summary_large_image","twitter_site":"@siteguiagratis","twitter_misc":{"Est. tempo de leitura":"2 minutos"},"schema":{"@context":"https:\/\/schema.org","@graph":[{"@type":"WebPage","@id":"https:\/\/www.guiagratis.com.br\/index.php\/estatisticas-de-acesso-gratis\/","url":"https:\/\/www.guiagratis.com.br\/index.php\/estatisticas-de-acesso-gratis\/","name":"Estat\u00edsticas de Acesso Gr\u00e1tis - Guia Gr\u00e1tis - guia de servi\u00e7os gr\u00e1tis","isPartOf":{"@id":"https:\/\/www.guiagratis.com.br\/#website"},"primaryImageOfPage":{"@id":"https:\/\/www.guiagratis.com.br\/index.php\/estatisticas-de-acesso-gratis\/#primaryimage"},"image":{"@id":"https:\/\/www.guiagratis.com.br\/index.php\/estatisticas-de-acesso-gratis\/#primaryimage"},"thumbnailUrl":"","datePublished":"2025-07-11T08:47:58+00:00","dateModified":"2025-07-12T20:22:46+00:00","description":"Monitorar as estat\u00edsticas de acesso de seu site \u00e9 importante para acompanhar a evolu\u00e7\u00e3o e projetar o futuro de seu site. Veja algumas op\u00e7\u00f5es gr\u00e1tis.","breadcrumb":{"@id":"https:\/\/www.guiagratis.com.br\/index.php\/estatisticas-de-acesso-gratis\/#breadcrumb"},"inLanguage":"pt-BR","potentialAction":[{"@type":"ReadAction","target":["https:\/\/www.guiagratis.com.br\/index.php\/estatisticas-de-acesso-gratis\/"]}]},{"@type":"ImageObject","inLanguage":"pt-BR","@id":"https:\/\/www.guiagratis.com.br\/index.php\/estatisticas-de-acesso-gratis\/#primaryimage","url":"","contentUrl":""},{"@type":"BreadcrumbList","@id":"https:\/\/www.guiagratis.com.br\/index.php\/estatisticas-de-acesso-gratis\/#breadcrumb","itemListElement":[{"@type":"ListItem","position":1,"name":"In\u00edcio","item":"https:\/\/www.guiagratis.com.br\/"},{"@type":"ListItem","position":2,"name":"Estat\u00edsticas de Acesso Gr\u00e1tis"}]},{"@type":"WebSite","@id":"https:\/\/www.guiagratis.com.br\/#website","url":"https:\/\/www.guiagratis.com.br\/","name":"Guia Gr\u00e1tis - guia de servi\u00e7os gr\u00e1tis","description":"","publisher":{"@id":"https:\/\/www.guiagratis.com.br\/#organization"},"potentialAction":[{"@type":"SearchAction","target":{"@type":"EntryPoint","urlTemplate":"https:\/\/www.guiagratis.com.br\/?s={search_term_string}"},"query-input":{"@type":"PropertyValueSpecification","valueRequired":true,"valueName":"search_term_string"}}],"inLanguage":"pt-BR"},{"@type":"Organization","@id":"https:\/\/www.guiagratis.com.br\/#organization","name":"Guia Gr\u00e1tis - guia de servi\u00e7os gr\u00e1tis","url":"https:\/\/www.guiagratis.com.br\/","logo":{"@type":"ImageObject","inLanguage":"pt-BR","@id":"https:\/\/www.guiagratis.com.br\/#\/schema\/logo\/image\/","url":"https:\/\/www.guiagratis.com.br\/wp-content\/uploads\/2025\/05\/cropped-logo.gif","contentUrl":"https:\/\/www.guiagratis.com.br\/wp-content\/uploads\/2025\/05\/cropped-logo.gif","width":175,"height":88,"caption":"Guia Gr\u00e1tis - guia de servi\u00e7os gr\u00e1tis"},"image":{"@id":"https:\/\/www.guiagratis.com.br\/#\/schema\/logo\/image\/"},"sameAs":["https:\/\/www.facebook.com\/guiagratis","https:\/\/x.com\/siteguiagratis"]}]}},"_links":{"self":[{"href":"https:\/\/www.guiagratis.com.br\/index.php\/wp-json\/wp\/v2\/pages\/3395","targetHints":{"allow":["GET"]}}],"collection":[{"href":"https:\/\/www.guiagratis.com.br\/index.php\/wp-json\/wp\/v2\/pages"}],"about":[{"href":"https:\/\/www.guiagratis.com.br\/index.php\/wp-json\/wp\/v2\/types\/page"}],"author":[{"embeddable":true,"href":"https:\/\/www.guiagratis.com.br\/index.php\/wp-json\/wp\/v2\/users\/2"}],"replies":[{"embeddable":true,"href":"https:\/\/www.guiagratis.com.br\/index.php\/wp-json\/wp\/v2\/comments?post=3395"}],"version-history":[{"count":3,"href":"https:\/\/www.guiagratis.com.br\/index.php\/wp-json\/wp\/v2\/pages\/3395\/revisions"}],"predecessor-version":[{"id":4901,"href":"https:\/\/www.guiagratis.com.br\/index.php\/wp-json\/wp\/v2\/pages\/3395\/revisions\/4901"}],"wp:featuredmedia":[{"embeddable":true,"href":"https:\/\/www.guiagratis.com.br\/index.php\/wp-json\/"}],"wp:attachment":[{"href":"https:\/\/www.guiagratis.com.br\/index.php\/wp-json\/wp\/v2\/media?parent=3395"}],"curies":[{"name":"wp","href":"https:\/\/api.w.org\/{rel}","templated":true}]}}