{"id":3481,"date":"2025-07-26T12:00:28","date_gmt":"2025-07-26T15:00:28","guid":{"rendered":"https:\/\/www.guiagratis.com.br\/?page_id=3481"},"modified":"2025-07-27T07:28:44","modified_gmt":"2025-07-27T10:28:44","slug":"registro-de-dominios","status":"publish","type":"page","link":"https:\/\/www.guiagratis.com.br\/index.php\/registro-de-dominios\/","title":{"rendered":"Registro de Dom\u00ednios"},"content":{"rendered":"<p style=\"text-align: justify;\"><img loading=\"lazy\" decoding=\"async\" class=\"size-medium wp-image-4372 alignleft\" src=\"http:\/\/guiagratis.com.br\/wp-content\/uploads\/2018\/10\/registro-de-dominios-1-300x158.jpg\" alt=\"registro de dominios\" width=\"300\" height=\"158\" \/>Um dom\u00ednio pr\u00f3prio \u00e9 muito importante para o sucesso de um site, facilita a divulga\u00e7\u00e3o e abre muitos caminhos. Se voc\u00ea procura um lugar para efetuar registro de dom\u00ednios temos alguns sites seguros e confi\u00e1veis onde voc\u00ea pode fazer seu registro sem medo. As formas de pagamento aceitas s\u00e3o bastante variadas.<\/p>\n<p><!-------------------- Favoritos do Editor --------------------><\/p>\n<h2 style=\"text-align: center;\"><span style=\"color: #cc3300;\">Os Favoritos de Nosso Editor<\/span><\/h2>\n<p><!-------------------- Registro.br --------------------><\/p>\n<h2 style=\"text-align: justify;\">Registro.br<\/h2>\n<p style=\"text-align: justify;\">Se voc\u00ea optou por um dom\u00ednio brasileiro, com termina\u00e7\u00e3o .br, n\u00e3o h\u00e1 porque usar intermedi\u00e1rios e pagar pre\u00e7os mais altos, fa\u00e7a o registro diretamente no site do comit\u00ea gestor.<\/p>\n<p style=\"text-align: justify;\"><a href=\"http:\/\/registro.br\/\" target=\"_blank\" rel=\"noopener noreferrer\">http:\/\/registro.br<\/a><\/p>\n<p><!-------------------- E-Dom\u00ednios --------------------><\/p>\n<h2 style=\"text-align: justify;\">E-Dom\u00ednios<\/h2>\n<p style=\"text-align: justify;\">Excelente op\u00e7\u00e3o para registro de dom\u00ednios internacionais. Aceita pagamento por boleto banc\u00e1rio, dep\u00f3sito ou transfer\u00eancia. Painel de administra\u00e7\u00e3o bastante simples e pr\u00e1tico, entretanto algumas configura\u00e7\u00f5es devem ser solicitadas via telefone ou chat.<\/p>\n<p style=\"text-align: justify;\"><a href=\"http:\/\/www.e-dominios.com.br\/\" target=\"_blank\" rel=\"noopener noreferrer\">www.e-dominios.com.br<\/a><\/p>\n<p><!-------------------- GoDaddy --------------------><\/p>\n<h2 style=\"text-align: justify;\">GoDaddy<\/h2>\n<p style=\"text-align: justify;\">Uma das maiores empresas mundiais especializadas em registro de dom\u00ednios dos mais variados TLDs. Permite parcelar o pagamento com cart\u00e3o de cr\u00e9dito.<\/p>\n<p style=\"text-align: justify;\"><a href=\"https:\/\/www.godaddy.com\/\" target=\"_blank\" rel=\"noopener noreferrer\">https:\/\/www.godaddy.com\/<\/a><\/p>\n<p><!-------------------- Outras Boas Op\u00e7\u00f5es --------------------><\/p>\n<h2 style=\"text-align: center;\"><span style=\"color: #cc3300;\">Outras Boas Op\u00e7\u00f5es<\/span><\/h2>\n<p><!-------------------- DynaDot --------------------><\/p>\n<h2 style=\"text-align: justify;\">DynaDot Dom\u00ednios<\/h2>\n<p style=\"text-align: justify;\">Servi\u00e7o para registro de dom\u00ednios internacionais bastante confi\u00e1vel e que conta com um painel de administra\u00e7\u00e3o de dom\u00ednios que \u00e9 sem d\u00favidas um dos mais completos no mercado. Aceita pagamentos por cart\u00e3o de cr\u00e9dito, Paypal e Moneybookers. Oferece parqueamento gr\u00e1tis de dom\u00ednio e outras facilidades.<\/p>\n<p style=\"text-align: justify;\"><a href=\"http:\/\/www.dynadot.com\/\" target=\"_blank\" rel=\"noopener noreferrer\">www.dynadot.com<\/a><\/p>\n<p><!-------------------- Locaweb --------------------><\/p>\n<h2 style=\"text-align: justify;\">Locaweb<\/h2>\n<p style=\"text-align: justify;\">Empresa de hospedagem que tamb\u00e9m oferece registro de dom\u00ednios com os mais diversos TLDs nacionais e internacionais.<\/p>\n<p style=\"text-align: justify;\"><a href=\"https:\/\/www.locaweb.com.br\/registro-de-dominio-web\/\" target=\"_blank\" rel=\"noopener noreferrer\">https:\/\/www.locaweb.com.br\/<\/a><\/p>\n","protected":false},"excerpt":{"rendered":"<p>Um dom\u00ednio pr\u00f3prio \u00e9 muito importante para o sucesso de um site, facilita a divulga\u00e7\u00e3o e abre muitos caminhos. Se voc\u00ea procura um lugar para efetuar registro de dom\u00ednios temos alguns sites seguros e confi\u00e1veis onde voc\u00ea pode fazer seu registro sem medo. As formas de pagamento aceitas s\u00e3o bastante variadas. Os Favoritos de Nosso &hellip; <\/p>\n","protected":false},"author":2,"featured_media":4372,"parent":0,"menu_order":0,"comment_status":"closed","ping_status":"closed","template":"","meta":{"footnotes":""},"class_list":["post-3481","page","type-page","status-publish","has-post-thumbnail","hentry","entry"],"yoast_head":"<!-- This site is optimized with the Yoast SEO plugin v27.5 - https:\/\/yoast.com\/product\/yoast-seo-wordpress\/ -->\n<title>Registro de Dom\u00ednios - Guia Gr\u00e1tis - guia de servi\u00e7os gr\u00e1tis<\/title>\n<meta name=\"description\" content=\"Se voc\u00ea procura um lugar para efetuar registro de dom\u00ednios temos alguns sites seguros e confi\u00e1veis onde voc\u00ea pode fazer seu registro sem medo.\" \/>\n<meta name=\"robots\" content=\"index, follow, max-snippet:-1, max-image-preview:large, max-video-preview:-1\" \/>\n<link rel=\"canonical\" href=\"https:\/\/www.guiagratis.com.br\/index.php\/registro-de-dominios\/\" \/>\n<meta property=\"og:locale\" content=\"pt_BR\" \/>\n<meta property=\"og:type\" content=\"article\" \/>\n<meta property=\"og:title\" content=\"Registro de Dom\u00ednios - Guia Gr\u00e1tis - guia de servi\u00e7os gr\u00e1tis\" \/>\n<meta property=\"og:description\" content=\"Se voc\u00ea procura um lugar para efetuar registro de dom\u00ednios temos alguns sites seguros e confi\u00e1veis onde voc\u00ea pode fazer seu registro sem medo.\" \/>\n<meta property=\"og:url\" content=\"https:\/\/www.guiagratis.com.br\/index.php\/registro-de-dominios\/\" \/>\n<meta property=\"og:site_name\" content=\"Guia Gr\u00e1tis - guia de servi\u00e7os gr\u00e1tis\" \/>\n<meta property=\"article:publisher\" content=\"https:\/\/www.facebook.com\/guiagratis\" \/>\n<meta property=\"article:modified_time\" content=\"2025-07-27T10:28:44+00:00\" \/>\n<meta name=\"twitter:card\" content=\"summary_large_image\" \/>\n<meta name=\"twitter:site\" content=\"@siteguiagratis\" \/>\n<meta name=\"twitter:label1\" content=\"Est. tempo de leitura\" \/>\n\t<meta name=\"twitter:data1\" content=\"2 minutos\" \/>\n<script type=\"application\/ld+json\" class=\"yoast-schema-graph\">{\"@context\":\"https:\\\/\\\/schema.org\",\"@graph\":[{\"@type\":\"WebPage\",\"@id\":\"https:\\\/\\\/www.guiagratis.com.br\\\/index.php\\\/registro-de-dominios\\\/\",\"url\":\"https:\\\/\\\/www.guiagratis.com.br\\\/index.php\\\/registro-de-dominios\\\/\",\"name\":\"Registro de Dom\u00ednios - Guia Gr\u00e1tis - guia de servi\u00e7os gr\u00e1tis\",\"isPartOf\":{\"@id\":\"https:\\\/\\\/www.guiagratis.com.br\\\/#website\"},\"primaryImageOfPage\":{\"@id\":\"https:\\\/\\\/www.guiagratis.com.br\\\/index.php\\\/registro-de-dominios\\\/#primaryimage\"},\"image\":{\"@id\":\"https:\\\/\\\/www.guiagratis.com.br\\\/index.php\\\/registro-de-dominios\\\/#primaryimage\"},\"thumbnailUrl\":\"\",\"datePublished\":\"2025-07-26T15:00:28+00:00\",\"dateModified\":\"2025-07-27T10:28:44+00:00\",\"description\":\"Se voc\u00ea procura um lugar para efetuar registro de dom\u00ednios temos alguns sites seguros e confi\u00e1veis onde voc\u00ea pode fazer seu registro sem medo.\",\"breadcrumb\":{\"@id\":\"https:\\\/\\\/www.guiagratis.com.br\\\/index.php\\\/registro-de-dominios\\\/#breadcrumb\"},\"inLanguage\":\"pt-BR\",\"potentialAction\":[{\"@type\":\"ReadAction\",\"target\":[\"https:\\\/\\\/www.guiagratis.com.br\\\/index.php\\\/registro-de-dominios\\\/\"]}]},{\"@type\":\"ImageObject\",\"inLanguage\":\"pt-BR\",\"@id\":\"https:\\\/\\\/www.guiagratis.com.br\\\/index.php\\\/registro-de-dominios\\\/#primaryimage\",\"url\":\"\",\"contentUrl\":\"\"},{\"@type\":\"BreadcrumbList\",\"@id\":\"https:\\\/\\\/www.guiagratis.com.br\\\/index.php\\\/registro-de-dominios\\\/#breadcrumb\",\"itemListElement\":[{\"@type\":\"ListItem\",\"position\":1,\"name\":\"In\u00edcio\",\"item\":\"https:\\\/\\\/www.guiagratis.com.br\\\/\"},{\"@type\":\"ListItem\",\"position\":2,\"name\":\"Registro de Dom\u00ednios\"}]},{\"@type\":\"WebSite\",\"@id\":\"https:\\\/\\\/www.guiagratis.com.br\\\/#website\",\"url\":\"https:\\\/\\\/www.guiagratis.com.br\\\/\",\"name\":\"Guia Gr\u00e1tis - guia de servi\u00e7os gr\u00e1tis\",\"description\":\"\",\"publisher\":{\"@id\":\"https:\\\/\\\/www.guiagratis.com.br\\\/#organization\"},\"potentialAction\":[{\"@type\":\"SearchAction\",\"target\":{\"@type\":\"EntryPoint\",\"urlTemplate\":\"https:\\\/\\\/www.guiagratis.com.br\\\/?s={search_term_string}\"},\"query-input\":{\"@type\":\"PropertyValueSpecification\",\"valueRequired\":true,\"valueName\":\"search_term_string\"}}],\"inLanguage\":\"pt-BR\"},{\"@type\":\"Organization\",\"@id\":\"https:\\\/\\\/www.guiagratis.com.br\\\/#organization\",\"name\":\"Guia Gr\u00e1tis - guia de servi\u00e7os gr\u00e1tis\",\"url\":\"https:\\\/\\\/www.guiagratis.com.br\\\/\",\"logo\":{\"@type\":\"ImageObject\",\"inLanguage\":\"pt-BR\",\"@id\":\"https:\\\/\\\/www.guiagratis.com.br\\\/#\\\/schema\\\/logo\\\/image\\\/\",\"url\":\"https:\\\/\\\/www.guiagratis.com.br\\\/wp-content\\\/uploads\\\/2025\\\/05\\\/cropped-logo.gif\",\"contentUrl\":\"https:\\\/\\\/www.guiagratis.com.br\\\/wp-content\\\/uploads\\\/2025\\\/05\\\/cropped-logo.gif\",\"width\":175,\"height\":88,\"caption\":\"Guia Gr\u00e1tis - guia de servi\u00e7os gr\u00e1tis\"},\"image\":{\"@id\":\"https:\\\/\\\/www.guiagratis.com.br\\\/#\\\/schema\\\/logo\\\/image\\\/\"},\"sameAs\":[\"https:\\\/\\\/www.facebook.com\\\/guiagratis\",\"https:\\\/\\\/x.com\\\/siteguiagratis\"]}]}<\/script>\n<!-- \/ Yoast SEO plugin. -->","yoast_head_json":{"title":"Registro de Dom\u00ednios - Guia Gr\u00e1tis - guia de servi\u00e7os gr\u00e1tis","description":"Se voc\u00ea procura um lugar para efetuar registro de dom\u00ednios temos alguns sites seguros e confi\u00e1veis onde voc\u00ea pode fazer seu registro sem medo.","robots":{"index":"index","follow":"follow","max-snippet":"max-snippet:-1","max-image-preview":"max-image-preview:large","max-video-preview":"max-video-preview:-1"},"canonical":"https:\/\/www.guiagratis.com.br\/index.php\/registro-de-dominios\/","og_locale":"pt_BR","og_type":"article","og_title":"Registro de Dom\u00ednios - Guia Gr\u00e1tis - guia de servi\u00e7os gr\u00e1tis","og_description":"Se voc\u00ea procura um lugar para efetuar registro de dom\u00ednios temos alguns sites seguros e confi\u00e1veis onde voc\u00ea pode fazer seu registro sem medo.","og_url":"https:\/\/www.guiagratis.com.br\/index.php\/registro-de-dominios\/","og_site_name":"Guia Gr\u00e1tis - guia de servi\u00e7os gr\u00e1tis","article_publisher":"https:\/\/www.facebook.com\/guiagratis","article_modified_time":"2025-07-27T10:28:44+00:00","twitter_card":"summary_large_image","twitter_site":"@siteguiagratis","twitter_misc":{"Est. tempo de leitura":"2 minutos"},"schema":{"@context":"https:\/\/schema.org","@graph":[{"@type":"WebPage","@id":"https:\/\/www.guiagratis.com.br\/index.php\/registro-de-dominios\/","url":"https:\/\/www.guiagratis.com.br\/index.php\/registro-de-dominios\/","name":"Registro de Dom\u00ednios - Guia Gr\u00e1tis - guia de servi\u00e7os gr\u00e1tis","isPartOf":{"@id":"https:\/\/www.guiagratis.com.br\/#website"},"primaryImageOfPage":{"@id":"https:\/\/www.guiagratis.com.br\/index.php\/registro-de-dominios\/#primaryimage"},"image":{"@id":"https:\/\/www.guiagratis.com.br\/index.php\/registro-de-dominios\/#primaryimage"},"thumbnailUrl":"","datePublished":"2025-07-26T15:00:28+00:00","dateModified":"2025-07-27T10:28:44+00:00","description":"Se voc\u00ea procura um lugar para efetuar registro de dom\u00ednios temos alguns sites seguros e confi\u00e1veis onde voc\u00ea pode fazer seu registro sem medo.","breadcrumb":{"@id":"https:\/\/www.guiagratis.com.br\/index.php\/registro-de-dominios\/#breadcrumb"},"inLanguage":"pt-BR","potentialAction":[{"@type":"ReadAction","target":["https:\/\/www.guiagratis.com.br\/index.php\/registro-de-dominios\/"]}]},{"@type":"ImageObject","inLanguage":"pt-BR","@id":"https:\/\/www.guiagratis.com.br\/index.php\/registro-de-dominios\/#primaryimage","url":"","contentUrl":""},{"@type":"BreadcrumbList","@id":"https:\/\/www.guiagratis.com.br\/index.php\/registro-de-dominios\/#breadcrumb","itemListElement":[{"@type":"ListItem","position":1,"name":"In\u00edcio","item":"https:\/\/www.guiagratis.com.br\/"},{"@type":"ListItem","position":2,"name":"Registro de Dom\u00ednios"}]},{"@type":"WebSite","@id":"https:\/\/www.guiagratis.com.br\/#website","url":"https:\/\/www.guiagratis.com.br\/","name":"Guia Gr\u00e1tis - guia de servi\u00e7os gr\u00e1tis","description":"","publisher":{"@id":"https:\/\/www.guiagratis.com.br\/#organization"},"potentialAction":[{"@type":"SearchAction","target":{"@type":"EntryPoint","urlTemplate":"https:\/\/www.guiagratis.com.br\/?s={search_term_string}"},"query-input":{"@type":"PropertyValueSpecification","valueRequired":true,"valueName":"search_term_string"}}],"inLanguage":"pt-BR"},{"@type":"Organization","@id":"https:\/\/www.guiagratis.com.br\/#organization","name":"Guia Gr\u00e1tis - guia de servi\u00e7os gr\u00e1tis","url":"https:\/\/www.guiagratis.com.br\/","logo":{"@type":"ImageObject","inLanguage":"pt-BR","@id":"https:\/\/www.guiagratis.com.br\/#\/schema\/logo\/image\/","url":"https:\/\/www.guiagratis.com.br\/wp-content\/uploads\/2025\/05\/cropped-logo.gif","contentUrl":"https:\/\/www.guiagratis.com.br\/wp-content\/uploads\/2025\/05\/cropped-logo.gif","width":175,"height":88,"caption":"Guia Gr\u00e1tis - guia de servi\u00e7os gr\u00e1tis"},"image":{"@id":"https:\/\/www.guiagratis.com.br\/#\/schema\/logo\/image\/"},"sameAs":["https:\/\/www.facebook.com\/guiagratis","https:\/\/x.com\/siteguiagratis"]}]}},"_links":{"self":[{"href":"https:\/\/www.guiagratis.com.br\/index.php\/wp-json\/wp\/v2\/pages\/3481","targetHints":{"allow":["GET"]}}],"collection":[{"href":"https:\/\/www.guiagratis.com.br\/index.php\/wp-json\/wp\/v2\/pages"}],"about":[{"href":"https:\/\/www.guiagratis.com.br\/index.php\/wp-json\/wp\/v2\/types\/page"}],"author":[{"embeddable":true,"href":"https:\/\/www.guiagratis.com.br\/index.php\/wp-json\/wp\/v2\/users\/2"}],"replies":[{"embeddable":true,"href":"https:\/\/www.guiagratis.com.br\/index.php\/wp-json\/wp\/v2\/comments?post=3481"}],"version-history":[{"count":5,"href":"https:\/\/www.guiagratis.com.br\/index.php\/wp-json\/wp\/v2\/pages\/3481\/revisions"}],"predecessor-version":[{"id":4998,"href":"https:\/\/www.guiagratis.com.br\/index.php\/wp-json\/wp\/v2\/pages\/3481\/revisions\/4998"}],"wp:featuredmedia":[{"embeddable":true,"href":"https:\/\/www.guiagratis.com.br\/index.php\/wp-json\/"}],"wp:attachment":[{"href":"https:\/\/www.guiagratis.com.br\/index.php\/wp-json\/wp\/v2\/media?parent=3481"}],"curies":[{"name":"wp","href":"https:\/\/api.w.org\/{rel}","templated":true}]}}