{"id":3562,"date":"2025-07-11T08:16:18","date_gmt":"2025-07-11T11:16:18","guid":{"rendered":"https:\/\/www.guiagratis.com.br\/?page_id=3562"},"modified":"2025-07-12T17:12:49","modified_gmt":"2025-07-12T20:12:49","slug":"avatar-gratis","status":"publish","type":"page","link":"https:\/\/www.guiagratis.com.br\/index.php\/avatar-gratis\/","title":{"rendered":"Avatar Gr\u00e1tis"},"content":{"rendered":"<p style=\"text-align: justify;\"><img loading=\"lazy\" decoding=\"async\" class=\"size-medium wp-image-3981 alignleft\" src=\"http:\/\/guiagratis.com.br\/wp-content\/uploads\/2018\/07\/avatares-web-1-300x158.jpg\" alt=\"avatares web\" width=\"300\" height=\"158\" \/>Muitas pessoas optam por usar avatares na redes sociais no lugar de fotos, seja por quest\u00f5es de privacidade ou simplesmente por uma prefer\u00eancia pessoal. Voc\u00ea quer criar um avatar interessante para usar nas m\u00eddias sociais mas n\u00e3o tem muito talento? Crie um avatar gr\u00e1tis em um dos sites dessa se\u00e7\u00e3o.<\/p>\n<h2 style=\"text-align: center;\"><span style=\"color: #cc3300;\">Os Preferidos de Nossa Equipe<\/span><\/h2>\n<h2 style=\"text-align: justify;\">Avatar Maker<\/h2>\n<p style=\"text-align: justify;\">Pr\u00e1tica ferramenta para criar um avatar em poucos cliques. Voc\u00ea come\u00e7a escolhendo o g\u00eanero e depois vai selecionando formato de rosto, olhos, cabelo, roupas e plano de fundo. Muito f\u00e1cil e r\u00e1pido.<\/p>\n<p style=\"text-align: justify;\"><a href=\"https:\/\/avatarmaker.com\/\" target=\"_blank\" rel=\"nofollow noopener\">https:\/\/avatarmaker.com\/<\/a><\/p>\n<h2 style=\"text-align: justify;\">Avataaars Generator<\/h2>\n<p style=\"text-align: justify;\">Ferramenta para cria\u00e7\u00e3o de avatares muito r\u00e1pida e f\u00e1cil de usar, embora n\u00e3o seja das mais vers\u00e1teis. Excelente op\u00e7\u00e3o para quem n\u00e3o quer perder tempo e n\u00e3o faz quest\u00e3o de muitos detalhes.<\/p>\n<p style=\"text-align: justify;\"><a href=\"https:\/\/getavataaars.com\/\" target=\"_blank\" rel=\"nofollow noopener\">https:\/\/getavataaars.com\/<\/a><\/p>\n<h2 style=\"text-align: center;\"><span style=\"color: #cc3300;\">Outras Boas Op\u00e7\u00f5es<\/span><\/h2>\n<h2 style=\"text-align: justify;\">8 Bit Icon<\/h2>\n<p style=\"text-align: justify;\">Crie seu avatar retr\u00f4 no estilo 8 bits de forma r\u00e1pida e f\u00e1cil. O site n\u00e3o oferece muitas op\u00e7\u00f5es, mas considerando que a proposta \u00e9 algo no estilo 8 bits o resultado \u00e9 muito bom.<\/p>\n<p style=\"text-align: justify;\"><a href=\"https:\/\/8biticon.com\/\" target=\"_blank\" rel=\"nofollow noopener\">https:\/\/8biticon.com<\/a><\/p>\n<h2 style=\"text-align: justify;\">Avachara<\/h2>\n<p style=\"text-align: justify;\">Ferramenta gratuita para cria\u00e7\u00e3o de avatar especial para a turma que curte animes. Permite que voc\u00ea crie seu avatar no estilo anime em poucos cliques.<\/p>\n<p style=\"text-align: justify;\"><a href=\"https:\/\/avachara.com\/avatar\" target=\"_blank\" rel=\"nofollow noopener\">https:\/\/avachara.com\/avatar<\/a><\/p>\n<h2 style=\"text-align: justify;\">DoppelMe<\/h2>\n<p style=\"text-align: justify;\">Mais uma pr\u00e1tica ferramenta gr\u00e1tis para cria\u00e7\u00e3o de avatares para seu blog, seu perfil em rede social ou onde quer que voc\u00ea deseje. Muito f\u00e1cil de usar, interface extremamente intuitiva.<\/p>\n<p style=\"text-align: justify;\"><a href=\"https:\/\/www.doppelme.com\/\" target=\"_blank\" rel=\"nofollow noopener\">https:\/\/www.doppelme.com\/<\/a><\/p>\n<h2 style=\"text-align: justify;\">FaceYourManga<\/h2>\n<p style=\"text-align: justify;\">Que tal um avatar gr\u00e1tis no estilo mang\u00e1 para voc\u00ea usar em seus perfis nas redes sociais? Este site lhe permite gerar um rapidamente e sem precisar saber desenhar.<\/p>\n<p style=\"text-align: justify;\"><a title=\"Face Your Manga\" href=\"https:\/\/www.faceyourmanga.com\" target=\"_blank\" rel=\"nofollow noopener\">https:\/\/www.faceyourmanga.com\/<\/a><\/p>\n<h2 style=\"text-align: justify;\">SP Studio<\/h2>\n<p style=\"text-align: justify;\">Aqui voc\u00ea cria um avatar no estilo dos personagens de South Park. O site oferece ainda a op\u00e7\u00e3o de salvar sua cria\u00e7\u00e3o em 3 tamanhos a escolher.<\/p>\n<p style=\"text-align: justify;\"><a href=\"https:\/\/www.sp-studio.de\/\" target=\"_blank\" rel=\"nofollow noopener\">https:\/\/www.sp-studio.de\/<\/a><\/p>\n","protected":false},"excerpt":{"rendered":"<p>Muitas pessoas optam por usar avatares na redes sociais no lugar de fotos, seja por quest\u00f5es de privacidade ou simplesmente por uma prefer\u00eancia pessoal. Voc\u00ea quer criar um avatar interessante para usar nas m\u00eddias sociais mas n\u00e3o tem muito talento? Crie um avatar gr\u00e1tis em um dos sites dessa se\u00e7\u00e3o. Os Preferidos de Nossa Equipe &hellip; <\/p>\n","protected":false},"author":2,"featured_media":3981,"parent":0,"menu_order":0,"comment_status":"closed","ping_status":"closed","template":"","meta":{"footnotes":""},"class_list":["post-3562","page","type-page","status-publish","has-post-thumbnail","hentry","entry"],"yoast_head":"<!-- This site is optimized with the Yoast SEO plugin v27.5 - https:\/\/yoast.com\/product\/yoast-seo-wordpress\/ -->\n<title>Avatar Gr\u00e1tis - Guia Gr\u00e1tis - guia de servi\u00e7os gr\u00e1tis<\/title>\n<meta name=\"description\" content=\"Quer criar um avatar interessante para usar nas m\u00eddias sociais mas n\u00e3o tem muito talento? Crie um avatar gr\u00e1tis em um dos sites dessa se\u00e7\u00e3o.\" \/>\n<meta name=\"robots\" content=\"index, follow, max-snippet:-1, max-image-preview:large, max-video-preview:-1\" \/>\n<link rel=\"canonical\" href=\"https:\/\/www.guiagratis.com.br\/index.php\/avatar-gratis\/\" \/>\n<meta property=\"og:locale\" content=\"pt_BR\" \/>\n<meta property=\"og:type\" content=\"article\" \/>\n<meta property=\"og:title\" content=\"Avatar Gr\u00e1tis - Guia Gr\u00e1tis - guia de servi\u00e7os gr\u00e1tis\" \/>\n<meta property=\"og:description\" content=\"Quer criar um avatar interessante para usar nas m\u00eddias sociais mas n\u00e3o tem muito talento? Crie um avatar gr\u00e1tis em um dos sites dessa se\u00e7\u00e3o.\" \/>\n<meta property=\"og:url\" content=\"https:\/\/www.guiagratis.com.br\/index.php\/avatar-gratis\/\" \/>\n<meta property=\"og:site_name\" content=\"Guia Gr\u00e1tis - guia de servi\u00e7os gr\u00e1tis\" \/>\n<meta property=\"article:publisher\" content=\"https:\/\/www.facebook.com\/guiagratis\" \/>\n<meta property=\"article:modified_time\" content=\"2025-07-12T20:12:49+00:00\" \/>\n<meta name=\"twitter:card\" content=\"summary_large_image\" \/>\n<meta name=\"twitter:site\" content=\"@siteguiagratis\" \/>\n<meta name=\"twitter:label1\" content=\"Est. tempo de leitura\" \/>\n\t<meta name=\"twitter:data1\" content=\"2 minutos\" \/>\n<script type=\"application\/ld+json\" class=\"yoast-schema-graph\">{\"@context\":\"https:\\\/\\\/schema.org\",\"@graph\":[{\"@type\":\"WebPage\",\"@id\":\"https:\\\/\\\/www.guiagratis.com.br\\\/index.php\\\/avatar-gratis\\\/\",\"url\":\"https:\\\/\\\/www.guiagratis.com.br\\\/index.php\\\/avatar-gratis\\\/\",\"name\":\"Avatar Gr\u00e1tis - Guia Gr\u00e1tis - guia de servi\u00e7os gr\u00e1tis\",\"isPartOf\":{\"@id\":\"https:\\\/\\\/www.guiagratis.com.br\\\/#website\"},\"primaryImageOfPage\":{\"@id\":\"https:\\\/\\\/www.guiagratis.com.br\\\/index.php\\\/avatar-gratis\\\/#primaryimage\"},\"image\":{\"@id\":\"https:\\\/\\\/www.guiagratis.com.br\\\/index.php\\\/avatar-gratis\\\/#primaryimage\"},\"thumbnailUrl\":\"\",\"datePublished\":\"2025-07-11T11:16:18+00:00\",\"dateModified\":\"2025-07-12T20:12:49+00:00\",\"description\":\"Quer criar um avatar interessante para usar nas m\u00eddias sociais mas n\u00e3o tem muito talento? Crie um avatar gr\u00e1tis em um dos sites dessa se\u00e7\u00e3o.\",\"breadcrumb\":{\"@id\":\"https:\\\/\\\/www.guiagratis.com.br\\\/index.php\\\/avatar-gratis\\\/#breadcrumb\"},\"inLanguage\":\"pt-BR\",\"potentialAction\":[{\"@type\":\"ReadAction\",\"target\":[\"https:\\\/\\\/www.guiagratis.com.br\\\/index.php\\\/avatar-gratis\\\/\"]}]},{\"@type\":\"ImageObject\",\"inLanguage\":\"pt-BR\",\"@id\":\"https:\\\/\\\/www.guiagratis.com.br\\\/index.php\\\/avatar-gratis\\\/#primaryimage\",\"url\":\"\",\"contentUrl\":\"\"},{\"@type\":\"BreadcrumbList\",\"@id\":\"https:\\\/\\\/www.guiagratis.com.br\\\/index.php\\\/avatar-gratis\\\/#breadcrumb\",\"itemListElement\":[{\"@type\":\"ListItem\",\"position\":1,\"name\":\"In\u00edcio\",\"item\":\"https:\\\/\\\/www.guiagratis.com.br\\\/\"},{\"@type\":\"ListItem\",\"position\":2,\"name\":\"Avatar Gr\u00e1tis\"}]},{\"@type\":\"WebSite\",\"@id\":\"https:\\\/\\\/www.guiagratis.com.br\\\/#website\",\"url\":\"https:\\\/\\\/www.guiagratis.com.br\\\/\",\"name\":\"Guia Gr\u00e1tis - guia de servi\u00e7os gr\u00e1tis\",\"description\":\"\",\"publisher\":{\"@id\":\"https:\\\/\\\/www.guiagratis.com.br\\\/#organization\"},\"potentialAction\":[{\"@type\":\"SearchAction\",\"target\":{\"@type\":\"EntryPoint\",\"urlTemplate\":\"https:\\\/\\\/www.guiagratis.com.br\\\/?s={search_term_string}\"},\"query-input\":{\"@type\":\"PropertyValueSpecification\",\"valueRequired\":true,\"valueName\":\"search_term_string\"}}],\"inLanguage\":\"pt-BR\"},{\"@type\":\"Organization\",\"@id\":\"https:\\\/\\\/www.guiagratis.com.br\\\/#organization\",\"name\":\"Guia Gr\u00e1tis - guia de servi\u00e7os gr\u00e1tis\",\"url\":\"https:\\\/\\\/www.guiagratis.com.br\\\/\",\"logo\":{\"@type\":\"ImageObject\",\"inLanguage\":\"pt-BR\",\"@id\":\"https:\\\/\\\/www.guiagratis.com.br\\\/#\\\/schema\\\/logo\\\/image\\\/\",\"url\":\"https:\\\/\\\/www.guiagratis.com.br\\\/wp-content\\\/uploads\\\/2025\\\/05\\\/cropped-logo.gif\",\"contentUrl\":\"https:\\\/\\\/www.guiagratis.com.br\\\/wp-content\\\/uploads\\\/2025\\\/05\\\/cropped-logo.gif\",\"width\":175,\"height\":88,\"caption\":\"Guia Gr\u00e1tis - guia de servi\u00e7os gr\u00e1tis\"},\"image\":{\"@id\":\"https:\\\/\\\/www.guiagratis.com.br\\\/#\\\/schema\\\/logo\\\/image\\\/\"},\"sameAs\":[\"https:\\\/\\\/www.facebook.com\\\/guiagratis\",\"https:\\\/\\\/x.com\\\/siteguiagratis\"]}]}<\/script>\n<!-- \/ Yoast SEO plugin. -->","yoast_head_json":{"title":"Avatar Gr\u00e1tis - Guia Gr\u00e1tis - guia de servi\u00e7os gr\u00e1tis","description":"Quer criar um avatar interessante para usar nas m\u00eddias sociais mas n\u00e3o tem muito talento? Crie um avatar gr\u00e1tis em um dos sites dessa se\u00e7\u00e3o.","robots":{"index":"index","follow":"follow","max-snippet":"max-snippet:-1","max-image-preview":"max-image-preview:large","max-video-preview":"max-video-preview:-1"},"canonical":"https:\/\/www.guiagratis.com.br\/index.php\/avatar-gratis\/","og_locale":"pt_BR","og_type":"article","og_title":"Avatar Gr\u00e1tis - Guia Gr\u00e1tis - guia de servi\u00e7os gr\u00e1tis","og_description":"Quer criar um avatar interessante para usar nas m\u00eddias sociais mas n\u00e3o tem muito talento? Crie um avatar gr\u00e1tis em um dos sites dessa se\u00e7\u00e3o.","og_url":"https:\/\/www.guiagratis.com.br\/index.php\/avatar-gratis\/","og_site_name":"Guia Gr\u00e1tis - guia de servi\u00e7os gr\u00e1tis","article_publisher":"https:\/\/www.facebook.com\/guiagratis","article_modified_time":"2025-07-12T20:12:49+00:00","twitter_card":"summary_large_image","twitter_site":"@siteguiagratis","twitter_misc":{"Est. tempo de leitura":"2 minutos"},"schema":{"@context":"https:\/\/schema.org","@graph":[{"@type":"WebPage","@id":"https:\/\/www.guiagratis.com.br\/index.php\/avatar-gratis\/","url":"https:\/\/www.guiagratis.com.br\/index.php\/avatar-gratis\/","name":"Avatar Gr\u00e1tis - Guia Gr\u00e1tis - guia de servi\u00e7os gr\u00e1tis","isPartOf":{"@id":"https:\/\/www.guiagratis.com.br\/#website"},"primaryImageOfPage":{"@id":"https:\/\/www.guiagratis.com.br\/index.php\/avatar-gratis\/#primaryimage"},"image":{"@id":"https:\/\/www.guiagratis.com.br\/index.php\/avatar-gratis\/#primaryimage"},"thumbnailUrl":"","datePublished":"2025-07-11T11:16:18+00:00","dateModified":"2025-07-12T20:12:49+00:00","description":"Quer criar um avatar interessante para usar nas m\u00eddias sociais mas n\u00e3o tem muito talento? Crie um avatar gr\u00e1tis em um dos sites dessa se\u00e7\u00e3o.","breadcrumb":{"@id":"https:\/\/www.guiagratis.com.br\/index.php\/avatar-gratis\/#breadcrumb"},"inLanguage":"pt-BR","potentialAction":[{"@type":"ReadAction","target":["https:\/\/www.guiagratis.com.br\/index.php\/avatar-gratis\/"]}]},{"@type":"ImageObject","inLanguage":"pt-BR","@id":"https:\/\/www.guiagratis.com.br\/index.php\/avatar-gratis\/#primaryimage","url":"","contentUrl":""},{"@type":"BreadcrumbList","@id":"https:\/\/www.guiagratis.com.br\/index.php\/avatar-gratis\/#breadcrumb","itemListElement":[{"@type":"ListItem","position":1,"name":"In\u00edcio","item":"https:\/\/www.guiagratis.com.br\/"},{"@type":"ListItem","position":2,"name":"Avatar Gr\u00e1tis"}]},{"@type":"WebSite","@id":"https:\/\/www.guiagratis.com.br\/#website","url":"https:\/\/www.guiagratis.com.br\/","name":"Guia Gr\u00e1tis - guia de servi\u00e7os gr\u00e1tis","description":"","publisher":{"@id":"https:\/\/www.guiagratis.com.br\/#organization"},"potentialAction":[{"@type":"SearchAction","target":{"@type":"EntryPoint","urlTemplate":"https:\/\/www.guiagratis.com.br\/?s={search_term_string}"},"query-input":{"@type":"PropertyValueSpecification","valueRequired":true,"valueName":"search_term_string"}}],"inLanguage":"pt-BR"},{"@type":"Organization","@id":"https:\/\/www.guiagratis.com.br\/#organization","name":"Guia Gr\u00e1tis - guia de servi\u00e7os gr\u00e1tis","url":"https:\/\/www.guiagratis.com.br\/","logo":{"@type":"ImageObject","inLanguage":"pt-BR","@id":"https:\/\/www.guiagratis.com.br\/#\/schema\/logo\/image\/","url":"https:\/\/www.guiagratis.com.br\/wp-content\/uploads\/2025\/05\/cropped-logo.gif","contentUrl":"https:\/\/www.guiagratis.com.br\/wp-content\/uploads\/2025\/05\/cropped-logo.gif","width":175,"height":88,"caption":"Guia Gr\u00e1tis - guia de servi\u00e7os gr\u00e1tis"},"image":{"@id":"https:\/\/www.guiagratis.com.br\/#\/schema\/logo\/image\/"},"sameAs":["https:\/\/www.facebook.com\/guiagratis","https:\/\/x.com\/siteguiagratis"]}]}},"_links":{"self":[{"href":"https:\/\/www.guiagratis.com.br\/index.php\/wp-json\/wp\/v2\/pages\/3562","targetHints":{"allow":["GET"]}}],"collection":[{"href":"https:\/\/www.guiagratis.com.br\/index.php\/wp-json\/wp\/v2\/pages"}],"about":[{"href":"https:\/\/www.guiagratis.com.br\/index.php\/wp-json\/wp\/v2\/types\/page"}],"author":[{"embeddable":true,"href":"https:\/\/www.guiagratis.com.br\/index.php\/wp-json\/wp\/v2\/users\/2"}],"replies":[{"embeddable":true,"href":"https:\/\/www.guiagratis.com.br\/index.php\/wp-json\/wp\/v2\/comments?post=3562"}],"version-history":[{"count":1,"href":"https:\/\/www.guiagratis.com.br\/index.php\/wp-json\/wp\/v2\/pages\/3562\/revisions"}],"predecessor-version":[{"id":4804,"href":"https:\/\/www.guiagratis.com.br\/index.php\/wp-json\/wp\/v2\/pages\/3562\/revisions\/4804"}],"wp:featuredmedia":[{"embeddable":true,"href":"https:\/\/www.guiagratis.com.br\/index.php\/wp-json\/"}],"wp:attachment":[{"href":"https:\/\/www.guiagratis.com.br\/index.php\/wp-json\/wp\/v2\/media?parent=3562"}],"curies":[{"name":"wp","href":"https:\/\/api.w.org\/{rel}","templated":true}]}}