{"id":756,"date":"2020-06-23T10:00:17","date_gmt":"2020-06-23T13:00:17","guid":{"rendered":"http:\/\/redeguia.com.br\/ggt\/?page_id=756"},"modified":"2025-07-08T22:38:25","modified_gmt":"2025-07-09T01:38:25","slug":"bem-vindo-ao-novo-guia-gratis","status":"publish","type":"page","link":"https:\/\/www.guiagratis.com.br\/","title":{"rendered":"Bem-vindo ao Guia Gr\u00e1tis"},"content":{"rendered":"<h2 style=\"text-align: justify;\"><span style=\"color: #ff6600;\">O guia de servi\u00e7os gr\u00e1tis na Internet brasileira!<\/span><\/h2>\n<p style=\"text-align: justify;\"><strong>Para conferir as \u00faltimas altera\u00e7\u00f5es clique no link &#8220;novidades&#8221;.<\/strong><\/p>\n<p><strong><span style=\"color: #ff0000;\">No ar desde 01\/03\/1999 &#8211; atualizado em 06\/07\/2024<\/span><\/strong><\/p>\n<p style=\"text-align: justify;\">O mais antigo guia de servi\u00e7os gr\u00e1tis da Internet brasileira, s\u00e3o 25 anos de hist\u00f3ria!<\/p>\n<p style=\"text-align: justify;\">A Internet \u00e9 extremamente din\u00e2mica, por isso nosso site est\u00e1 sendo constantemente revisto para refletir essa volatilidade. Conforme a grande rede evolui novas se\u00e7\u00f5es s\u00e3o criadas e outras deixam de existir. Gostar\u00edamos muito de ouvir a sua cr\u00edtica, sugest\u00e3o ou opini\u00e3o! Colabore conosco diga o que acha do site, o que gostaria de encontrar aqui, o deve ser melhorado. N\u00f3s fazemos o site para voc\u00ea, ent\u00e3o sua opini\u00e3o \u00e9 a mais importante.<\/p>\n<p style=\"text-align: justify;\" align=\"center\"><strong><span style=\"color: #cc3300;\">Voc\u00ea conhece algum site de servi\u00e7os gr\u00e1tis que devia estar aqui? Indique!<\/span><\/strong><\/p>\n<p style=\"text-align: justify;\" align=\"center\">Se voc\u00ea conhece ou mant\u00e9m algum site interessante que se encaixa em alguma de nossas se\u00e7\u00f5es, n\u00e3o deixe de indicar para n\u00f3s. Basta clicar no link &#8220;<a href=\"https:\/\/www.guiagratis.com.br\/indicar-um-site\/\"><strong><span style=\"color: #cc3300;\">Indicar um Site<\/span><\/strong><\/a>&#8221; presente em nosso menu superior.<\/p>\n<h2 style=\"text-align: justify;\">Um pouco da hist\u00f3ria do Guia Gr\u00e1tis<\/h2>\n<p style=\"text-align: justify;\">O Guia Gr\u00e1tis foi criado em 01\/03\/1999 como um simples hobby. No in\u00edcio era um site sem dom\u00ednio pr\u00f3prio, hospedado em um host gratuito, sem nenhuma pretens\u00e3o comercial. Era algo feito por simples divers\u00e3o e buscando aprendizado. Com o passar do tempo acabou alcan\u00e7ando na \u00e9poca um grande volume de acessos e tornou-se um dos maiores diret\u00f3rios de servi\u00e7os gratuitos. Era um site inteiramente desenvolvido em HTML est\u00e1tico, atualizado de maneira praticamente artesanal e trabalhosa. Devido a sua pouca tecnologia ele acabou ficando em segundo plano por algum tempo. Em decorr\u00eancia desse abandono tempor\u00e1rio perdeu grande parte dos acessos que tinha outrora.<\/p>\n<p style=\"text-align: justify;\">Em 2014 ganhou uma nova vers\u00e3o, agora inteiramente gerenciada. Deixou de focar apenas servi\u00e7os gratuitos, passando a divulgar sites \u00fateis em geral. Atualmente \u00e9 o mais antigo \u00edndice gr\u00e1tis brasileiro em atividade. A inten\u00e7\u00e3o \u00e9 permanecer ativo por muitos e muitos anos!\u00a0A Internet \u00e9 extremamente din\u00e2mica e um site voltado para esse tema tamb\u00e9m deve ser. Por isso acompanhamos de perto o que est\u00e1 se tornando tend\u00eancia e o que est\u00e1 caindo em desuso.\u00a0Tentamos manter o site sempre sintonizado com as novidades da Internet.<\/p>\n<p><!-- In\u00edcio do c\u00f3digo SmartAd HTML Cursos 24 Horas --><\/p>\n<div align=\"center\"><iframe loading=\"lazy\" src=\"https:\/\/www.cursos24h.com.br\/smartad\/smart2n.asp?h=1&amp;v=4&amp;cf=%23FFFFFF&amp;cp=%23E87400&amp;ct=%231B5B75&amp;ctext=%23808080&amp;p=promocao5275&amp;id=5583&amp;pref=0&amp;logo=1\" width=\"338\" height=\"242\" frameborder=\"0\" marginwidth=\"0\" marginheight=\"0\" scrolling=\"no\"><br \/>\n<\/iframe><a style=\"text-decoration: none;\" href=\"http:\/\/www.cursos24horas.com.br\/parceiro.asp?cod=promocao5275&amp;id=5583\" target=\"_blank\" rel=\"noopener noreferrer\"><br \/>\n<span style=\"color: #1b5b75; font-family: Verdana; font-size: xx-small;\">Cursos Online 24 Horas<\/span><\/a><\/div>\n<p><!-- Fim do c\u00f3digo SmartAd HTML Cursos 24 Horas --><\/p>\n","protected":false},"excerpt":{"rendered":"<p>O guia de servi\u00e7os gr\u00e1tis na Internet brasileira! Para conferir as \u00faltimas altera\u00e7\u00f5es clique no link &#8220;novidades&#8221;. No ar desde 01\/03\/1999 &#8211; atualizado em 06\/07\/2024 O mais antigo guia de servi\u00e7os gr\u00e1tis da Internet brasileira, s\u00e3o 25 anos de hist\u00f3ria! A Internet \u00e9 extremamente din\u00e2mica, por isso nosso site est\u00e1 sendo constantemente revisto para refletir &hellip; <\/p>\n","protected":false},"author":2,"featured_media":0,"parent":0,"menu_order":5,"comment_status":"closed","ping_status":"closed","template":"","meta":{"footnotes":""},"class_list":["post-756","page","type-page","status-publish","hentry","entry"],"yoast_head":"<!-- This site is optimized with the Yoast SEO plugin v27.5 - https:\/\/yoast.com\/product\/yoast-seo-wordpress\/ -->\n<title>Bem-vindo ao Guia Gr\u00e1tis - Guia Gr\u00e1tis - guia de servi\u00e7os gr\u00e1tis<\/title>\n<meta name=\"description\" content=\"Um guia de links para servi\u00e7os gr\u00e1tis na Internet. Sites de fontes, clipart, m\u00eddias sociais, encurtadores de links, hospedagem, ASP, PHP, templates e mais.\" \/>\n<meta name=\"robots\" content=\"index, follow, max-snippet:-1, max-image-preview:large, max-video-preview:-1\" \/>\n<link rel=\"canonical\" href=\"https:\/\/www.guiagratis.com.br\/\" \/>\n<meta property=\"og:locale\" content=\"pt_BR\" \/>\n<meta property=\"og:type\" content=\"article\" \/>\n<meta property=\"og:title\" content=\"Bem-vindo ao Guia Gr\u00e1tis - Guia Gr\u00e1tis - guia de servi\u00e7os gr\u00e1tis\" \/>\n<meta property=\"og:description\" content=\"Um guia de links para servi\u00e7os gr\u00e1tis na Internet. Sites de fontes, clipart, m\u00eddias sociais, encurtadores de links, hospedagem, ASP, PHP, templates e mais.\" \/>\n<meta property=\"og:url\" content=\"https:\/\/www.guiagratis.com.br\/\" \/>\n<meta property=\"og:site_name\" content=\"Guia Gr\u00e1tis - guia de servi\u00e7os gr\u00e1tis\" \/>\n<meta property=\"article:publisher\" content=\"https:\/\/www.facebook.com\/guiagratis\" \/>\n<meta property=\"article:modified_time\" content=\"2025-07-09T01:38:25+00:00\" \/>\n<meta name=\"twitter:card\" content=\"summary_large_image\" \/>\n<meta name=\"twitter:site\" content=\"@siteguiagratis\" \/>\n<meta name=\"twitter:label1\" content=\"Est. tempo de leitura\" \/>\n\t<meta name=\"twitter:data1\" content=\"2 minutos\" \/>\n<script type=\"application\/ld+json\" class=\"yoast-schema-graph\">{\"@context\":\"https:\\\/\\\/schema.org\",\"@graph\":[{\"@type\":\"WebPage\",\"@id\":\"https:\\\/\\\/www.guiagratis.com.br\\\/\",\"url\":\"https:\\\/\\\/www.guiagratis.com.br\\\/\",\"name\":\"Bem-vindo ao Guia Gr\u00e1tis - Guia Gr\u00e1tis - guia de servi\u00e7os gr\u00e1tis\",\"isPartOf\":{\"@id\":\"https:\\\/\\\/www.guiagratis.com.br\\\/#website\"},\"datePublished\":\"2020-06-23T13:00:17+00:00\",\"dateModified\":\"2025-07-09T01:38:25+00:00\",\"description\":\"Um guia de links para servi\u00e7os gr\u00e1tis na Internet. Sites de fontes, clipart, m\u00eddias sociais, encurtadores de links, hospedagem, ASP, PHP, templates e mais.\",\"breadcrumb\":{\"@id\":\"https:\\\/\\\/www.guiagratis.com.br\\\/#breadcrumb\"},\"inLanguage\":\"pt-BR\",\"potentialAction\":[{\"@type\":\"ReadAction\",\"target\":[\"https:\\\/\\\/www.guiagratis.com.br\\\/\"]}]},{\"@type\":\"BreadcrumbList\",\"@id\":\"https:\\\/\\\/www.guiagratis.com.br\\\/#breadcrumb\",\"itemListElement\":[{\"@type\":\"ListItem\",\"position\":1,\"name\":\"In\u00edcio\",\"item\":\"https:\\\/\\\/www.guiagratis.com.br\\\/\"},{\"@type\":\"ListItem\",\"position\":2,\"name\":\"Bem-vindo ao Guia Gr\u00e1tis\"}]},{\"@type\":\"WebSite\",\"@id\":\"https:\\\/\\\/www.guiagratis.com.br\\\/#website\",\"url\":\"https:\\\/\\\/www.guiagratis.com.br\\\/\",\"name\":\"Guia Gr\u00e1tis - guia de servi\u00e7os gr\u00e1tis\",\"description\":\"\",\"publisher\":{\"@id\":\"https:\\\/\\\/www.guiagratis.com.br\\\/#organization\"},\"potentialAction\":[{\"@type\":\"SearchAction\",\"target\":{\"@type\":\"EntryPoint\",\"urlTemplate\":\"https:\\\/\\\/www.guiagratis.com.br\\\/?s={search_term_string}\"},\"query-input\":{\"@type\":\"PropertyValueSpecification\",\"valueRequired\":true,\"valueName\":\"search_term_string\"}}],\"inLanguage\":\"pt-BR\"},{\"@type\":\"Organization\",\"@id\":\"https:\\\/\\\/www.guiagratis.com.br\\\/#organization\",\"name\":\"Guia Gr\u00e1tis - guia de servi\u00e7os gr\u00e1tis\",\"url\":\"https:\\\/\\\/www.guiagratis.com.br\\\/\",\"logo\":{\"@type\":\"ImageObject\",\"inLanguage\":\"pt-BR\",\"@id\":\"https:\\\/\\\/www.guiagratis.com.br\\\/#\\\/schema\\\/logo\\\/image\\\/\",\"url\":\"https:\\\/\\\/www.guiagratis.com.br\\\/wp-content\\\/uploads\\\/2025\\\/05\\\/cropped-logo.gif\",\"contentUrl\":\"https:\\\/\\\/www.guiagratis.com.br\\\/wp-content\\\/uploads\\\/2025\\\/05\\\/cropped-logo.gif\",\"width\":175,\"height\":88,\"caption\":\"Guia Gr\u00e1tis - guia de servi\u00e7os gr\u00e1tis\"},\"image\":{\"@id\":\"https:\\\/\\\/www.guiagratis.com.br\\\/#\\\/schema\\\/logo\\\/image\\\/\"},\"sameAs\":[\"https:\\\/\\\/www.facebook.com\\\/guiagratis\",\"https:\\\/\\\/x.com\\\/siteguiagratis\"]}]}<\/script>\n<!-- \/ Yoast SEO plugin. -->","yoast_head_json":{"title":"Bem-vindo ao Guia Gr\u00e1tis - Guia Gr\u00e1tis - guia de servi\u00e7os gr\u00e1tis","description":"Um guia de links para servi\u00e7os gr\u00e1tis na Internet. Sites de fontes, clipart, m\u00eddias sociais, encurtadores de links, hospedagem, ASP, PHP, templates e mais.","robots":{"index":"index","follow":"follow","max-snippet":"max-snippet:-1","max-image-preview":"max-image-preview:large","max-video-preview":"max-video-preview:-1"},"canonical":"https:\/\/www.guiagratis.com.br\/","og_locale":"pt_BR","og_type":"article","og_title":"Bem-vindo ao Guia Gr\u00e1tis - Guia Gr\u00e1tis - guia de servi\u00e7os gr\u00e1tis","og_description":"Um guia de links para servi\u00e7os gr\u00e1tis na Internet. Sites de fontes, clipart, m\u00eddias sociais, encurtadores de links, hospedagem, ASP, PHP, templates e mais.","og_url":"https:\/\/www.guiagratis.com.br\/","og_site_name":"Guia Gr\u00e1tis - guia de servi\u00e7os gr\u00e1tis","article_publisher":"https:\/\/www.facebook.com\/guiagratis","article_modified_time":"2025-07-09T01:38:25+00:00","twitter_card":"summary_large_image","twitter_site":"@siteguiagratis","twitter_misc":{"Est. tempo de leitura":"2 minutos"},"schema":{"@context":"https:\/\/schema.org","@graph":[{"@type":"WebPage","@id":"https:\/\/www.guiagratis.com.br\/","url":"https:\/\/www.guiagratis.com.br\/","name":"Bem-vindo ao Guia Gr\u00e1tis - Guia Gr\u00e1tis - guia de servi\u00e7os gr\u00e1tis","isPartOf":{"@id":"https:\/\/www.guiagratis.com.br\/#website"},"datePublished":"2020-06-23T13:00:17+00:00","dateModified":"2025-07-09T01:38:25+00:00","description":"Um guia de links para servi\u00e7os gr\u00e1tis na Internet. Sites de fontes, clipart, m\u00eddias sociais, encurtadores de links, hospedagem, ASP, PHP, templates e mais.","breadcrumb":{"@id":"https:\/\/www.guiagratis.com.br\/#breadcrumb"},"inLanguage":"pt-BR","potentialAction":[{"@type":"ReadAction","target":["https:\/\/www.guiagratis.com.br\/"]}]},{"@type":"BreadcrumbList","@id":"https:\/\/www.guiagratis.com.br\/#breadcrumb","itemListElement":[{"@type":"ListItem","position":1,"name":"In\u00edcio","item":"https:\/\/www.guiagratis.com.br\/"},{"@type":"ListItem","position":2,"name":"Bem-vindo ao Guia Gr\u00e1tis"}]},{"@type":"WebSite","@id":"https:\/\/www.guiagratis.com.br\/#website","url":"https:\/\/www.guiagratis.com.br\/","name":"Guia Gr\u00e1tis - guia de servi\u00e7os gr\u00e1tis","description":"","publisher":{"@id":"https:\/\/www.guiagratis.com.br\/#organization"},"potentialAction":[{"@type":"SearchAction","target":{"@type":"EntryPoint","urlTemplate":"https:\/\/www.guiagratis.com.br\/?s={search_term_string}"},"query-input":{"@type":"PropertyValueSpecification","valueRequired":true,"valueName":"search_term_string"}}],"inLanguage":"pt-BR"},{"@type":"Organization","@id":"https:\/\/www.guiagratis.com.br\/#organization","name":"Guia Gr\u00e1tis - guia de servi\u00e7os gr\u00e1tis","url":"https:\/\/www.guiagratis.com.br\/","logo":{"@type":"ImageObject","inLanguage":"pt-BR","@id":"https:\/\/www.guiagratis.com.br\/#\/schema\/logo\/image\/","url":"https:\/\/www.guiagratis.com.br\/wp-content\/uploads\/2025\/05\/cropped-logo.gif","contentUrl":"https:\/\/www.guiagratis.com.br\/wp-content\/uploads\/2025\/05\/cropped-logo.gif","width":175,"height":88,"caption":"Guia Gr\u00e1tis - guia de servi\u00e7os gr\u00e1tis"},"image":{"@id":"https:\/\/www.guiagratis.com.br\/#\/schema\/logo\/image\/"},"sameAs":["https:\/\/www.facebook.com\/guiagratis","https:\/\/x.com\/siteguiagratis"]}]}},"_links":{"self":[{"href":"https:\/\/www.guiagratis.com.br\/index.php\/wp-json\/wp\/v2\/pages\/756","targetHints":{"allow":["GET"]}}],"collection":[{"href":"https:\/\/www.guiagratis.com.br\/index.php\/wp-json\/wp\/v2\/pages"}],"about":[{"href":"https:\/\/www.guiagratis.com.br\/index.php\/wp-json\/wp\/v2\/types\/page"}],"author":[{"embeddable":true,"href":"https:\/\/www.guiagratis.com.br\/index.php\/wp-json\/wp\/v2\/users\/2"}],"replies":[{"embeddable":true,"href":"https:\/\/www.guiagratis.com.br\/index.php\/wp-json\/wp\/v2\/comments?post=756"}],"version-history":[{"count":1,"href":"https:\/\/www.guiagratis.com.br\/index.php\/wp-json\/wp\/v2\/pages\/756\/revisions"}],"predecessor-version":[{"id":4801,"href":"https:\/\/www.guiagratis.com.br\/index.php\/wp-json\/wp\/v2\/pages\/756\/revisions\/4801"}],"wp:attachment":[{"href":"https:\/\/www.guiagratis.com.br\/index.php\/wp-json\/wp\/v2\/media?parent=756"}],"curies":[{"name":"wp","href":"https:\/\/api.w.org\/{rel}","templated":true}]}}